[INFO] cloning repository https://github.com/chrenderle/car-system
[INFO] running `Command { std: "git" "-c" "credential.helper=" "-c" "credential.helper=/workspace/cargo-home/bin/git-credential-null" "clone" "--bare" "https://github.com/chrenderle/car-system" "/workspace/cache/git-repos/https%3A%2F%2Fgithub.com%2Fchrenderle%2Fcar-system", kill_on_drop: false }`
[INFO] [stderr] Cloning into bare repository '/workspace/cache/git-repos/https%3A%2F%2Fgithub.com%2Fchrenderle%2Fcar-system'...
[INFO] running `Command { std: "git" "rev-parse" "HEAD", kill_on_drop: false }`
[INFO] [stdout] 9feb977df632f81aa300e6f1795a6091a1ad52fa
[INFO] checking chrenderle/car-system against master#e6e4f7ed1589e03bc2f6c5931c1a72e7947e8682 for beta-170-4
[INFO] running `Command { std: "git" "clone" "/workspace/cache/git-repos/https%3A%2F%2Fgithub.com%2Fchrenderle%2Fcar-system" "/workspace/builds/worker-0-tc2/source", kill_on_drop: false }`
[INFO] [stderr] Cloning into '/workspace/builds/worker-0-tc2/source'...
[INFO] [stderr] done.
[INFO] validating manifest of git repo https://github.com/chrenderle/car-system on toolchain e6e4f7ed1589e03bc2f6c5931c1a72e7947e8682
[INFO] running `Command { std: CARGO_HOME="/workspace/cargo-home" RUSTUP_HOME="/workspace/rustup-home" "/workspace/cargo-home/bin/cargo" "+e6e4f7ed1589e03bc2f6c5931c1a72e7947e8682" "metadata" "--manifest-path" "Cargo.toml" "--no-deps", kill_on_drop: false }`
[INFO] removed /workspace/builds/worker-0-tc2/source/.cargo/config.toml
[INFO] removed /workspace/builds/worker-0-tc2/source/rust-toolchain.toml
[INFO] started tweaking git repo https://github.com/chrenderle/car-system
[INFO] finished tweaking git repo https://github.com/chrenderle/car-system
[INFO] tweaked toml for git repo https://github.com/chrenderle/car-system written to /workspace/builds/worker-0-tc2/source/Cargo.toml
[INFO] crate git repo https://github.com/chrenderle/car-system already has a lockfile, it will not be regenerated
[INFO] running `Command { std: CARGO_HOME="/workspace/cargo-home" RUSTUP_HOME="/workspace/rustup-home" "/workspace/cargo-home/bin/cargo" "+e6e4f7ed1589e03bc2f6c5931c1a72e7947e8682" "fetch" "--manifest-path" "Cargo.toml", kill_on_drop: false }`
[INFO] running `Command { std: "docker" "create" "-v" "/var/lib/crater-agent-workspace/builds/worker-0-tc2/target:/opt/rustwide/target:rw,Z" "-v" "/var/lib/crater-agent-workspace/builds/worker-0-tc2/source:/opt/rustwide/workdir:ro,Z" "-v" "/var/lib/crater-agent-workspace/cargo-home:/opt/rustwide/cargo-home:ro,Z" "-v" "/var/lib/crater-agent-workspace/rustup-home:/opt/rustwide/rustup-home:ro,Z" "-e" "SOURCE_DIR=/opt/rustwide/workdir" "-e" "CARGO_TARGET_DIR=/opt/rustwide/target" "-e" "CARGO_HOME=/opt/rustwide/cargo-home" "-e" "RUSTUP_HOME=/opt/rustwide/rustup-home" "-w" "/opt/rustwide/workdir" "-m" "1610612736" "--user" "0:0" "--network" "none" "ghcr.io/rust-lang/crates-build-env/linux@sha256:19e73879b68f455e41552ea35293514db52ea292d993f571636dbffedb77a1ee" "/opt/rustwide/cargo-home/bin/cargo" "+e6e4f7ed1589e03bc2f6c5931c1a72e7947e8682" "metadata" "--no-deps" "--format-version=1", kill_on_drop: false }`
[INFO] [stdout] 8a3188998fdb54da71b4b4b93b7065dd486904c4e1c0c7f0992bd12242c80cdc
[INFO] running `Command { std: "docker" "start" "-a" "8a3188998fdb54da71b4b4b93b7065dd486904c4e1c0c7f0992bd12242c80cdc", kill_on_drop: false }`
[INFO] running `Command { std: "docker" "inspect" "8a3188998fdb54da71b4b4b93b7065dd486904c4e1c0c7f0992bd12242c80cdc", kill_on_drop: false }`
[INFO] running `Command { std: "docker" "rm" "-f" "8a3188998fdb54da71b4b4b93b7065dd486904c4e1c0c7f0992bd12242c80cdc", kill_on_drop: false }`
[INFO] [stdout] 8a3188998fdb54da71b4b4b93b7065dd486904c4e1c0c7f0992bd12242c80cdc
[INFO] running `Command { std: "docker" "create" "-v" "/var/lib/crater-agent-workspace/builds/worker-0-tc2/target:/opt/rustwide/target:rw,Z" "-v" "/var/lib/crater-agent-workspace/builds/worker-0-tc2/source:/opt/rustwide/workdir:ro,Z" "-v" "/var/lib/crater-agent-workspace/cargo-home:/opt/rustwide/cargo-home:ro,Z" "-v" "/var/lib/crater-agent-workspace/rustup-home:/opt/rustwide/rustup-home:ro,Z" "-e" "SOURCE_DIR=/opt/rustwide/workdir" "-e" "CARGO_TARGET_DIR=/opt/rustwide/target" "-e" "CARGO_INCREMENTAL=0" "-e" "RUST_BACKTRACE=full" "-e" "RUSTFLAGS=--cap-lints=forbid" "-e" "RUSTDOCFLAGS=--cap-lints=forbid" "-e" "CARGO_HOME=/opt/rustwide/cargo-home" "-e" "RUSTUP_HOME=/opt/rustwide/rustup-home" "-w" "/opt/rustwide/workdir" "-m" "1610612736" "--user" "0:0" "--network" "none" "ghcr.io/rust-lang/crates-build-env/linux@sha256:19e73879b68f455e41552ea35293514db52ea292d993f571636dbffedb77a1ee" "/opt/rustwide/cargo-home/bin/cargo" "+e6e4f7ed1589e03bc2f6c5931c1a72e7947e8682" "check" "--frozen" "--all" "--all-targets" "--message-format=json", kill_on_drop: false }`
[INFO] [stdout] 738e87ed7b27d9955ea692fa3d2cb49165ca1f10159e104c313166a5e3756023
[INFO] running `Command { std: "docker" "start" "-a" "738e87ed7b27d9955ea692fa3d2cb49165ca1f10159e104c313166a5e3756023", kill_on_drop: false }`
[INFO] [stderr]    Compiling proc-macro2 v1.0.38
[INFO] [stderr]    Compiling rustversion v1.0.6
[INFO] [stderr]    Compiling unicode-xid v0.2.3
[INFO] [stderr]    Compiling syn v1.0.94
[INFO] [stderr]    Compiling proc-macro-hack v0.5.19
[INFO] [stderr]     Checking nb v1.0.0
[INFO] [stderr]     Checking vcell v0.1.3
[INFO] [stderr]     Checking cfg-if v0.1.10
[INFO] [stderr]     Checking ufmt-write v0.1.0
[INFO] [stderr]     Checking void v1.0.2
[INFO] [stderr]    Compiling paste v1.0.7
[INFO] [stderr]     Checking cfg-if v1.0.0
[INFO] [stderr]    Compiling bare-metal v0.2.5
[INFO] [stderr]     Checking nb v0.1.3
[INFO] [stderr]     Checking embedded-hal v0.2.7
[INFO] [stderr]    Compiling quote v1.0.18
[INFO] [stderr]    Compiling avr-device v0.3.3
[INFO] [stderr]    Compiling avr-hal-generic v0.1.0 (https://github.com/rahix/avr-hal?rev=d0d2f243bd3e10b49f6a78d44839a6caa8be7d43#d0d2f243)
[INFO] [stderr]    Compiling avr-device-macros v0.3.3
[INFO] [stderr]    Compiling ufmt-macros v0.1.1
[INFO] [stderr]     Checking ufmt v0.1.0
[INFO] [stderr]     Checking atmega-hal v0.1.0 (https://github.com/rahix/avr-hal?rev=d0d2f243bd3e10b49f6a78d44839a6caa8be7d43#d0d2f243)
[INFO] [stderr]     Checking arduino-hal v0.1.0 (https://github.com/rahix/avr-hal?rev=d0d2f243bd3e10b49f6a78d44839a6caa8be7d43#d0d2f243)
[INFO] [stderr]     Checking car-system v0.1.0 (/opt/rustwide/workdir)
[INFO] [stdout] error[E0583]: file not found for module `section`
[INFO] [stdout]   --> examples/intersection.rs:11:1
[INFO] [stdout]    |
[INFO] [stdout] 11 | mod section;
[INFO] [stdout]    | ^^^^^^^^^^^^
[INFO] [stdout]    |
[INFO] [stdout]    = help: to create the module `section`, create file "examples/intersection/section.rs" or "examples/intersection/section/mod.rs"
[INFO] [stdout] 
[INFO] [stdout] 
[INFO] [stdout] error[E0583]: file not found for module `section`
[INFO] [stdout]   --> examples/intersection.rs:11:1
[INFO] [stdout]    |
[INFO] [stdout] 11 | mod section;
[INFO] [stdout]    | ^^^^^^^^^^^^
[INFO] [stdout]    |
[INFO] [stdout]    = help: to create the module `section`, create file "examples/section.rs" or "examples/section/mod.rs"
[INFO] [stdout] 
[INFO] [stdout] 
[INFO] [stdout] error[E0583]: file not found for module `stopper`
[INFO] [stdout]   --> examples/intersection.rs:12:1
[INFO] [stdout]    |
[INFO] [stdout] 12 | mod stopper;
[INFO] [stdout]    | ^^^^^^^^^^^^
[INFO] [stdout]    |
[INFO] [stdout]    = help: to create the module `stopper`, create file "examples/intersection/stopper.rs" or "examples/intersection/stopper/mod.rs"
[INFO] [stdout] 
[INFO] [stdout] 
[INFO] [stdout] error[E0583]: file not found for module `sensor`
[INFO] [stdout]   --> examples/intersection.rs:13:1
[INFO] [stdout]    |
[INFO] [stdout] 13 | mod sensor;
[INFO] [stdout]    | ^^^^^^^^^^^
[INFO] [stdout]    |
[INFO] [stdout]    = help: to create the module `sensor`, create file "examples/intersection/sensor.rs" or "examples/intersection/sensor/mod.rs"
[INFO] [stdout] 
[INFO] [stdout] 
[INFO] [stdout] error[E0583]: file not found for module `servo`
[INFO] [stdout]   --> examples/intersection.rs:14:1
[INFO] [stdout]    |
[INFO] [stdout] 14 | mod servo;
[INFO] [stdout]    | ^^^^^^^^^^
[INFO] [stdout]    |
[INFO] [stdout]    = help: to create the module `servo`, create file "examples/intersection/servo.rs" or "examples/intersection/servo/mod.rs"
[INFO] [stdout] 
[INFO] [stdout] 
[INFO] [stdout] error[E0583]: file not found for module `intersection`
[INFO] [stdout]   --> examples/intersection.rs:15:1
[INFO] [stdout]    |
[INFO] [stdout] 15 | mod intersection;
[INFO] [stdout]    | ^^^^^^^^^^^^^^^^^
[INFO] [stdout]    |
[INFO] [stdout]    = help: to create the module `intersection`, create file "examples/intersection/intersection.rs" or "examples/intersection/intersection/mod.rs"
[INFO] [stdout] 
[INFO] [stdout] 
[INFO] [stdout] error[E0583]: file not found for module `stopper`
[INFO] [stdout]   --> examples/intersection.rs:12:1
[INFO] [stdout]    |
[INFO] [stdout] 12 | mod stopper;
[INFO] [stdout]    | ^^^^^^^^^^^^
[INFO] [stdout]    |
[INFO] [stdout]    = help: to create the module `stopper`, create file "examples/stopper.rs" or "examples/stopper/mod.rs"
[INFO] [stdout] 
[INFO] [stdout] 
[INFO] [stdout] error[E0583]: file not found for module `sensor`
[INFO] [stdout]   --> examples/intersection.rs:13:1
[INFO] [stdout]    |
[INFO] [stdout] 13 | mod sensor;
[INFO] [stdout]    | ^^^^^^^^^^^
[INFO] [stdout]    |
[INFO] [stdout]    = help: to create the module `sensor`, create file "examples/sensor.rs" or "examples/sensor/mod.rs"
[INFO] [stdout] 
[INFO] [stdout] 
[INFO] [stdout] error[E0583]: file not found for module `lights`
[INFO] [stdout]   --> examples/intersection.rs:16:1
[INFO] [stdout]    |
[INFO] [stdout] 16 | mod lights;
[INFO] [stdout]    | ^^^^^^^^^^^
[INFO] [stdout]    |
[INFO] [stdout]    = help: to create the module `lights`, create file "examples/intersection/lights.rs" or "examples/intersection/lights/mod.rs"
[INFO] [stdout] 
[INFO] [stdout] 
[INFO] [stdout] error[E0583]: file not found for module `section`
[INFO] [stdout]  --> examples/servo.rs:9:1
[INFO] [stdout]   |
[INFO] [stdout] 9 | mod section;
[INFO] [stdout]   | ^^^^^^^^^^^^
[INFO] [stdout]   |
[INFO] [stdout]   = help: to create the module `section`, create file "examples/servo/section.rs" or "examples/servo/section/mod.rs"
[INFO] [stdout] 
[INFO] [stdout] 
[INFO] [stdout] error[E0583]: file not found for module `stopper`
[INFO] [stdout]   --> examples/servo.rs:10:1
[INFO] [stdout]    |
[INFO] [stdout] 10 | mod stopper;
[INFO] [stdout]    | ^^^^^^^^^^^^
[INFO] [stdout]    |
[INFO] [stdout]    = help: to create the module `stopper`, create file "examples/servo/stopper.rs" or "examples/servo/stopper/mod.rs"
[INFO] [stdout] 
[INFO] [stdout] 
[INFO] [stdout] error[E0583]: file not found for module `sensor`
[INFO] [stdout]   --> examples/servo.rs:11:1
[INFO] [stdout]    |
[INFO] [stdout] 11 | mod sensor;
[INFO] [stdout]    | ^^^^^^^^^^^
[INFO] [stdout]    |
[INFO] [stdout]    = help: to create the module `sensor`, create file "examples/servo/sensor.rs" or "examples/servo/sensor/mod.rs"
[INFO] [stdout] 
[INFO] [stdout] 
[INFO] [stdout] error[E0583]: file not found for module `time`
[INFO] [stdout]   --> examples/intersection.rs:17:1
[INFO] [stdout]    |
[INFO] [stdout] 17 | mod time;
[INFO] [stdout]    | ^^^^^^^^^
[INFO] [stdout]    |
[INFO] [stdout]    = help: to create the module `time`, create file "examples/intersection/time.rs" or "examples/intersection/time/mod.rs"
[INFO] [stdout] 
[INFO] [stdout] 
[INFO] [stdout] error[E0583]: file not found for module `servo`
[INFO] [stdout]   --> examples/servo.rs:12:1
[INFO] [stdout]    |
[INFO] [stdout] 12 | mod servo;
[INFO] [stdout]    | ^^^^^^^^^^
[INFO] [stdout]    |
[INFO] [stdout]    = help: to create the module `servo`, create file "examples/servo/servo.rs" or "examples/servo/servo/mod.rs"
[INFO] [stdout] 
[INFO] [stdout] 
[INFO] [stdout] error[E0583]: file not found for module `intersection`
[INFO] [stdout]   --> examples/servo.rs:13:1
[INFO] [stdout]    |
[INFO] [stdout] 13 | mod intersection;
[INFO] [stdout]    | ^^^^^^^^^^^^^^^^^
[INFO] [stdout]    |
[INFO] [stdout]    = help: to create the module `intersection`, create file "examples/servo/intersection.rs" or "examples/servo/intersection/mod.rs"
[INFO] [stdout] 
[INFO] [stdout] 
[INFO] [stdout] error[E0583]: file not found for module `servo_caller`
[INFO] [stdout]   --> examples/intersection.rs:18:1
[INFO] [stdout]    |
[INFO] [stdout] 18 | mod servo_caller;
[INFO] [stdout]    | ^^^^^^^^^^^^^^^^^
[INFO] [stdout]    |
[INFO] [stdout]    = help: to create the module `servo_caller`, create file "examples/intersection/servo_caller.rs" or "examples/intersection/servo_caller/mod.rs"
[INFO] [stdout] 
[INFO] [stdout] 
[INFO] [stdout] error[E0583]: file not found for module `lights`
[INFO] [stdout]   --> examples/servo.rs:14:1
[INFO] [stdout]    |
[INFO] [stdout] 14 | mod lights;
[INFO] [stdout]    | ^^^^^^^^^^^
[INFO] [stdout]    |
[INFO] [stdout]    = help: to create the module `lights`, create file "examples/servo/lights.rs" or "examples/servo/lights/mod.rs"
[INFO] [stdout] 
[INFO] [stdout] 
[INFO] [stdout] error[E0583]: file not found for module `sensor_caller`
[INFO] [stdout]   --> examples/intersection.rs:19:1
[INFO] [stdout]    |
[INFO] [stdout] 19 | mod sensor_caller;
[INFO] [stdout]    | ^^^^^^^^^^^^^^^^^^
[INFO] [stdout]    |
[INFO] [stdout]    = help: to create the module `sensor_caller`, create file "examples/intersection/sensor_caller.rs" or "examples/intersection/sensor_caller/mod.rs"
[INFO] [stdout] 
[INFO] [stdout] 
[INFO] [stdout] error[E0583]: file not found for module `time`
[INFO] [stdout]   --> examples/servo.rs:15:1
[INFO] [stdout]    |
[INFO] [stdout] 15 | mod time;
[INFO] [stdout]    | ^^^^^^^^^
[INFO] [stdout]    |
[INFO] [stdout]    = help: to create the module `time`, create file "examples/servo/time.rs" or "examples/servo/time/mod.rs"
[INFO] [stdout] 
[INFO] [stdout] 
[INFO] [stdout] error[E0583]: file not found for module `servo_caller`
[INFO] [stdout]   --> examples/servo.rs:16:1
[INFO] [stdout]    |
[INFO] [stdout] 16 | mod servo_caller;
[INFO] [stdout]    | ^^^^^^^^^^^^^^^^^
[INFO] [stdout]    |
[INFO] [stdout]    = help: to create the module `servo_caller`, create file "examples/servo/servo_caller.rs" or "examples/servo/servo_caller/mod.rs"
[INFO] [stdout] 
[INFO] [stdout] 
[INFO] [stdout] error[E0583]: file not found for module `lights`
[INFO] [stdout]  --> examples/servo3.rs:9:1
[INFO] [stdout]   |
[INFO] [stdout] 9 | mod lights;
[INFO] [stdout]   | ^^^^^^^^^^^
[INFO] [stdout]   |
[INFO] [stdout]   = help: to create the module `lights`, create file "examples/lights.rs" or "examples/lights/mod.rs"
[INFO] [stdout] 
[INFO] [stdout] 
[INFO] [stdout] error: circular modules: examples/intersection.rs -> examples/intersection.rs
[INFO] [stdout]   --> examples/intersection.rs:15:1
[INFO] [stdout]    |
[INFO] [stdout] 15 | mod intersection;
[INFO] [stdout]    | ^^^^^^^^^^^^^^^^^
[INFO] [stdout] 
[INFO] [stdout] 
[INFO] [stdout] error[E0583]: file not found for module `lights`
[INFO] [stdout]   --> examples/intersection.rs:16:1
[INFO] [stdout]    |
[INFO] [stdout] 16 | mod lights;
[INFO] [stdout]    | ^^^^^^^^^^^
[INFO] [stdout]    |
[INFO] [stdout]    = help: to create the module `lights`, create file "examples/lights.rs" or "examples/lights/mod.rs"
[INFO] [stdout] 
[INFO] [stdout] 
[INFO] [stdout] error[E0583]: file not found for module `time`
[INFO] [stdout]   --> examples/intersection.rs:17:1
[INFO] [stdout]    |
[INFO] [stdout] 17 | mod time;
[INFO] [stdout]    | ^^^^^^^^^
[INFO] [stdout]    |
[INFO] [stdout]    = help: to create the module `time`, create file "examples/time.rs" or "examples/time/mod.rs"
[INFO] [stdout] 
[INFO] [stdout] 
[INFO] [stdout] error[E0583]: file not found for module `section`
[INFO] [stdout]   --> examples/servo3.rs:10:1
[INFO] [stdout]    |
[INFO] [stdout] 10 | mod section;
[INFO] [stdout]    | ^^^^^^^^^^^^
[INFO] [stdout]    |
[INFO] [stdout]    = help: to create the module `section`, create file "examples/section.rs" or "examples/section/mod.rs"
[INFO] [stdout] 
[INFO] [stdout] 
[INFO] [stdout] error[E0583]: file not found for module `servo_caller`
[INFO] [stdout]   --> examples/intersection.rs:18:1
[INFO] [stdout]    |
[INFO] [stdout] 18 | mod servo_caller;
[INFO] [stdout]    | ^^^^^^^^^^^^^^^^^
[INFO] [stdout]    |
[INFO] [stdout]    = help: to create the module `servo_caller`, create file "examples/servo_caller.rs" or "examples/servo_caller/mod.rs"
[INFO] [stdout] 
[INFO] [stdout] 
[INFO] [stdout] error[E0583]: file not found for module `sensor_caller`
[INFO] [stdout]   --> examples/intersection.rs:19:1
[INFO] [stdout]    |
[INFO] [stdout] 19 | mod sensor_caller;
[INFO] [stdout]    | ^^^^^^^^^^^^^^^^^^
[INFO] [stdout]    |
[INFO] [stdout]    = help: to create the module `sensor_caller`, create file "examples/sensor_caller.rs" or "examples/sensor_caller/mod.rs"
[INFO] [stdout] 
[INFO] [stdout] 
[INFO] [stdout] error[E0583]: file not found for module `sensor`
[INFO] [stdout]   --> examples/servo3.rs:11:1
[INFO] [stdout]    |
[INFO] [stdout] 11 | mod sensor;
[INFO] [stdout]    | ^^^^^^^^^^^
[INFO] [stdout]    |
[INFO] [stdout]    = help: to create the module `sensor`, create file "examples/sensor.rs" or "examples/sensor/mod.rs"
[INFO] [stdout] 
[INFO] [stdout] 
[INFO] [stdout] error[E0583]: file not found for module `sensor_caller`
[INFO] [stdout]   --> examples/servo3.rs:12:1
[INFO] [stdout]    |
[INFO] [stdout] 12 | mod sensor_caller;
[INFO] [stdout]    | ^^^^^^^^^^^^^^^^^^
[INFO] [stdout]    |
[INFO] [stdout]    = help: to create the module `sensor_caller`, create file "examples/sensor_caller.rs" or "examples/sensor_caller/mod.rs"
[INFO] [stdout] 
[INFO] [stdout] 
[INFO] [stdout] error[E0583]: file not found for module `section`
[INFO] [stdout]  --> examples/servo.rs:9:1
[INFO] [stdout]   |
[INFO] [stdout] 9 | mod section;
[INFO] [stdout]   | ^^^^^^^^^^^^
[INFO] [stdout]   |
[INFO] [stdout]   = help: to create the module `section`, create file "examples/servo/section.rs" or "examples/servo/section/mod.rs"
[INFO] [stdout] 
[INFO] [stdout] 
[INFO] [stdout] error[E0583]: file not found for module `stopper`
[INFO] [stdout]   --> examples/servo.rs:10:1
[INFO] [stdout]    |
[INFO] [stdout] 10 | mod stopper;
[INFO] [stdout]    | ^^^^^^^^^^^^
[INFO] [stdout]    |
[INFO] [stdout]    = help: to create the module `stopper`, create file "examples/servo/stopper.rs" or "examples/servo/stopper/mod.rs"
[INFO] [stdout] 
[INFO] [stdout] 
[INFO] [stdout] error[E0583]: file not found for module `sensor`
[INFO] [stdout]   --> examples/servo.rs:11:1
[INFO] [stdout]    |
[INFO] [stdout] 11 | mod sensor;
[INFO] [stdout]    | ^^^^^^^^^^^
[INFO] [stdout]    |
[INFO] [stdout]    = help: to create the module `sensor`, create file "examples/servo/sensor.rs" or "examples/servo/sensor/mod.rs"
[INFO] [stdout] 
[INFO] [stdout] 
[INFO] [stdout] error[E0583]: file not found for module `section`
[INFO] [stdout]  --> examples/single_section.rs:8:1
[INFO] [stdout]   |
[INFO] [stdout] 8 | mod section;
[INFO] [stdout]   | ^^^^^^^^^^^^
[INFO] [stdout]   |
[INFO] [stdout]   = help: to create the module `section`, create file "examples/section.rs" or "examples/section/mod.rs"
[INFO] [stdout] 
[INFO] [stdout] 
[INFO] [stdout] error[E0583]: file not found for module `section`
[INFO] [stdout]   --> examples/intersection.rs:11:1
[INFO] [stdout]    |
[INFO] [stdout] 11 | mod section;
[INFO] [stdout]    | ^^^^^^^^^^^^
[INFO] [stdout]    |
[INFO] [stdout]    = help: to create the module `section`, create file "examples/intersection/section.rs" or "examples/intersection/section/mod.rs"
[INFO] [stdout] 
[INFO] [stdout] 
[INFO] [stdout] error[E0583]: file not found for module `section`
[INFO] [stdout]  --> examples/servo.rs:9:1
[INFO] [stdout]   |
[INFO] [stdout] 9 | mod section;
[INFO] [stdout]   | ^^^^^^^^^^^^
[INFO] [stdout]   |
[INFO] [stdout]   = help: to create the module `section`, create file "examples/section.rs" or "examples/section/mod.rs"
[INFO] [stdout] 
[INFO] [stdout] 
[INFO] [stdout] error[E0583]: file not found for module `servo`
[INFO] [stdout]   --> examples/servo.rs:12:1
[INFO] [stdout]    |
[INFO] [stdout] 12 | mod servo;
[INFO] [stdout]    | ^^^^^^^^^^
[INFO] [stdout]    |
[INFO] [stdout]    = help: to create the module `servo`, create file "examples/servo/servo.rs" or "examples/servo/servo/mod.rs"
[INFO] [stdout] 
[INFO] [stdout] 
[INFO] [stdout] error[E0583]: file not found for module `intersection`
[INFO] [stdout]   --> examples/servo.rs:13:1
[INFO] [stdout]    |
[INFO] [stdout] 13 | mod intersection;
[INFO] [stdout]    | ^^^^^^^^^^^^^^^^^
[INFO] [stdout]    |
[INFO] [stdout]    = help: to create the module `intersection`, create file "examples/servo/intersection.rs" or "examples/servo/intersection/mod.rs"
[INFO] [stdout] 
[INFO] [stdout] 
[INFO] [stdout] error[E0583]: file not found for module `stopper`
[INFO] [stdout]  --> examples/single_section.rs:9:1
[INFO] [stdout]   |
[INFO] [stdout] 9 | mod stopper;
[INFO] [stdout]   | ^^^^^^^^^^^^
[INFO] [stdout]   |
[INFO] [stdout]   = help: to create the module `stopper`, create file "examples/stopper.rs" or "examples/stopper/mod.rs"
[INFO] [stdout] 
[INFO] [stdout] 
[INFO] [stdout] error[E0583]: file not found for module `stopper`
[INFO] [stdout]   --> examples/servo.rs:10:1
[INFO] [stdout]    |
[INFO] [stdout] 10 | mod stopper;
[INFO] [stdout]    | ^^^^^^^^^^^^
[INFO] [stdout]    |
[INFO] [stdout]    = help: to create the module `stopper`, create file "examples/stopper.rs" or "examples/stopper/mod.rs"
[INFO] [stdout] 
[INFO] [stdout] 
[INFO] [stdout] error[E0583]: file not found for module `lights`
[INFO] [stdout]   --> examples/servo.rs:14:1
[INFO] [stdout]    |
[INFO] [stdout] 14 | mod lights;
[INFO] [stdout]    | ^^^^^^^^^^^
[INFO] [stdout]    |
[INFO] [stdout]    = help: to create the module `lights`, create file "examples/servo/lights.rs" or "examples/servo/lights/mod.rs"
[INFO] [stdout] 
[INFO] [stdout] 
[INFO] [stdout] error[E0583]: file not found for module `stopper`
[INFO] [stdout]   --> examples/intersection.rs:12:1
[INFO] [stdout]    |
[INFO] [stdout] 12 | mod stopper;
[INFO] [stdout]    | ^^^^^^^^^^^^
[INFO] [stdout]    |
[INFO] [stdout]    = help: to create the module `stopper`, create file "examples/intersection/stopper.rs" or "examples/intersection/stopper/mod.rs"
[INFO] [stdout] 
[INFO] [stdout] 
[INFO] [stdout] error[E0583]: file not found for module `sensor`
[INFO] [stdout]   --> examples/single_section.rs:10:1
[INFO] [stdout]    |
[INFO] [stdout] 10 | mod sensor;
[INFO] [stdout]    | ^^^^^^^^^^^
[INFO] [stdout]    |
[INFO] [stdout]    = help: to create the module `sensor`, create file "examples/sensor.rs" or "examples/sensor/mod.rs"
[INFO] [stdout] 
[INFO] [stdout] 
[INFO] [stdout] error[E0583]: file not found for module `time`
[INFO] [stdout]   --> examples/servo.rs:15:1
[INFO] [stdout]    |
[INFO] [stdout] 15 | mod time;
[INFO] [stdout]    | ^^^^^^^^^
[INFO] [stdout]    |
[INFO] [stdout]    = help: to create the module `time`, create file "examples/servo/time.rs" or "examples/servo/time/mod.rs"
[INFO] [stdout] 
[INFO] [stdout] 
[INFO] [stdout] error[E0583]: file not found for module `sensor`
[INFO] [stdout]   --> examples/servo.rs:11:1
[INFO] [stdout]    |
[INFO] [stdout] 11 | mod sensor;
[INFO] [stdout]    | ^^^^^^^^^^^
[INFO] [stdout]    |
[INFO] [stdout]    = help: to create the module `sensor`, create file "examples/sensor.rs" or "examples/sensor/mod.rs"
[INFO] [stdout] 
[INFO] [stdout] 
[INFO] [stdout] error[E0583]: file not found for module `sensor`
[INFO] [stdout]   --> examples/intersection.rs:13:1
[INFO] [stdout]    |
[INFO] [stdout] 13 | mod sensor;
[INFO] [stdout]    | ^^^^^^^^^^^
[INFO] [stdout]    |
[INFO] [stdout]    = help: to create the module `sensor`, create file "examples/intersection/sensor.rs" or "examples/intersection/sensor/mod.rs"
[INFO] [stdout] 
[INFO] [stdout] 
[INFO] [stdout] error[E0583]: file not found for module `time`
[INFO] [stdout]   --> examples/single_section.rs:11:1
[INFO] [stdout]    |
[INFO] [stdout] 11 | mod time;
[INFO] [stdout]    | ^^^^^^^^^
[INFO] [stdout]    |
[INFO] [stdout]    = help: to create the module `time`, create file "examples/time.rs" or "examples/time/mod.rs"
[INFO] [stdout] 
[INFO] [stdout] 
[INFO] [stdout] error: circular modules: examples/servo.rs -> examples/servo.rs
[INFO] [stdout]   --> examples/servo.rs:12:1
[INFO] [stdout]    |
[INFO] [stdout] 12 | mod servo;
[INFO] [stdout]    | ^^^^^^^^^^
[INFO] [stdout] 
[INFO] [stdout] 
[INFO] [stdout] error[E0583]: file not found for module `servo_caller`
[INFO] [stdout]   --> examples/servo.rs:16:1
[INFO] [stdout]    |
[INFO] [stdout] 16 | mod servo_caller;
[INFO] [stdout]    | ^^^^^^^^^^^^^^^^^
[INFO] [stdout]    |
[INFO] [stdout]    = help: to create the module `servo_caller`, create file "examples/servo/servo_caller.rs" or "examples/servo/servo_caller/mod.rs"
[INFO] [stdout] 
[INFO] [stdout] 
[INFO] [stdout] error[E0583]: file not found for module `servo`
[INFO] [stdout]   --> examples/intersection.rs:14:1
[INFO] [stdout]    |
[INFO] [stdout] 14 | mod servo;
[INFO] [stdout]    | ^^^^^^^^^^
[INFO] [stdout]    |
[INFO] [stdout]    = help: to create the module `servo`, create file "examples/intersection/servo.rs" or "examples/intersection/servo/mod.rs"
[INFO] [stdout] 
[INFO] [stdout] 
[INFO] [stdout] error[E0583]: file not found for module `stopper`
[INFO] [stdout]   --> examples/servo3.rs:14:1
[INFO] [stdout]    |
[INFO] [stdout] 14 | mod stopper;
[INFO] [stdout]    | ^^^^^^^^^^^^
[INFO] [stdout]    |
[INFO] [stdout]    = help: to create the module `stopper`, create file "examples/stopper.rs" or "examples/stopper/mod.rs"
[INFO] [stdout] 
[INFO] [stdout] 
[INFO] [stdout] error[E0583]: file not found for module `sensor_caller`
[INFO] [stdout]   --> examples/single_section.rs:12:1
[INFO] [stdout]    |
[INFO] [stdout] 12 | mod sensor_caller;
[INFO] [stdout]    | ^^^^^^^^^^^^^^^^^^
[INFO] [stdout]    |
[INFO] [stdout]    = help: to create the module `sensor_caller`, create file "examples/sensor_caller.rs" or "examples/sensor_caller/mod.rs"
[INFO] [stdout] 
[INFO] [stdout] 
[INFO] [stdout] error[E0583]: file not found for module `time`
[INFO] [stdout]   --> examples/servo3.rs:15:1
[INFO] [stdout]    |
[INFO] [stdout] 15 | mod time;
[INFO] [stdout]    | ^^^^^^^^^
[INFO] [stdout]    |
[INFO] [stdout]    = help: to create the module `time`, create file "examples/time.rs" or "examples/time/mod.rs"
[INFO] [stdout] 
[INFO] [stdout] 
[INFO] [stdout] error[E0583]: file not found for module `intersection`
[INFO] [stdout]   --> examples/intersection.rs:15:1
[INFO] [stdout]    |
[INFO] [stdout] 15 | mod intersection;
[INFO] [stdout]    | ^^^^^^^^^^^^^^^^^
[INFO] [stdout]    |
[INFO] [stdout]    = help: to create the module `intersection`, create file "examples/intersection/intersection.rs" or "examples/intersection/intersection/mod.rs"
[INFO] [stdout] 
[INFO] [stdout] 
[INFO] [stdout] error[E0583]: file not found for module `lights`
[INFO] [stdout]   --> examples/intersection.rs:16:1
[INFO] [stdout]    |
[INFO] [stdout] 16 | mod lights;
[INFO] [stdout]    | ^^^^^^^^^^^
[INFO] [stdout]    |
[INFO] [stdout]    = help: to create the module `lights`, create file "examples/intersection/lights.rs" or "examples/intersection/lights/mod.rs"
[INFO] [stdout] 
[INFO] [stdout] 
[INFO] [stdout] error[E0583]: file not found for module `time`
[INFO] [stdout]   --> examples/intersection.rs:17:1
[INFO] [stdout]    |
[INFO] [stdout] 17 | mod time;
[INFO] [stdout]    | ^^^^^^^^^
[INFO] [stdout]    |
[INFO] [stdout]    = help: to create the module `time`, create file "examples/intersection/time.rs" or "examples/intersection/time/mod.rs"
[INFO] [stdout] 
[INFO] [stdout] 
[INFO] [stdout] error[E0583]: file not found for module `servo_caller`
[INFO] [stdout]   --> examples/intersection.rs:18:1
[INFO] [stdout]    |
[INFO] [stdout] 18 | mod servo_caller;
[INFO] [stdout]    | ^^^^^^^^^^^^^^^^^
[INFO] [stdout]    |
[INFO] [stdout]    = help: to create the module `servo_caller`, create file "examples/intersection/servo_caller.rs" or "examples/intersection/servo_caller/mod.rs"
[INFO] [stdout] 
[INFO] [stdout] 
[INFO] [stdout] error[E0583]: file not found for module `sensor_caller`
[INFO] [stdout]   --> examples/intersection.rs:19:1
[INFO] [stdout]    |
[INFO] [stdout] 19 | mod sensor_caller;
[INFO] [stdout]    | ^^^^^^^^^^^^^^^^^^
[INFO] [stdout]    |
[INFO] [stdout]    = help: to create the module `sensor_caller`, create file "examples/intersection/sensor_caller.rs" or "examples/intersection/sensor_caller/mod.rs"
[INFO] [stdout] 
[INFO] [stdout] 
[INFO] [stdout] error[E0583]: file not found for module `lights`
[INFO] [stdout]   --> examples/main.rs:19:1
[INFO] [stdout]    |
[INFO] [stdout] 19 | pub mod lights;
[INFO] [stdout]    | ^^^^^^^^^^^^^^^
[INFO] [stdout]    |
[INFO] [stdout]    = help: to create the module `lights`, create file "examples/lights.rs" or "examples/lights/mod.rs"
[INFO] [stdout] 
[INFO] [stdout] 
[INFO] [stdout] error[E0583]: file not found for module `section`
[INFO] [stdout]   --> examples/intersection.rs:11:1
[INFO] [stdout]    |
[INFO] [stdout] 11 | mod section;
[INFO] [stdout]    | ^^^^^^^^^^^^
[INFO] [stdout]    |
[INFO] [stdout]    = help: to create the module `section`, create file "examples/intersection/section.rs" or "examples/intersection/section/mod.rs"
[INFO] [stdout] 
[INFO] [stdout] 
[INFO] [stdout] error[E0583]: file not found for module `section`
[INFO] [stdout]   --> examples/main.rs:21:1
[INFO] [stdout]    |
[INFO] [stdout] 21 | pub mod section;
[INFO] [stdout]    | ^^^^^^^^^^^^^^^^
[INFO] [stdout]    |
[INFO] [stdout]    = help: to create the module `section`, create file "examples/section.rs" or "examples/section/mod.rs"
[INFO] [stdout] 
[INFO] [stdout] 
[INFO] [stdout] error[E0583]: file not found for module `sensor`
[INFO] [stdout]   --> examples/main.rs:23:1
[INFO] [stdout]    |
[INFO] [stdout] 23 | pub mod sensor;
[INFO] [stdout]    | ^^^^^^^^^^^^^^^
[INFO] [stdout]    |
[INFO] [stdout]    = help: to create the module `sensor`, create file "examples/sensor.rs" or "examples/sensor/mod.rs"
[INFO] [stdout] 
[INFO] [stdout] 
[INFO] [stdout] error[E0583]: file not found for module `sensor_caller`
[INFO] [stdout]   --> examples/main.rs:25:1
[INFO] [stdout]    |
[INFO] [stdout] 25 | pub mod sensor_caller;
[INFO] [stdout]    | ^^^^^^^^^^^^^^^^^^^^^^
[INFO] [stdout]    |
[INFO] [stdout]    = help: to create the module `sensor_caller`, create file "examples/sensor_caller.rs" or "examples/sensor_caller/mod.rs"
[INFO] [stdout] 
[INFO] [stdout] 
[INFO] [stdout] error[E0583]: file not found for module `stopper`
[INFO] [stdout]   --> examples/intersection.rs:12:1
[INFO] [stdout]    |
[INFO] [stdout] 12 | mod stopper;
[INFO] [stdout]    | ^^^^^^^^^^^^
[INFO] [stdout]    |
[INFO] [stdout]    = help: to create the module `stopper`, create file "examples/intersection/stopper.rs" or "examples/intersection/stopper/mod.rs"
[INFO] [stdout] 
[INFO] [stdout] 
[INFO] [stdout] error[E0583]: file not found for module `section`
[INFO] [stdout]  --> examples/servo.rs:9:1
[INFO] [stdout]   |
[INFO] [stdout] 9 | mod section;
[INFO] [stdout]   | ^^^^^^^^^^^^
[INFO] [stdout]   |
[INFO] [stdout]   = help: to create the module `section`, create file "examples/servo/section.rs" or "examples/servo/section/mod.rs"
[INFO] [stdout] 
[INFO] [stdout] 
[INFO] [stdout] error[E0583]: file not found for module `stopper`
[INFO] [stdout]   --> examples/servo.rs:10:1
[INFO] [stdout]    |
[INFO] [stdout] 10 | mod stopper;
[INFO] [stdout]    | ^^^^^^^^^^^^
[INFO] [stdout]    |
[INFO] [stdout]    = help: to create the module `stopper`, create file "examples/servo/stopper.rs" or "examples/servo/stopper/mod.rs"
[INFO] [stdout] 
[INFO] [stdout] 
[INFO] [stdout] error[E0583]: file not found for module `sensor`
[INFO] [stdout]   --> examples/intersection.rs:13:1
[INFO] [stdout]    |
[INFO] [stdout] 13 | mod sensor;
[INFO] [stdout]    | ^^^^^^^^^^^
[INFO] [stdout]    |
[INFO] [stdout]    = help: to create the module `sensor`, create file "examples/intersection/sensor.rs" or "examples/intersection/sensor/mod.rs"
[INFO] [stdout] 
[INFO] [stdout] 
[INFO] [stdout] error[E0583]: file not found for module `sensor`
[INFO] [stdout]   --> examples/servo.rs:11:1
[INFO] [stdout]    |
[INFO] [stdout] 11 | mod sensor;
[INFO] [stdout]    | ^^^^^^^^^^^
[INFO] [stdout]    |
[INFO] [stdout]    = help: to create the module `sensor`, create file "examples/servo/sensor.rs" or "examples/servo/sensor/mod.rs"
[INFO] [stdout] 
[INFO] [stdout] 
[INFO] [stdout] error[E0583]: file not found for module `servo`
[INFO] [stdout]   --> examples/servo.rs:12:1
[INFO] [stdout]    |
[INFO] [stdout] 12 | mod servo;
[INFO] [stdout]    | ^^^^^^^^^^
[INFO] [stdout]    |
[INFO] [stdout]    = help: to create the module `servo`, create file "examples/servo/servo.rs" or "examples/servo/servo/mod.rs"
[INFO] [stdout] 
[INFO] [stdout] 
[INFO] [stdout] error[E0583]: file not found for module `intersection`
[INFO] [stdout]   --> examples/servo.rs:13:1
[INFO] [stdout]    |
[INFO] [stdout] 13 | mod intersection;
[INFO] [stdout]    | ^^^^^^^^^^^^^^^^^
[INFO] [stdout]    |
[INFO] [stdout]    = help: to create the module `intersection`, create file "examples/servo/intersection.rs" or "examples/servo/intersection/mod.rs"
[INFO] [stdout] 
[INFO] [stdout] 
[INFO] [stdout] error[E0583]: file not found for module `servo`
[INFO] [stdout]   --> examples/intersection.rs:14:1
[INFO] [stdout]    |
[INFO] [stdout] 14 | mod servo;
[INFO] [stdout]    | ^^^^^^^^^^
[INFO] [stdout]    |
[INFO] [stdout]    = help: to create the module `servo`, create file "examples/intersection/servo.rs" or "examples/intersection/servo/mod.rs"
[INFO] [stdout] 
[INFO] [stdout] 
[INFO] [stdout] error[E0583]: file not found for module `lights`
[INFO] [stdout]   --> examples/servo.rs:14:1
[INFO] [stdout]    |
[INFO] [stdout] 14 | mod lights;
[INFO] [stdout]    | ^^^^^^^^^^^
[INFO] [stdout]    |
[INFO] [stdout]    = help: to create the module `lights`, create file "examples/servo/lights.rs" or "examples/servo/lights/mod.rs"
[INFO] [stdout] 
[INFO] [stdout] 
[INFO] [stdout] error[E0583]: file not found for module `time`
[INFO] [stdout]   --> examples/servo.rs:15:1
[INFO] [stdout]    |
[INFO] [stdout] 15 | mod time;
[INFO] [stdout]    | ^^^^^^^^^
[INFO] [stdout]    |
[INFO] [stdout]    = help: to create the module `time`, create file "examples/servo/time.rs" or "examples/servo/time/mod.rs"
[INFO] [stdout] 
[INFO] [stdout] 
[INFO] [stdout] error[E0583]: file not found for module `servo_caller`
[INFO] [stdout]   --> examples/servo.rs:16:1
[INFO] [stdout]    |
[INFO] [stdout] 16 | mod servo_caller;
[INFO] [stdout]    | ^^^^^^^^^^^^^^^^^
[INFO] [stdout]    |
[INFO] [stdout]    = help: to create the module `servo_caller`, create file "examples/servo/servo_caller.rs" or "examples/servo/servo_caller/mod.rs"
[INFO] [stdout] 
[INFO] [stdout] 
[INFO] [stdout] error[E0583]: file not found for module `servo_caller`
[INFO] [stdout]   --> examples/main.rs:29:1
[INFO] [stdout]    |
[INFO] [stdout] 29 | pub mod servo_caller;
[INFO] [stdout]    | ^^^^^^^^^^^^^^^^^^^^^
[INFO] [stdout]    |
[INFO] [stdout]    = help: to create the module `servo_caller`, create file "examples/servo_caller.rs" or "examples/servo_caller/mod.rs"
[INFO] [stdout] 
[INFO] [stdout] 
[INFO] [stdout] error[E0583]: file not found for module `stopper`
[INFO] [stdout]   --> examples/main.rs:31:1
[INFO] [stdout]    |
[INFO] [stdout] 31 | pub mod stopper;
[INFO] [stdout]    | ^^^^^^^^^^^^^^^^
[INFO] [stdout]    |
[INFO] [stdout]    = help: to create the module `stopper`, create file "examples/stopper.rs" or "examples/stopper/mod.rs"
[INFO] [stdout] 
[INFO] [stdout] 
[INFO] [stdout] error[E0583]: file not found for module `section`
[INFO] [stdout]  --> examples/servo2.rs:7:1
[INFO] [stdout]   |
[INFO] [stdout] 7 | mod section;
[INFO] [stdout]   | ^^^^^^^^^^^^
[INFO] [stdout]   |
[INFO] [stdout]   = help: to create the module `section`, create file "examples/section.rs" or "examples/section/mod.rs"
[INFO] [stdout] 
[INFO] [stdout] 
[INFO] [stdout] error[E0583]: file not found for module `time`
[INFO] [stdout]   --> examples/main.rs:33:1
[INFO] [stdout]    |
[INFO] [stdout] 33 | pub mod time;
[INFO] [stdout]    | ^^^^^^^^^^^^^
[INFO] [stdout]    |
[INFO] [stdout]    = help: to create the module `time`, create file "examples/time.rs" or "examples/time/mod.rs"
[INFO] [stdout] 
[INFO] [stdout] 
[INFO] [stdout] error[E0583]: file not found for module `stopper`
[INFO] [stdout]  --> examples/servo2.rs:8:1
[INFO] [stdout]   |
[INFO] [stdout] 8 | mod stopper;
[INFO] [stdout]   | ^^^^^^^^^^^^
[INFO] [stdout]   |
[INFO] [stdout]   = help: to create the module `stopper`, create file "examples/stopper.rs" or "examples/stopper/mod.rs"
[INFO] [stdout] 
[INFO] [stdout] 
[INFO] [stdout] error[E0583]: file not found for module `intersection`
[INFO] [stdout]   --> examples/intersection.rs:15:1
[INFO] [stdout]    |
[INFO] [stdout] 15 | mod intersection;
[INFO] [stdout]    | ^^^^^^^^^^^^^^^^^
[INFO] [stdout]    |
[INFO] [stdout]    = help: to create the module `intersection`, create file "examples/intersection/intersection.rs" or "examples/intersection/intersection/mod.rs"
[INFO] [stdout] 
[INFO] [stdout] 
[INFO] [stdout] error[E0583]: file not found for module `sensor`
[INFO] [stdout]  --> examples/servo2.rs:9:1
[INFO] [stdout]   |
[INFO] [stdout] 9 | mod sensor;
[INFO] [stdout]   | ^^^^^^^^^^^
[INFO] [stdout]   |
[INFO] [stdout]   = help: to create the module `sensor`, create file "examples/sensor.rs" or "examples/sensor/mod.rs"
[INFO] [stdout] 
[INFO] [stdout] 
[INFO] [stdout] error[E0583]: file not found for module `section`
[INFO] [stdout]  --> examples/servo.rs:9:1
[INFO] [stdout]   |
[INFO] [stdout] 9 | mod section;
[INFO] [stdout]   | ^^^^^^^^^^^^
[INFO] [stdout]   |
[INFO] [stdout]   = help: to create the module `section`, create file "examples/servo/section.rs" or "examples/servo/section/mod.rs"
[INFO] [stdout] 
[INFO] [stdout] 
[INFO] [stdout] error[E0583]: file not found for module `stopper`
[INFO] [stdout]   --> examples/servo.rs:10:1
[INFO] [stdout]    |
[INFO] [stdout] 10 | mod stopper;
[INFO] [stdout]    | ^^^^^^^^^^^^
[INFO] [stdout]    |
[INFO] [stdout]    = help: to create the module `stopper`, create file "examples/servo/stopper.rs" or "examples/servo/stopper/mod.rs"
[INFO] [stdout] 
[INFO] [stdout] 
[INFO] [stdout] error[E0583]: file not found for module `sensor`
[INFO] [stdout]   --> examples/servo.rs:11:1
[INFO] [stdout]    |
[INFO] [stdout] 11 | mod sensor;
[INFO] [stdout]    | ^^^^^^^^^^^
[INFO] [stdout]    |
[INFO] [stdout]    = help: to create the module `sensor`, create file "examples/servo/sensor.rs" or "examples/servo/sensor/mod.rs"
[INFO] [stdout] 
[INFO] [stdout] 
[INFO] [stdout] error[E0583]: file not found for module `lights`
[INFO] [stdout]   --> examples/intersection.rs:16:1
[INFO] [stdout]    |
[INFO] [stdout] 16 | mod lights;
[INFO] [stdout]    | ^^^^^^^^^^^
[INFO] [stdout]    |
[INFO] [stdout]    = help: to create the module `lights`, create file "examples/intersection/lights.rs" or "examples/intersection/lights/mod.rs"
[INFO] [stdout] 
[INFO] [stdout] 
[INFO] [stdout] error[E0583]: file not found for module `servo`
[INFO] [stdout]   --> examples/servo.rs:12:1
[INFO] [stdout]    |
[INFO] [stdout] 12 | mod servo;
[INFO] [stdout]    | ^^^^^^^^^^
[INFO] [stdout]    |
[INFO] [stdout]    = help: to create the module `servo`, create file "examples/servo/servo.rs" or "examples/servo/servo/mod.rs"
[INFO] [stdout] 
[INFO] [stdout] 
[INFO] [stdout] error[E0583]: file not found for module `intersection`
[INFO] [stdout]   --> examples/servo.rs:13:1
[INFO] [stdout]    |
[INFO] [stdout] 13 | mod intersection;
[INFO] [stdout]    | ^^^^^^^^^^^^^^^^^
[INFO] [stdout]    |
[INFO] [stdout]    = help: to create the module `intersection`, create file "examples/servo/intersection.rs" or "examples/servo/intersection/mod.rs"
[INFO] [stdout] 
[INFO] [stdout] 
[INFO] [stdout] error[E0583]: file not found for module `lights`
[INFO] [stdout]   --> examples/servo.rs:14:1
[INFO] [stdout]    |
[INFO] [stdout] 14 | mod lights;
[INFO] [stdout]    | ^^^^^^^^^^^
[INFO] [stdout]    |
[INFO] [stdout]    = help: to create the module `lights`, create file "examples/servo/lights.rs" or "examples/servo/lights/mod.rs"
[INFO] [stdout] 
[INFO] [stdout] 
[INFO] [stdout] error[E0583]: file not found for module `time`
[INFO] [stdout]   --> examples/servo.rs:15:1
[INFO] [stdout]    |
[INFO] [stdout] 15 | mod time;
[INFO] [stdout]    | ^^^^^^^^^
[INFO] [stdout]    |
[INFO] [stdout]    = help: to create the module `time`, create file "examples/servo/time.rs" or "examples/servo/time/mod.rs"
[INFO] [stdout] 
[INFO] [stdout] 
[INFO] [stdout] error[E0583]: file not found for module `servo_caller`
[INFO] [stdout]   --> examples/servo.rs:16:1
[INFO] [stdout]    |
[INFO] [stdout] 16 | mod servo_caller;
[INFO] [stdout]    | ^^^^^^^^^^^^^^^^^
[INFO] [stdout]    |
[INFO] [stdout]    = help: to create the module `servo_caller`, create file "examples/servo/servo_caller.rs" or "examples/servo/servo_caller/mod.rs"
[INFO] [stdout] 
[INFO] [stdout] 
[INFO] [stdout] error: Ensure that you are using an AVR target! You may need to change directories or pass a --target flag to cargo. See
[INFO] [stdout]               https://github.com/Rahix/avr-device/pull/41 for more details.
[INFO] [stdout]   --> examples/servo.rs:24:1
[INFO] [stdout]    |
[INFO] [stdout] 24 | #[arduino_hal::entry]
[INFO] [stdout]    | ^^^^^^^^^^^^^^^^^^^^^
[INFO] [stdout]    |
[INFO] [stdout]    = note: this error originates in the attribute macro `arduino_hal::entry` (in Nightly builds, run with -Z macro-backtrace for more info)
[INFO] [stdout] 
[INFO] [stdout] 
[INFO] [stdout] error[E0583]: file not found for module `time`
[INFO] [stdout]   --> examples/intersection.rs:17:1
[INFO] [stdout]    |
[INFO] [stdout] 17 | mod time;
[INFO] [stdout]    | ^^^^^^^^^
[INFO] [stdout]    |
[INFO] [stdout]    = help: to create the module `time`, create file "examples/intersection/time.rs" or "examples/intersection/time/mod.rs"
[INFO] [stdout] 
[INFO] [stdout] 
[INFO] [stdout] error[E0583]: file not found for module `section`
[INFO] [stdout]   --> examples/intersection.rs:11:1
[INFO] [stdout]    |
[INFO] [stdout] 11 | mod section;
[INFO] [stdout]    | ^^^^^^^^^^^^
[INFO] [stdout]    |
[INFO] [stdout]    = help: to create the module `section`, create file "examples/intersection/section.rs" or "examples/intersection/section/mod.rs"
[INFO] [stdout] 
[INFO] [stdout] 
[INFO] [stdout] error[E0583]: file not found for module `stopper`
[INFO] [stdout]   --> examples/intersection.rs:12:1
[INFO] [stdout]    |
[INFO] [stdout] 12 | mod stopper;
[INFO] [stdout]    | ^^^^^^^^^^^^
[INFO] [stdout]    |
[INFO] [stdout]    = help: to create the module `stopper`, create file "examples/intersection/stopper.rs" or "examples/intersection/stopper/mod.rs"
[INFO] [stdout] 
[INFO] [stdout] 
[INFO] [stdout] error[E0583]: file not found for module `sensor`
[INFO] [stdout]   --> examples/intersection.rs:13:1
[INFO] [stdout]    |
[INFO] [stdout] 13 | mod sensor;
[INFO] [stdout]    | ^^^^^^^^^^^
[INFO] [stdout]    |
[INFO] [stdout]    = help: to create the module `sensor`, create file "examples/intersection/sensor.rs" or "examples/intersection/sensor/mod.rs"
[INFO] [stdout] 
[INFO] [stdout] 
[INFO] [stdout] error[E0583]: file not found for module `servo`
[INFO] [stdout]   --> examples/intersection.rs:14:1
[INFO] [stdout]    |
[INFO] [stdout] 14 | mod servo;
[INFO] [stdout]    | ^^^^^^^^^^
[INFO] [stdout]    |
[INFO] [stdout]    = help: to create the module `servo`, create file "examples/intersection/servo.rs" or "examples/intersection/servo/mod.rs"
[INFO] [stdout] 
[INFO] [stdout] 
[INFO] [stdout] error[E0583]: file not found for module `servo_caller`
[INFO] [stdout]   --> examples/intersection.rs:18:1
[INFO] [stdout]    |
[INFO] [stdout] 18 | mod servo_caller;
[INFO] [stdout]    | ^^^^^^^^^^^^^^^^^
[INFO] [stdout]    |
[INFO] [stdout]    = help: to create the module `servo_caller`, create file "examples/intersection/servo_caller.rs" or "examples/intersection/servo_caller/mod.rs"
[INFO] [stdout] 
[INFO] [stdout] 
[INFO] [stdout] error[E0583]: file not found for module `intersection`
[INFO] [stdout]   --> examples/intersection.rs:15:1
[INFO] [stdout]    |
[INFO] [stdout] 15 | mod intersection;
[INFO] [stdout]    | ^^^^^^^^^^^^^^^^^
[INFO] [stdout]    |
[INFO] [stdout]    = help: to create the module `intersection`, create file "examples/intersection/intersection.rs" or "examples/intersection/intersection/mod.rs"
[INFO] [stdout] 
[INFO] [stdout] 
[INFO] [stdout] error[E0583]: file not found for module `lights`
[INFO] [stdout]   --> examples/intersection.rs:16:1
[INFO] [stdout]    |
[INFO] [stdout] 16 | mod lights;
[INFO] [stdout]    | ^^^^^^^^^^^
[INFO] [stdout]    |
[INFO] [stdout]    = help: to create the module `lights`, create file "examples/intersection/lights.rs" or "examples/intersection/lights/mod.rs"
[INFO] [stdout] 
[INFO] [stdout] 
[INFO] [stdout] error[E0583]: file not found for module `time`
[INFO] [stdout]   --> examples/intersection.rs:17:1
[INFO] [stdout]    |
[INFO] [stdout] 17 | mod time;
[INFO] [stdout]    | ^^^^^^^^^
[INFO] [stdout]    |
[INFO] [stdout]    = help: to create the module `time`, create file "examples/intersection/time.rs" or "examples/intersection/time/mod.rs"
[INFO] [stdout] 
[INFO] [stdout] 
[INFO] [stdout] error[E0583]: file not found for module `servo_caller`
[INFO] [stdout]   --> examples/intersection.rs:18:1
[INFO] [stdout]    |
[INFO] [stdout] 18 | mod servo_caller;
[INFO] [stdout]    | ^^^^^^^^^^^^^^^^^
[INFO] [stdout]    |
[INFO] [stdout]    = help: to create the module `servo_caller`, create file "examples/intersection/servo_caller.rs" or "examples/intersection/servo_caller/mod.rs"
[INFO] [stdout] 
[INFO] [stdout] 
[INFO] [stdout] error[E0583]: file not found for module `sensor_caller`
[INFO] [stdout]   --> examples/intersection.rs:19:1
[INFO] [stdout]    |
[INFO] [stdout] 19 | mod sensor_caller;
[INFO] [stdout]    | ^^^^^^^^^^^^^^^^^^
[INFO] [stdout]    |
[INFO] [stdout]    = help: to create the module `sensor_caller`, create file "examples/intersection/sensor_caller.rs" or "examples/intersection/sensor_caller/mod.rs"
[INFO] [stdout] 
[INFO] [stdout] 
[INFO] [stdout] error[E0583]: file not found for module `sensor_caller`
[INFO] [stdout]   --> examples/intersection.rs:19:1
[INFO] [stdout]    |
[INFO] [stdout] 19 | mod sensor_caller;
[INFO] [stdout]    | ^^^^^^^^^^^^^^^^^^
[INFO] [stdout]    |
[INFO] [stdout]    = help: to create the module `sensor_caller`, create file "examples/intersection/sensor_caller.rs" or "examples/intersection/sensor_caller/mod.rs"
[INFO] [stdout] 
[INFO] [stdout] 
[INFO] [stdout] error[E0583]: file not found for module `lights`
[INFO] [stdout]   --> examples/servo2.rs:12:1
[INFO] [stdout]    |
[INFO] [stdout] 12 | mod lights;
[INFO] [stdout]    | ^^^^^^^^^^^
[INFO] [stdout]    |
[INFO] [stdout]    = help: to create the module `lights`, create file "examples/lights.rs" or "examples/lights/mod.rs"
[INFO] [stdout] 
[INFO] [stdout] 
[INFO] [stdout] error[E0583]: file not found for module `time`
[INFO] [stdout]   --> examples/servo2.rs:13:1
[INFO] [stdout]    |
[INFO] [stdout] 13 | mod time;
[INFO] [stdout]    | ^^^^^^^^^
[INFO] [stdout]    |
[INFO] [stdout]    = help: to create the module `time`, create file "examples/time.rs" or "examples/time/mod.rs"
[INFO] [stdout] 
[INFO] [stdout] 
[INFO] [stdout] error[E0583]: file not found for module `servo_caller`
[INFO] [stdout]   --> examples/servo2.rs:14:1
[INFO] [stdout]    |
[INFO] [stdout] 14 | mod servo_caller;
[INFO] [stdout]    | ^^^^^^^^^^^^^^^^^
[INFO] [stdout]    |
[INFO] [stdout]    = help: to create the module `servo_caller`, create file "examples/servo_caller.rs" or "examples/servo_caller/mod.rs"
[INFO] [stdout] 
[INFO] [stdout] 
[INFO] [stdout] error[E0583]: file not found for module `lights`
[INFO] [stdout]   --> examples/servo.rs:14:1
[INFO] [stdout]    |
[INFO] [stdout] 14 | mod lights;
[INFO] [stdout]    | ^^^^^^^^^^^
[INFO] [stdout]    |
[INFO] [stdout]    = help: to create the module `lights`, create file "examples/lights.rs" or "examples/lights/mod.rs"
[INFO] [stdout] 
[INFO] [stdout] 
[INFO] [stdout] error[E0583]: file not found for module `time`
[INFO] [stdout]   --> examples/servo.rs:15:1
[INFO] [stdout]    |
[INFO] [stdout] 15 | mod time;
[INFO] [stdout]    | ^^^^^^^^^
[INFO] [stdout]    |
[INFO] [stdout]    = help: to create the module `time`, create file "examples/time.rs" or "examples/time/mod.rs"
[INFO] [stdout] 
[INFO] [stdout] 
[INFO] [stdout] error[E0583]: file not found for module `servo_caller`
[INFO] [stdout]   --> examples/servo.rs:16:1
[INFO] [stdout]    |
[INFO] [stdout] 16 | mod servo_caller;
[INFO] [stdout]    | ^^^^^^^^^^^^^^^^^
[INFO] [stdout]    |
[INFO] [stdout]    = help: to create the module `servo_caller`, create file "examples/servo_caller.rs" or "examples/servo_caller/mod.rs"
[INFO] [stdout] 
[INFO] [stdout] 
[INFO] [stdout] error: Ensure that you are using an AVR target! You may need to change directories or pass a --target flag to cargo. See
[INFO] [stdout]               https://github.com/Rahix/avr-device/pull/41 for more details.
[INFO] [stdout]   --> examples/intersection.rs:32:1
[INFO] [stdout]    |
[INFO] [stdout] 32 | #[arduino_hal::entry]
[INFO] [stdout]    | ^^^^^^^^^^^^^^^^^^^^^
[INFO] [stdout]    |
[INFO] [stdout]    = note: this error originates in the attribute macro `arduino_hal::entry` (in Nightly builds, run with -Z macro-backtrace for more info)
[INFO] [stdout] 
[INFO] [stdout] 
[INFO] [stdout] error: Ensure that you are using an AVR target! You may need to change directories or pass a --target flag to cargo. See
[INFO] [stdout]               https://github.com/Rahix/avr-device/pull/41 for more details.
[INFO] [stdout]   --> examples/intersection.rs:32:1
[INFO] [stdout]    |
[INFO] [stdout] 32 | #[arduino_hal::entry]
[INFO] [stdout]    | ^^^^^^^^^^^^^^^^^^^^^
[INFO] [stdout]    |
[INFO] [stdout]    = note: this error originates in the attribute macro `arduino_hal::entry` (in Nightly builds, run with -Z macro-backtrace for more info)
[INFO] [stdout] 
[INFO] [stdout] 
[INFO] [stdout] error: Ensure that you are using an AVR target! You may need to change directories or pass a --target flag to cargo. See
[INFO] [stdout]               https://github.com/Rahix/avr-device/pull/41 for more details.
[INFO] [stdout]   --> examples/servo.rs:24:1
[INFO] [stdout]    |
[INFO] [stdout] 24 | #[arduino_hal::entry]
[INFO] [stdout]    | ^^^^^^^^^^^^^^^^^^^^^
[INFO] [stdout]    |
[INFO] [stdout]    = note: this error originates in the attribute macro `arduino_hal::entry` (in Nightly builds, run with -Z macro-backtrace for more info)
[INFO] [stdout] 
[INFO] [stdout] 
[INFO] [stdout] error: Ensure that you are using an AVR target! You may need to change directories or pass a --target flag to cargo. See
[INFO] [stdout]               https://github.com/Rahix/avr-device/pull/41 for more details.
[INFO] [stdout]   --> examples/servo.rs:24:1
[INFO] [stdout]    |
[INFO] [stdout] 24 | #[arduino_hal::entry]
[INFO] [stdout]    | ^^^^^^^^^^^^^^^^^^^^^
[INFO] [stdout]    |
[INFO] [stdout]    = note: this error originates in the attribute macro `arduino_hal::entry` (in Nightly builds, run with -Z macro-backtrace for more info)
[INFO] [stdout] 
[INFO] [stdout] 
[INFO] [stdout] error: Ensure that you are using an AVR target! You may need to change directories or pass a --target flag to cargo. See
[INFO] [stdout]               https://github.com/Rahix/avr-device/pull/41 for more details.
[INFO] [stdout]   --> examples/intersection.rs:32:1
[INFO] [stdout]    |
[INFO] [stdout] 32 | #[arduino_hal::entry]
[INFO] [stdout]    | ^^^^^^^^^^^^^^^^^^^^^
[INFO] [stdout]    |
[INFO] [stdout]    = note: this error originates in the attribute macro `arduino_hal::entry` (in Nightly builds, run with -Z macro-backtrace for more info)
[INFO] [stdout] 
[INFO] [stdout] 
[INFO] [stdout] error: Ensure that you are using an AVR target! You may need to change directories or pass a --target flag to cargo. See
[INFO] [stdout]               https://github.com/Rahix/avr-device/pull/41 for more details.
[INFO] [stdout]   --> examples/servo3.rs:28:1
[INFO] [stdout]    |
[INFO] [stdout] 28 | #[arduino_hal::entry]
[INFO] [stdout]    | ^^^^^^^^^^^^^^^^^^^^^
[INFO] [stdout]    |
[INFO] [stdout]    = note: this error originates in the attribute macro `arduino_hal::entry` (in Nightly builds, run with -Z macro-backtrace for more info)
[INFO] [stdout] 
[INFO] [stdout] 
[INFO] [stdout] error: Ensure that you are using an AVR target! You may need to change directories or pass a --target flag to cargo. See
[INFO] [stdout]               https://github.com/Rahix/avr-device/pull/41 for more details.
[INFO] [stdout]   --> examples/servo.rs:24:1
[INFO] [stdout]    |
[INFO] [stdout] 24 | #[arduino_hal::entry]
[INFO] [stdout]    | ^^^^^^^^^^^^^^^^^^^^^
[INFO] [stdout]    |
[INFO] [stdout]    = note: this error originates in the attribute macro `arduino_hal::entry` (in Nightly builds, run with -Z macro-backtrace for more info)
[INFO] [stdout] 
[INFO] [stdout] 
[INFO] [stdout] error: Ensure that you are using an AVR target! You may need to change directories or pass a --target flag to cargo. See
[INFO] [stdout]               https://github.com/Rahix/avr-device/pull/41 for more details.
[INFO] [stdout]   --> examples/single_section.rs:23:1
[INFO] [stdout]    |
[INFO] [stdout] 23 | #[arduino_hal::entry]
[INFO] [stdout]    | ^^^^^^^^^^^^^^^^^^^^^
[INFO] [stdout]    |
[INFO] [stdout]    = note: this error originates in the attribute macro `arduino_hal::entry` (in Nightly builds, run with -Z macro-backtrace for more info)
[INFO] [stdout] 
[INFO] [stdout] 
[INFO] [stdout] error: Ensure that you are using an AVR target! You may need to change directories or pass a --target flag to cargo. See
[INFO] [stdout]               https://github.com/Rahix/avr-device/pull/41 for more details.
[INFO] [stdout]   --> src/main.rs:22:1
[INFO] [stdout]    |
[INFO] [stdout] 22 | #[arduino_hal::entry]
[INFO] [stdout]    | ^^^^^^^^^^^^^^^^^^^^^
[INFO] [stdout]    |
[INFO] [stdout]    = note: this error originates in the attribute macro `arduino_hal::entry` (in Nightly builds, run with -Z macro-backtrace for more info)
[INFO] [stdout] 
[INFO] [stdout] 
[INFO] [stdout] error: Ensure that you are using an AVR target! You may need to change directories or pass a --target flag to cargo. See
[INFO] [stdout]               https://github.com/Rahix/avr-device/pull/41 for more details.
[INFO] [stdout]   --> examples/intersection.rs:32:1
[INFO] [stdout]    |
[INFO] [stdout] 32 | #[arduino_hal::entry]
[INFO] [stdout]    | ^^^^^^^^^^^^^^^^^^^^^
[INFO] [stdout]    |
[INFO] [stdout]    = note: this error originates in the attribute macro `arduino_hal::entry` (in Nightly builds, run with -Z macro-backtrace for more info)
[INFO] [stdout] 
[INFO] [stdout] 
[INFO] [stdout] error: Ensure that you are using an AVR target! You may need to change directories or pass a --target flag to cargo. See
[INFO] [stdout]               https://github.com/Rahix/avr-device/pull/41 for more details.
[INFO] [stdout]   --> examples/intersection.rs:32:1
[INFO] [stdout]    |
[INFO] [stdout] 32 | #[arduino_hal::entry]
[INFO] [stdout]    | ^^^^^^^^^^^^^^^^^^^^^
[INFO] [stdout]    |
[INFO] [stdout]    = note: this error originates in the attribute macro `arduino_hal::entry` (in Nightly builds, run with -Z macro-backtrace for more info)
[INFO] [stdout] 
[INFO] [stdout] 
[INFO] [stdout] error: Ensure that you are using an AVR target! You may need to change directories or pass a --target flag to cargo. See
[INFO] [stdout]               https://github.com/Rahix/avr-device/pull/41 for more details.
[INFO] [stdout]   --> examples/servo.rs:24:1
[INFO] [stdout]    |
[INFO] [stdout] 24 | #[arduino_hal::entry]
[INFO] [stdout]    | ^^^^^^^^^^^^^^^^^^^^^
[INFO] [stdout]    |
[INFO] [stdout]    = note: this error originates in the attribute macro `arduino_hal::entry` (in Nightly builds, run with -Z macro-backtrace for more info)
[INFO] [stdout] 
[INFO] [stdout] 
[INFO] [stdout] error[E0432]: unresolved import `lights::Light`
[INFO] [stdout]  --> examples/intersection.rs:7:5
[INFO] [stdout]   |
[INFO] [stdout] 7 | use lights::Light;
[INFO] [stdout]   |     ^^^^^^^^^^^^^ no `Light` in `lights`
[INFO] [stdout] 
[INFO] [stdout] 
[INFO] [stdout] error: Ensure that you are using an AVR target! You may need to change directories or pass a --target flag to cargo. See
[INFO] [stdout]               https://github.com/Rahix/avr-device/pull/41 for more details.
[INFO] [stdout]   --> examples/main.rs:47:1
[INFO] [stdout]    |
[INFO] [stdout] 47 | #[arduino_hal::entry]
[INFO] [stdout]    | ^^^^^^^^^^^^^^^^^^^^^
[INFO] [stdout]    |
[INFO] [stdout]    = note: this error originates in the attribute macro `arduino_hal::entry` (in Nightly builds, run with -Z macro-backtrace for more info)
[INFO] [stdout] 
[INFO] [stdout] 
[INFO] [stdout] error: Ensure that you are using an AVR target! You may need to change directories or pass a --target flag to cargo. See
[INFO] [stdout]               https://github.com/Rahix/avr-device/pull/41 for more details.
[INFO] [stdout]   --> examples/servo2.rs:23:1
[INFO] [stdout]    |
[INFO] [stdout] 23 | #[arduino_hal::entry]
[INFO] [stdout]    | ^^^^^^^^^^^^^^^^^^^^^
[INFO] [stdout]    |
[INFO] [stdout]    = note: this error originates in the attribute macro `arduino_hal::entry` (in Nightly builds, run with -Z macro-backtrace for more info)
[INFO] [stdout] 
[INFO] [stdout] 
[INFO] [stdout] warning: unused import: `Atmega`
[INFO] [stdout]  --> src/sensor_caller.rs:5:10
[INFO] [stdout]   |
[INFO] [stdout] 5 | }, hal::{Atmega, port::{PE0, PE1}, Usart}, pac::USART0, clock::MHz16};
[INFO] [stdout]   |          ^^^^^^
[INFO] [stdout]   |
[INFO] [stdout]   = note: `#[warn(unused_imports)]` on by default
[INFO] [stdout] 
[INFO] [stdout] 
[INFO] [stdout] error[E0432]: unresolved import `sensor_caller::SensorCaller`
[INFO] [stdout]  --> examples/intersection.rs:9:5
[INFO] [stdout]   |
[INFO] [stdout] 9 | use sensor_caller::SensorCaller;
[INFO] [stdout]   |     ^^^^^^^^^^^^^^^^^^^^^^^^^^^ no `SensorCaller` in `sensor_caller`
[INFO] [stdout] 
[INFO] [stdout] 
[INFO] [stdout] error[E0432]: unresolved import `crate::servo_caller::ServoCaller`
[INFO] [stdout]   --> examples/servo.rs:18:5
[INFO] [stdout]    |
[INFO] [stdout] 18 | use crate::servo_caller::ServoCaller;
[INFO] [stdout]    |     ^^^^^^^^^^^^^^^^^^^^^^^^^^^^^^^^ no `ServoCaller` in `servo_caller`
[INFO] [stdout] 
[INFO] [stdout] 
[INFO] [stdout] error[E0432]: unresolved import `crate::servo::*`
[INFO] [stdout]   --> examples/servo.rs:19:5
[INFO] [stdout]    |
[INFO] [stdout] 19 | use crate::servo::*;
[INFO] [stdout]    |     ^^^^^^^^^^^^^^^ cannot glob-import a module into itself
[INFO] [stdout] 
[INFO] [stdout] 
[INFO] [stdout] error[E0432]: unresolved import `crate::time::micros`
[INFO] [stdout]   --> examples/servo.rs:20:5
[INFO] [stdout]    |
[INFO] [stdout] 20 | use crate::time::micros as micros;
[INFO] [stdout]    |     ^^^^^^^^^^^^^^^^^^^^^^^^^^^^^ no `micros` in `time`
[INFO] [stdout] 
[INFO] [stdout] 
[INFO] [stdout] error[E0432]: unresolved import `crate::servo_caller::ServoCaller`
[INFO] [stdout]   --> examples/intersection.rs:22:5
[INFO] [stdout]    |
[INFO] [stdout] 22 | use crate::servo_caller::ServoCaller;
[INFO] [stdout]    |     ^^^^^^^^^^^^^^^^^^^^^^^^^^^^^^^^ no `ServoCaller` in `servo_caller`
[INFO] [stdout] 
[INFO] [stdout] 
[INFO] [stdout] error[E0432]: unresolved import `sensor_caller::SensorCaller`
[INFO] [stdout]  --> examples/servo3.rs:5:5
[INFO] [stdout]   |
[INFO] [stdout] 5 | use sensor_caller::SensorCaller;
[INFO] [stdout]   |     ^^^^^^^^^^^^^^^^^^^^^^^^^^^ no `SensorCaller` in `sensor_caller`
[INFO] [stdout] 
[INFO] [stdout] 
[INFO] [stdout] error[E0432]: unresolved import `crate::sensor::SensorEnum`
[INFO] [stdout]   --> examples/intersection.rs:25:20
[INFO] [stdout]    |
[INFO] [stdout] 25 | use crate::sensor::SensorEnum::*;
[INFO] [stdout]    |                    ^^^^^^^^^^ could not find `SensorEnum` in `sensor`
[INFO] [stdout] 
[INFO] [stdout] 
[INFO] [stdout] error[E0432]: unresolved import `time::millis`
[INFO] [stdout]  --> examples/servo3.rs:6:5
[INFO] [stdout]   |
[INFO] [stdout] 6 | use time::millis;
[INFO] [stdout]   |     ^^^^^^^^^^^^ no `millis` in `time`
[INFO] [stdout] 
[INFO] [stdout] 
[INFO] [stdout] error[E0432]: unresolved import `crate::time::micros`
[INFO] [stdout]   --> examples/intersection.rs:28:5
[INFO] [stdout]    |
[INFO] [stdout] 28 | use crate::time::micros as micros;
[INFO] [stdout]    |     ^^^^^^^^^^^^^^^^^^^^^^^^^^^^^ no `micros` in `time`
[INFO] [stdout] 
[INFO] [stdout] 
[INFO] [stdout] error[E0432]: unresolved import `lights::Light`
[INFO] [stdout]  --> examples/intersection.rs:7:5
[INFO] [stdout]   |
[INFO] [stdout] 7 | use lights::Light;
[INFO] [stdout]   |     ^^^^^^^^^^^^^ no `Light` in `intersection::lights`
[INFO] [stdout] 
[INFO] [stdout] 
[INFO] [stdout] error[E0432]: unresolved import `sensor_caller::SensorCaller`
[INFO] [stdout]  --> examples/intersection.rs:9:5
[INFO] [stdout]   |
[INFO] [stdout] 9 | use sensor_caller::SensorCaller;
[INFO] [stdout]   |     ^^^^^^^^^^^^^^^^^^^^^^^^^^^ no `SensorCaller` in `intersection::sensor_caller`
[INFO] [stdout]   |
[INFO] [stdout] help: consider importing this unresolved item instead
[INFO] [stdout]   |
[INFO] [stdout] 9 | use crate::SensorCaller;
[INFO] [stdout]   |     ~~~~~~~~~~~~~~~~~~~
[INFO] [stdout] 
[INFO] [stdout] 
[INFO] [stdout] error[E0432]: unresolved import `panic_halt`
[INFO] [stdout]  --> examples/servo.rs:7:5
[INFO] [stdout]   |
[INFO] [stdout] 7 | use panic_halt as _;
[INFO] [stdout]   |     ^^^^^^^^^^^^^^^ no external crate `panic_halt`
[INFO] [stdout] 
[INFO] [stdout] 
[INFO] [stdout] error[E0432]: unresolved import `crate::sensor::SensorEnum`
[INFO] [stdout]   --> examples/intersection.rs:25:20
[INFO] [stdout]    |
[INFO] [stdout] 25 | use crate::sensor::SensorEnum::*;
[INFO] [stdout]    |                    ^^^^^^^^^^ could not find `SensorEnum` in `sensor`
[INFO] [stdout] 
[INFO] [stdout] 
[INFO] [stdout] error[E0432]: unresolved import `panic_halt`
[INFO] [stdout]  --> examples/intersection.rs:8:5
[INFO] [stdout]   |
[INFO] [stdout] 8 | use panic_halt as _;
[INFO] [stdout]   |     ^^^^^^^^^^^^^^^ no external crate `panic_halt`
[INFO] [stdout] 
[INFO] [stdout] 
[INFO] [stdout] error[E0432]: unresolved import `sensor_caller::SensorCaller`
[INFO] [stdout]  --> examples/single_section.rs:6:5
[INFO] [stdout]   |
[INFO] [stdout] 6 | use sensor_caller::SensorCaller;
[INFO] [stdout]   |     ^^^^^^^^^^^^^^^^^^^^^^^^^^^ no `SensorCaller` in `sensor_caller`
[INFO] [stdout] 
[INFO] [stdout] 
[INFO] [stdout] error[E0432]: unresolved import `crate::intersection::*`
[INFO] [stdout]   --> examples/intersection.rs:27:5
[INFO] [stdout]    |
[INFO] [stdout] 27 | use crate::intersection::*;
[INFO] [stdout]    |     ^^^^^^^^^^^^^^^^^^^^^^ cannot glob-import a module into itself
[INFO] [stdout] 
[INFO] [stdout] 
[INFO] [stdout] error[E0432]: unresolved import `crate::time::micros`
[INFO] [stdout]   --> examples/intersection.rs:28:5
[INFO] [stdout]    |
[INFO] [stdout] 28 | use crate::time::micros as micros;
[INFO] [stdout]    |     ^^^^^^^^^^^^^^^^^^^^^^^^^^^^^ no `micros` in `time`
[INFO] [stdout] 
[INFO] [stdout] 
[INFO] [stdout] error[E0432]: unresolved import `crate::sensor::SensorEnum`
[INFO] [stdout]   --> examples/single_section.rs:17:20
[INFO] [stdout]    |
[INFO] [stdout] 17 | use crate::sensor::SensorEnum::*;
[INFO] [stdout]    |                    ^^^^^^^^^^ could not find `SensorEnum` in `sensor`
[INFO] [stdout] 
[INFO] [stdout] 
[INFO] [stdout] error[E0432]: unresolved import `crate::servo::*`
[INFO] [stdout]   --> examples/servo.rs:19:5
[INFO] [stdout]    |
[INFO] [stdout] 19 | use crate::servo::*;
[INFO] [stdout]    |     ^^^^^^^^^^^^^^^ cannot glob-import a module into itself
[INFO] [stdout] 
[INFO] [stdout] 
[INFO] [stdout] error[E0432]: unresolved import `crate::time::micros`
[INFO] [stdout]   --> examples/servo.rs:20:5
[INFO] [stdout]    |
[INFO] [stdout] 20 | use crate::time::micros as micros;
[INFO] [stdout]    |     ^^^^^^^^^^^^^^^^^^^^^^^^^^^^^ no `micros` in `time`
[INFO] [stdout] 
[INFO] [stdout] 
[INFO] [stdout] error[E0432]: unresolved import `crate::time::micros`
[INFO] [stdout]   --> examples/single_section.rs:18:5
[INFO] [stdout]    |
[INFO] [stdout] 18 | use crate::time::micros;
[INFO] [stdout]    |     ^^^^^^^^^^^^^^^^^^^ no `micros` in `time`
[INFO] [stdout] 
[INFO] [stdout] 
[INFO] [stdout] error[E0432]: unresolved import `panic_halt`
[INFO] [stdout]  --> examples/single_section.rs:5:5
[INFO] [stdout]   |
[INFO] [stdout] 5 | use panic_halt as _;
[INFO] [stdout]   |     ^^^^^^^^^^^^^^^ no external crate `panic_halt`
[INFO] [stdout] 
[INFO] [stdout] 
[INFO] [stdout] error[E0432]: unresolved import `crate::sensor::SensorEnum`
[INFO] [stdout]   --> examples/servo3.rs:18:20
[INFO] [stdout]    |
[INFO] [stdout] 18 | use crate::sensor::SensorEnum::*;
[INFO] [stdout]    |                    ^^^^^^^^^^ could not find `SensorEnum` in `sensor`
[INFO] [stdout] 
[INFO] [stdout] 
[INFO] [stdout] error[E0432]: unresolved import `panic_halt`
[INFO] [stdout]  --> examples/servo.rs:7:5
[INFO] [stdout]   |
[INFO] [stdout] 7 | use panic_halt as _;
[INFO] [stdout]   |     ^^^^^^^^^^^^^^^ no external crate `panic_halt`
[INFO] [stdout] 
[INFO] [stdout] 
[INFO] [stdout] error[E0432]: unresolved import `panic_halt`
[INFO] [stdout]  --> examples/intersection.rs:8:5
[INFO] [stdout]   |
[INFO] [stdout] 8 | use panic_halt as _;
[INFO] [stdout]   |     ^^^^^^^^^^^^^^^ no external crate `panic_halt`
[INFO] [stdout] 
[INFO] [stdout] 
[INFO] [stdout] error[E0432]: unresolved import `crate::servo_caller`
[INFO] [stdout]   --> examples/intersection.rs:22:12
[INFO] [stdout]    |
[INFO] [stdout] 22 | use crate::servo_caller::ServoCaller;
[INFO] [stdout]    |            ^^^^^^^^^^^^
[INFO] [stdout]    |            |
[INFO] [stdout]    |            unresolved import
[INFO] [stdout]    |            help: a similar path exists: `crate::servo::servo_caller`
[INFO] [stdout] 
[INFO] [stdout] 
[INFO] [stdout] error[E0432]: unresolved import `crate::servo_caller`
[INFO] [stdout]   --> examples/servo.rs:18:12
[INFO] [stdout]    |
[INFO] [stdout] 18 | use crate::servo_caller::ServoCaller;
[INFO] [stdout]    |            ^^^^^^^^^^^^
[INFO] [stdout]    |            |
[INFO] [stdout]    |            unresolved import
[INFO] [stdout]    |            help: a similar path exists: `crate::intersection::servo_caller`
[INFO] [stdout] 
[INFO] [stdout] 
[INFO] [stdout] error[E0432]: unresolved import `lights::Light`
[INFO] [stdout]  --> examples/intersection.rs:7:5
[INFO] [stdout]   |
[INFO] [stdout] 7 | use lights::Light;
[INFO] [stdout]   |     ^^^^^^^^^^^^^ no `Light` in `intersection::lights`
[INFO] [stdout] 
[INFO] [stdout] 
[INFO] [stdout] error[E0432]: unresolved import `sensor_caller::SensorCaller`
[INFO] [stdout]  --> examples/intersection.rs:9:5
[INFO] [stdout]   |
[INFO] [stdout] 9 | use sensor_caller::SensorCaller;
[INFO] [stdout]   |     ^^^^^^^^^^^^^^^^^^^^^^^^^^^ no `SensorCaller` in `intersection::sensor_caller`
[INFO] [stdout] 
[INFO] [stdout] 
[INFO] [stdout] error[E0432]: unresolved import `crate::servo_caller::ServoCaller`
[INFO] [stdout]   --> examples/intersection.rs:22:5
[INFO] [stdout]    |
[INFO] [stdout] 22 | use crate::servo_caller::ServoCaller;
[INFO] [stdout]    |     ^^^^^^^^^^^^^^^^^^^^^^^^^^^^^^^^ no `ServoCaller` in `servo_caller`
[INFO] [stdout] 
[INFO] [stdout] 
[INFO] [stdout] error[E0432]: unresolved import `crate::sensor::SensorEnum`
[INFO] [stdout]   --> examples/intersection.rs:25:20
[INFO] [stdout]    |
[INFO] [stdout] 25 | use crate::sensor::SensorEnum::*;
[INFO] [stdout]    |                    ^^^^^^^^^^ could not find `SensorEnum` in `sensor`
[INFO] [stdout] 
[INFO] [stdout] 
[INFO] [stdout] error[E0432]: unresolved import `crate::intersection::*`
[INFO] [stdout]   --> examples/intersection.rs:27:5
[INFO] [stdout]    |
[INFO] [stdout] 27 | use crate::intersection::*;
[INFO] [stdout]    |     ^^^^^^^^^^^^^^^^^^^^^^ cannot glob-import a module into itself
[INFO] [stdout] 
[INFO] [stdout] 
[INFO] [stdout] error[E0432]: unresolved import `crate::time::micros`
[INFO] [stdout]   --> examples/intersection.rs:28:5
[INFO] [stdout]    |
[INFO] [stdout] 28 | use crate::time::micros as micros;
[INFO] [stdout]    |     ^^^^^^^^^^^^^^^^^^^^^^^^^^^^^ no `micros` in `time`
[INFO] [stdout] 
[INFO] [stdout] 
[INFO] [stdout] error[E0432]: unresolved import `crate::servo_caller::ServoCaller`
[INFO] [stdout]   --> examples/servo.rs:18:5
[INFO] [stdout]    |
[INFO] [stdout] 18 | use crate::servo_caller::ServoCaller;
[INFO] [stdout]    |     ^^^^^^^^^^^^^^^^^^^^^^^^^^^^^^^^ no `ServoCaller` in `servo_caller`
[INFO] [stdout] 
[INFO] [stdout] 
[INFO] [stdout] error[E0432]: unresolved import `crate::time::micros`
[INFO] [stdout]   --> examples/servo.rs:20:5
[INFO] [stdout]    |
[INFO] [stdout] 20 | use crate::time::micros as micros;
[INFO] [stdout]    |     ^^^^^^^^^^^^^^^^^^^^^^^^^^^^^ no `micros` in `time`
[INFO] [stdout] 
[INFO] [stdout] 
[INFO] [stdout] error[E0432]: unresolved import `panic_halt`
[INFO] [stdout]  --> examples/servo.rs:7:5
[INFO] [stdout]   |
[INFO] [stdout] 7 | use panic_halt as _;
[INFO] [stdout]   |     ^^^^^^^^^^^^^^^ no external crate `panic_halt`
[INFO] [stdout] 
[INFO] [stdout] 
[INFO] [stdout] error[E0432]: unresolved import `panic_halt`
[INFO] [stdout]  --> examples/intersection.rs:8:5
[INFO] [stdout]   |
[INFO] [stdout] 8 | use panic_halt as _;
[INFO] [stdout]   |     ^^^^^^^^^^^^^^^ no external crate `panic_halt`
[INFO] [stdout] 
[INFO] [stdout] 
[INFO] [stdout] error[E0432]: unresolved import `lights::Light`
[INFO] [stdout]  --> examples/intersection.rs:7:5
[INFO] [stdout]   |
[INFO] [stdout] 7 | use lights::Light;
[INFO] [stdout]   |     ^^^^^^^^^^^^^ no `Light` in `intersection::lights`
[INFO] [stdout] 
[INFO] [stdout] 
[INFO] [stdout] error[E0432]: unresolved import `sensor_caller::SensorCaller`
[INFO] [stdout]  --> examples/intersection.rs:9:5
[INFO] [stdout]   |
[INFO] [stdout] 9 | use sensor_caller::SensorCaller;
[INFO] [stdout]   |     ^^^^^^^^^^^^^^^^^^^^^^^^^^^ no `SensorCaller` in `intersection::sensor_caller`
[INFO] [stdout] 
[INFO] [stdout] 
[INFO] [stdout] error[E0432]: unresolved import `crate::servo_caller::ServoCaller`
[INFO] [stdout]   --> examples/intersection.rs:22:5
[INFO] [stdout]    |
[INFO] [stdout] 22 | use crate::servo_caller::ServoCaller;
[INFO] [stdout]    |     ^^^^^^^^^^^^^^^^^^^^^^^^^^^^^^^^ no `ServoCaller` in `servo_caller`
[INFO] [stdout] 
[INFO] [stdout] 
[INFO] [stdout] error[E0432]: unresolved import `crate::sensor::SensorEnum`
[INFO] [stdout]   --> examples/intersection.rs:25:20
[INFO] [stdout]    |
[INFO] [stdout] 25 | use crate::sensor::SensorEnum::*;
[INFO] [stdout]    |                    ^^^^^^^^^^ could not find `SensorEnum` in `sensor`
[INFO] [stdout] 
[INFO] [stdout] 
[INFO] [stdout] error[E0432]: unresolved import `crate::servo_caller::ServoCaller`
[INFO] [stdout]   --> examples/servo.rs:18:5
[INFO] [stdout]    |
[INFO] [stdout] 18 | use crate::servo_caller::ServoCaller;
[INFO] [stdout]    |     ^^^^^^^^^^^^^^^^^^^^^^^^^^^^^^^^ no `ServoCaller` in `servo_caller`
[INFO] [stdout] 
[INFO] [stdout] 
[INFO] [stdout] error[E0412]: cannot find type `Stopper` in this scope
[INFO] [stdout]   --> examples/single_section.rs:30:28
[INFO] [stdout]    |
[INFO] [stdout] 30 |     let stopper_1: RefCell<Stopper<Pin<Output>>> = RefCell::new(Stopper::new(stopper_1_pin));
[INFO] [stdout]    |                            ^^^^^^^ not found in this scope
[INFO] [stdout] 
[INFO] [stdout] 
[INFO] [stdout] error[E0432]: unresolved import `crate::intersection::*`
[INFO] [stdout]   --> examples/intersection.rs:27:5
[INFO] [stdout]    |
[INFO] [stdout] 27 | use crate::intersection::*;
[INFO] [stdout]    |     ^^^^^^^^^^^^^^^^^^^^^^ cannot glob-import a module into itself
[INFO] [stdout] 
[INFO] [stdout] 
[INFO] [stdout] error[E0432]: unresolved import `crate::servo::*`
[INFO] [stdout]   --> examples/servo.rs:19:5
[INFO] [stdout]    |
[INFO] [stdout] 19 | use crate::servo::*;
[INFO] [stdout]    |     ^^^^^^^^^^^^^^^ cannot glob-import a module into itself
[INFO] [stdout] 
[INFO] [stdout] 
[INFO] [stdout] error[E0412]: cannot find type `Sensor` in this scope
[INFO] [stdout]   --> examples/single_section.rs:34:27
[INFO] [stdout]    |
[INFO] [stdout] 34 |     let sensor_1: RefCell<Sensor<Pin<Output>, Pin<Input>>> = RefCell::new(Sensor::new(sensor_1_pin));
[INFO] [stdout]    |                           ^^^^^^ not found in this scope
[INFO] [stdout] 
[INFO] [stdout] 
[INFO] [stdout] error[E0412]: cannot find type `Section` in this scope
[INFO] [stdout]   --> examples/single_section.rs:37:28
[INFO] [stdout]    |
[INFO] [stdout] 37 |     let section_1: RefCell<Section<Pin<Output>, Pin<Input>>> = RefCell::new(Section::new());
[INFO] [stdout]    |                            ^^^^^^^ not found in this scope
[INFO] [stdout] 
[INFO] [stdout] 
[INFO] [stdout] error[E0412]: cannot find type `Sensor` in this scope
[INFO] [stdout]   --> examples/single_section.rs:39:27
[INFO] [stdout]    |
[INFO] [stdout] 39 |     let sensor_2: RefCell<Sensor<Pin<Output>, Pin<Input>>> = RefCell::new(Sensor::new(sensor_2_pin));
[INFO] [stdout]    |                           ^^^^^^ not found in this scope
[INFO] [stdout] 
[INFO] [stdout] 
[INFO] [stdout] error[E0425]: cannot find function `micros_init` in module `crate::time`
[INFO] [stdout]   --> examples/single_section.rs:50:18
[INFO] [stdout]    |
[INFO] [stdout] 50 |     crate::time::micros_init(dp.TC0);
[INFO] [stdout]    |                  ^^^^^^^^^^^ not found in `crate::time`
[INFO] [stdout] 
[INFO] [stdout] 
[INFO] [stdout] error[E0432]: unresolved import `crate::time::micros`
[INFO] [stdout]   --> examples/intersection.rs:28:5
[INFO] [stdout]    |
[INFO] [stdout] 28 | use crate::time::micros as micros;
[INFO] [stdout]    |     ^^^^^^^^^^^^^^^^^^^^^^^^^^^^^ no `micros` in `time`
[INFO] [stdout] 
[INFO] [stdout] 
[INFO] [stdout] error[E0432]: unresolved import `crate::servo_caller::ServoCaller`
[INFO] [stdout]   --> examples/servo.rs:18:5
[INFO] [stdout]    |
[INFO] [stdout] 18 | use crate::servo_caller::ServoCaller;
[INFO] [stdout]    |     ^^^^^^^^^^^^^^^^^^^^^^^^^^^^^^^^ no `ServoCaller` in `servo_caller`
[INFO] [stdout] 
[INFO] [stdout] 
[INFO] [stdout] error[E0432]: unresolved import `crate::time::micros`
[INFO] [stdout]   --> examples/servo.rs:20:5
[INFO] [stdout]    |
[INFO] [stdout] 20 | use crate::time::micros as micros;
[INFO] [stdout]    |     ^^^^^^^^^^^^^^^^^^^^^^^^^^^^^ no `micros` in `time`
[INFO] [stdout] 
[INFO] [stdout] 
[INFO] [stdout] warning: unused import: `crate::section::*`
[INFO] [stdout]   --> examples/single_section.rs:14:5
[INFO] [stdout]    |
[INFO] [stdout] 14 | use crate::section::*;
[INFO] [stdout]    |     ^^^^^^^^^^^^^^^^^
[INFO] [stdout]    |
[INFO] [stdout]    = note: `#[warn(unused_imports)]` on by default
[INFO] [stdout] 
[INFO] [stdout] 
[INFO] [stdout] error[E0432]: unresolved import `crate::servo::*`
[INFO] [stdout]   --> examples/servo.rs:19:5
[INFO] [stdout]    |
[INFO] [stdout] 19 | use crate::servo::*;
[INFO] [stdout]    |     ^^^^^^^^^^^^^^^ cannot glob-import a module into itself
[INFO] [stdout] 
[INFO] [stdout] 
[INFO] [stdout] warning: unused import: `crate::stopper::*`
[INFO] [stdout]   --> examples/single_section.rs:15:5
[INFO] [stdout]    |
[INFO] [stdout] 15 | use crate::stopper::*;
[INFO] [stdout]    |     ^^^^^^^^^^^^^^^^^
[INFO] [stdout] 
[INFO] [stdout] 
[INFO] [stdout] error[E0432]: unresolved import `lights::Light`
[INFO] [stdout]  --> examples/intersection.rs:7:5
[INFO] [stdout]   |
[INFO] [stdout] 7 | use lights::Light;
[INFO] [stdout]   |     ^^^^^^^^^^^^^ no `Light` in `intersection::lights`
[INFO] [stdout] 
[INFO] [stdout] 
[INFO] [stdout] warning: unused import: `crate::sensor::*`
[INFO] [stdout]   --> examples/single_section.rs:16:5
[INFO] [stdout]    |
[INFO] [stdout] 16 | use crate::sensor::*;
[INFO] [stdout]    |     ^^^^^^^^^^^^^^^^
[INFO] [stdout] 
[INFO] [stdout] 
[INFO] [stdout] error[E0432]: unresolved import `sensor_caller::SensorCaller`
[INFO] [stdout]  --> examples/intersection.rs:9:5
[INFO] [stdout]   |
[INFO] [stdout] 9 | use sensor_caller::SensorCaller;
[INFO] [stdout]   |     ^^^^^^^^^^^^^^^^^^^^^^^^^^^ no `SensorCaller` in `intersection::sensor_caller`
[INFO] [stdout] 
[INFO] [stdout] 
[INFO] [stdout] error[E0432]: unresolved import `crate::time::micros`
[INFO] [stdout]   --> examples/servo.rs:20:5
[INFO] [stdout]    |
[INFO] [stdout] 20 | use crate::time::micros as micros;
[INFO] [stdout]    |     ^^^^^^^^^^^^^^^^^^^^^^^^^^^^^ no `micros` in `time`
[INFO] [stdout] 
[INFO] [stdout] 
[INFO] [stdout] error[E0432]: unresolved import `crate::servo_caller::ServoCaller`
[INFO] [stdout]   --> examples/intersection.rs:22:5
[INFO] [stdout]    |
[INFO] [stdout] 22 | use crate::servo_caller::ServoCaller;
[INFO] [stdout]    |     ^^^^^^^^^^^^^^^^^^^^^^^^^^^^^^^^ no `ServoCaller` in `servo_caller`
[INFO] [stdout] 
[INFO] [stdout] 
[INFO] [stdout] error[E0432]: unresolved import `crate::sensor::SensorEnum`
[INFO] [stdout]   --> examples/intersection.rs:25:20
[INFO] [stdout]    |
[INFO] [stdout] 25 | use crate::sensor::SensorEnum::*;
[INFO] [stdout]    |                    ^^^^^^^^^^ could not find `SensorEnum` in `sensor`
[INFO] [stdout] 
[INFO] [stdout] 
[INFO] [stdout] error: `#[panic_handler]` function required, but not found
[INFO] [stdout] 
[INFO] [stdout] 
[INFO] [stdout] error[E0432]: unresolved import `crate::lights::Light`
[INFO] [stdout]   --> examples/main.rs:36:5
[INFO] [stdout]    |
[INFO] [stdout] 36 | use crate::lights::Light;
[INFO] [stdout]    |     ^^^^^^^^^^^^^^^^^^^^ no `Light` in `lights`
[INFO] [stdout] 
[INFO] [stdout] 
[INFO] [stdout] error[E0432]: unresolved import `crate::sensor_caller::SensorCaller`
[INFO] [stdout]   --> examples/main.rs:37:5
[INFO] [stdout]    |
[INFO] [stdout] 37 | use crate::sensor_caller::SensorCaller;
[INFO] [stdout]    |     ^^^^^^^^^^^^^^^^^^^^^^^^^^^^^^^^^^ no `SensorCaller` in `sensor_caller`
[INFO] [stdout] 
[INFO] [stdout] 
[INFO] [stdout] error[E0432]: unresolved import `crate::intersection::*`
[INFO] [stdout]   --> examples/intersection.rs:27:5
[INFO] [stdout]    |
[INFO] [stdout] 27 | use crate::intersection::*;
[INFO] [stdout]    |     ^^^^^^^^^^^^^^^^^^^^^^ cannot glob-import a module into itself
[INFO] [stdout] 
[INFO] [stdout] 
[INFO] [stdout] error[E0432]: unresolved import `crate::sensor::SensorEnum`
[INFO] [stdout]   --> examples/main.rs:40:20
[INFO] [stdout]    |
[INFO] [stdout] 40 | use crate::sensor::SensorEnum::*;
[INFO] [stdout]    |                    ^^^^^^^^^^ could not find `SensorEnum` in `sensor`
[INFO] [stdout] 
[INFO] [stdout] 
[INFO] [stdout] error[E0432]: unresolved import `crate::time::micros`
[INFO] [stdout]   --> examples/intersection.rs:28:5
[INFO] [stdout]    |
[INFO] [stdout] 28 | use crate::time::micros as micros;
[INFO] [stdout]    |     ^^^^^^^^^^^^^^^^^^^^^^^^^^^^^ no `micros` in `time`
[INFO] [stdout] 
[INFO] [stdout] 
[INFO] [stdout] error[E0432]: unresolved import `crate::servo_caller::ServoCaller`
[INFO] [stdout]   --> examples/main.rs:43:5
[INFO] [stdout]    |
[INFO] [stdout] 43 | use crate::servo_caller::ServoCaller;
[INFO] [stdout]    |     ^^^^^^^^^^^^^^^^^^^^^^^^^^^^^^^^ no `ServoCaller` in `servo_caller`
[INFO] [stdout] 
[INFO] [stdout] 
[INFO] [stdout] error[E0570]: `"avr-interrupt"` is not a supported ABI for the current target
[INFO] [stdout]   --> src/time.rs:31:1
[INFO] [stdout]    |
[INFO] [stdout] 31 | #[avr_device::interrupt(atmega2560)]
[INFO] [stdout]    | ^^^^^^^^^^^^^^^^^^^^^^^^^^^^^^^^^^^^
[INFO] [stdout]    |
[INFO] [stdout]    = note: this error originates in the attribute macro `avr_device::interrupt` (in Nightly builds, run with -Z macro-backtrace for more info)
[INFO] [stdout] 
[INFO] [stdout] 
[INFO] [stdout] error[E0433]: failed to resolve: use of undeclared type `Stopper`
[INFO] [stdout]   --> examples/single_section.rs:30:65
[INFO] [stdout]    |
[INFO] [stdout] 30 |     let stopper_1: RefCell<Stopper<Pin<Output>>> = RefCell::new(Stopper::new(stopper_1_pin));
[INFO] [stdout]    |                                                                 ^^^^^^^ use of undeclared type `Stopper`
[INFO] [stdout] 
[INFO] [stdout] 
[INFO] [stdout] error[E0433]: failed to resolve: use of undeclared type `Sensor`
[INFO] [stdout]   --> examples/single_section.rs:34:75
[INFO] [stdout]    |
[INFO] [stdout] 34 |     let sensor_1: RefCell<Sensor<Pin<Output>, Pin<Input>>> = RefCell::new(Sensor::new(sensor_1_pin));
[INFO] [stdout]    |                                                                           ^^^^^^ use of undeclared type `Sensor`
[INFO] [stdout] 
[INFO] [stdout] 
[INFO] [stdout] error[E0432]: unresolved import `crate::servo_caller::ServoCaller`
[INFO] [stdout]   --> examples/servo2.rs:16:5
[INFO] [stdout]    |
[INFO] [stdout] 16 | use crate::servo_caller::ServoCaller;
[INFO] [stdout]    |     ^^^^^^^^^^^^^^^^^^^^^^^^^^^^^^^^ no `ServoCaller` in `servo_caller`
[INFO] [stdout] 
[INFO] [stdout] 
[INFO] [stdout] error[E0433]: failed to resolve: use of undeclared type `Section`
[INFO] [stdout]   --> examples/single_section.rs:37:77
[INFO] [stdout]    |
[INFO] [stdout] 37 |     let section_1: RefCell<Section<Pin<Output>, Pin<Input>>> = RefCell::new(Section::new());
[INFO] [stdout]    |                                                                             ^^^^^^^ use of undeclared type `Section`
[INFO] [stdout] 
[INFO] [stdout] 
[INFO] [stdout] error[E0432]: unresolved import `crate::time::micros`
[INFO] [stdout]   --> examples/main.rs:45:5
[INFO] [stdout]    |
[INFO] [stdout] 45 | use crate::time::micros;
[INFO] [stdout]    |     ^^^^^^^^^^^^^^^^^^^ no `micros` in `time`
[INFO] [stdout] 
[INFO] [stdout] 
[INFO] [stdout] error[E0433]: failed to resolve: use of undeclared type `Sensor`
[INFO] [stdout]   --> examples/single_section.rs:39:75
[INFO] [stdout]    |
[INFO] [stdout] 39 |     let sensor_2: RefCell<Sensor<Pin<Output>, Pin<Input>>> = RefCell::new(Sensor::new(sensor_2_pin));
[INFO] [stdout]    |                                                                           ^^^^^^ use of undeclared type `Sensor`
[INFO] [stdout] 
[INFO] [stdout] 
[INFO] [stdout] error[E0425]: cannot find function, tuple struct or tuple variant `StartSensor` in this scope
[INFO] [stdout]   --> examples/single_section.rs:41:39
[INFO] [stdout]    |
[INFO] [stdout] 41 |     section_1.borrow_mut().add_sensor(StartSensor(&sensor_1));
[INFO] [stdout]    |                                       ^^^^^^^^^^^ not found in this scope
[INFO] [stdout] 
[INFO] [stdout] 
[INFO] [stdout] error[E0432]: unresolved import `crate::time::micros`
[INFO] [stdout]   --> examples/servo2.rs:18:5
[INFO] [stdout]    |
[INFO] [stdout] 18 | use crate::time::micros as micros;
[INFO] [stdout]    |     ^^^^^^^^^^^^^^^^^^^^^^^^^^^^^ no `micros` in `time`
[INFO] [stdout] 
[INFO] [stdout] 
[INFO] [stdout] error[E0425]: cannot find function, tuple struct or tuple variant `EndSensor` in this scope
[INFO] [stdout]   --> examples/single_section.rs:42:39
[INFO] [stdout]    |
[INFO] [stdout] 42 |     section_1.borrow_mut().add_sensor(EndSensor(&sensor_2));
[INFO] [stdout]    |                                       ^^^^^^^^^ not found in this scope
[INFO] [stdout] 
[INFO] [stdout] 
[INFO] [stdout] error: aborting due to 22 previous errors; 3 warnings emitted
[INFO] [stdout] 
[INFO] [stdout] 
[INFO] [stdout] error[E0432]: unresolved import `panic_halt`
[INFO] [stdout]  --> examples/servo.rs:7:5
[INFO] [stdout]   |
[INFO] [stdout] 7 | use panic_halt as _;
[INFO] [stdout]   |     ^^^^^^^^^^^^^^^ no external crate `panic_halt`
[INFO] [stdout] 
[INFO] [stdout] 
[INFO] [stdout] Some errors have detailed explanations: E0412, E0425, E0432, E0433, E0583.
[INFO] [stdout] 
[INFO] [stdout] For more information about an error, try `rustc --explain E0412`.
[INFO] [stdout] 
[INFO] [stdout] error[E0432]: unresolved import `panic_halt`
[INFO] [stdout]  --> examples/intersection.rs:8:5
[INFO] [stdout]   |
[INFO] [stdout] 8 | use panic_halt as _;
[INFO] [stdout]   |     ^^^^^^^^^^^^^^^ no external crate `panic_halt`
[INFO] [stdout] 
[INFO] [stdout] 
[INFO] [stdout] error[E0432]: unresolved import `panic_halt`
[INFO] [stdout]  --> examples/servo.rs:7:5
[INFO] [stdout]   |
[INFO] [stdout] 7 | use panic_halt as _;
[INFO] [stdout]   |     ^^^^^^^^^^^^^^^ no external crate `panic_halt`
[INFO] [stdout] 
[INFO] [stdout] 
[INFO] [stdout] error[E0432]: unresolved import `panic_halt`
[INFO] [stdout]  --> examples/intersection.rs:8:5
[INFO] [stdout]   |
[INFO] [stdout] 8 | use panic_halt as _;
[INFO] [stdout]   |     ^^^^^^^^^^^^^^^ no external crate `panic_halt`
[INFO] [stdout] 
[INFO] [stdout] 
[INFO] [stdout] error[E0412]: cannot find type `Servo` in this scope
[INFO] [stdout]   --> examples/servo.rs:31:26
[INFO] [stdout]    |
[INFO] [stdout] 31 |     let servo_1: RefCell<Servo<Pin<Output>>> = RefCell::new(Servo::new(servo_1_pin, 30, 90));
[INFO] [stdout]    |                          ^^^^^ not found in this scope
[INFO] [stdout] 
[INFO] [stdout] 
[INFO] [stdout] error[E0425]: cannot find function `micros_init` in module `crate::time`
[INFO] [stdout]   --> examples/servo.rs:38:18
[INFO] [stdout]    |
[INFO] [stdout] 38 |     crate::time::micros_init(dp.TC0);
[INFO] [stdout]    |                  ^^^^^^^^^^^ not found in `crate::time`
[INFO] [stdout] 
[INFO] [stdout] 
[INFO] [stdout] error[E0412]: cannot find type `Servo` in this scope
[INFO] [stdout]   --> examples/intersection.rs:53:29
[INFO] [stdout]    |
[INFO] [stdout] 53 |     let left_servo: RefCell<Servo<Pin<Output>>> = RefCell::new(Servo::new(left_servo_pin, 30, 90));
[INFO] [stdout]    |                             ^^^^^ not found in this scope
[INFO] [stdout] 
[INFO] [stdout] 
[INFO] [stdout] error[E0412]: cannot find type `Servo` in this scope
[INFO] [stdout]   --> examples/intersection.rs:57:30
[INFO] [stdout]    |
[INFO] [stdout] 57 |     let right_servo: RefCell<Servo<Pin<Output>>> = RefCell::new(Servo::new(right_servo_pin, 30, 90));
[INFO] [stdout]    |                              ^^^^^ not found in this scope
[INFO] [stdout] 
[INFO] [stdout] 
[INFO] [stdout] error[E0412]: cannot find type `Servo` in this scope
[INFO] [stdout]   --> examples/intersection.rs:61:30
[INFO] [stdout]    |
[INFO] [stdout] 61 |     let upper_servo: RefCell<Servo<Pin<Output>>> = RefCell::new(Servo::new(upper_servo_pin, 30, 90));
[INFO] [stdout]    |                              ^^^^^ not found in this scope
[INFO] [stdout] 
[INFO] [stdout] 
[INFO] [stdout] error[E0422]: cannot find struct, variant or union type `IntersectionArm` in this scope
[INFO] [stdout]   --> examples/intersection.rs:84:33
[INFO] [stdout]    |
[INFO] [stdout] 84 |     let left_intersection_arm = IntersectionArm {
[INFO] [stdout]    |                                 ^^^^^^^^^^^^^^^ not found in this scope
[INFO] [stdout] 
[INFO] [stdout] 
[INFO] [stdout] error[E0422]: cannot find struct, variant or union type `IntersectionArm` in this scope
[INFO] [stdout]   --> examples/intersection.rs:91:34
[INFO] [stdout]    |
[INFO] [stdout] 91 |     let right_intersection_arm = IntersectionArm {
[INFO] [stdout]    |                                  ^^^^^^^^^^^^^^^ not found in this scope
[INFO] [stdout] 
[INFO] [stdout] 
[INFO] [stdout] error[E0422]: cannot find struct, variant or union type `IntersectionArm` in this scope
[INFO] [stdout]   --> examples/intersection.rs:98:34
[INFO] [stdout]    |
[INFO] [stdout] 98 |     let upper_intersection_arm = IntersectionArm {
[INFO] [stdout]    |                                  ^^^^^^^^^^^^^^^ not found in this scope
[INFO] [stdout] 
[INFO] [stdout] 
[INFO] [stdout] error[E0425]: cannot find function `micros_init` in module `crate::time`
[INFO] [stdout]    --> examples/intersection.rs:118:18
[INFO] [stdout]     |
[INFO] [stdout] 118 |     crate::time::micros_init(dp.TC0);
[INFO] [stdout]     |                  ^^^^^^^^^^^ not found in `crate::time`
[INFO] [stdout] 
[INFO] [stdout] 
[INFO] [stdout] warning: unused import: `crate::servo::*`
[INFO] [stdout]   --> examples/servo.rs:19:5
[INFO] [stdout]    |
[INFO] [stdout] 19 | use crate::servo::*;
[INFO] [stdout]    |     ^^^^^^^^^^^^^^^
[INFO] [stdout]    |
[INFO] [stdout]    = note: `#[warn(unused_imports)]` on by default
[INFO] [stdout] 
[INFO] [stdout] 
[INFO] [stdout] warning: unused import: `crate::section::*`
[INFO] [stdout]   --> examples/intersection.rs:21:5
[INFO] [stdout]    |
[INFO] [stdout] 21 | use crate::section::*;
[INFO] [stdout]    |     ^^^^^^^^^^^^^^^^^
[INFO] [stdout] 
[INFO] [stdout] 
[INFO] [stdout] error[E0412]: cannot find type `Servo` in this scope
[INFO] [stdout]   --> examples/intersection.rs:53:29
[INFO] [stdout]    |
[INFO] [stdout] 53 |     let left_servo: RefCell<Servo<Pin<Output>>> = RefCell::new(Servo::new(left_servo_pin, 30, 90));
[INFO] [stdout]    |                             ^^^^^ not found in this scope
[INFO] [stdout] 
[INFO] [stdout] 
[INFO] [stdout] warning: unused import: `crate::stopper::*`
[INFO] [stdout]   --> examples/intersection.rs:23:5
[INFO] [stdout]    |
[INFO] [stdout] 23 | use crate::stopper::*;
[INFO] [stdout]    |     ^^^^^^^^^^^^^^^^^
[INFO] [stdout] 
[INFO] [stdout] 
[INFO] [stdout] error[E0412]: cannot find type `Servo` in this scope
[INFO] [stdout]   --> examples/intersection.rs:57:30
[INFO] [stdout]    |
[INFO] [stdout] 57 |     let right_servo: RefCell<Servo<Pin<Output>>> = RefCell::new(Servo::new(right_servo_pin, 30, 90));
[INFO] [stdout]    |                              ^^^^^ not found in this scope
[INFO] [stdout] 
[INFO] [stdout] 
[INFO] [stdout] warning: unused import: `crate::sensor::*`
[INFO] [stdout]   --> examples/intersection.rs:24:5
[INFO] [stdout]    |
[INFO] [stdout] 24 | use crate::sensor::*;
[INFO] [stdout]    |     ^^^^^^^^^^^^^^^^
[INFO] [stdout] 
[INFO] [stdout] 
[INFO] [stdout] warning: unused import: `crate::servo::*`
[INFO] [stdout]   --> examples/intersection.rs:26:5
[INFO] [stdout]    |
[INFO] [stdout] 26 | use crate::servo::*;
[INFO] [stdout]    |     ^^^^^^^^^^^^^^^
[INFO] [stdout] 
[INFO] [stdout] 
[INFO] [stdout] error[E0412]: cannot find type `Servo` in this scope
[INFO] [stdout]   --> examples/intersection.rs:61:30
[INFO] [stdout]    |
[INFO] [stdout] 61 |     let upper_servo: RefCell<Servo<Pin<Output>>> = RefCell::new(Servo::new(upper_servo_pin, 30, 90));
[INFO] [stdout]    |                              ^^^^^ not found in this scope
[INFO] [stdout] 
[INFO] [stdout] 
[INFO] [stdout] error[E0422]: cannot find struct, variant or union type `IntersectionArm` in this scope
[INFO] [stdout]   --> examples/intersection.rs:84:33
[INFO] [stdout]    |
[INFO] [stdout] 84 |     let left_intersection_arm = IntersectionArm {
[INFO] [stdout]    |                                 ^^^^^^^^^^^^^^^ not found in this scope
[INFO] [stdout] 
[INFO] [stdout] 
[INFO] [stdout] warning: unused import: `crate::intersection::*`
[INFO] [stdout]   --> examples/intersection.rs:27:5
[INFO] [stdout]    |
[INFO] [stdout] 27 | use crate::intersection::*;
[INFO] [stdout]    |     ^^^^^^^^^^^^^^^^^^^^^^
[INFO] [stdout] 
[INFO] [stdout] 
[INFO] [stdout] error[E0422]: cannot find struct, variant or union type `IntersectionArm` in this scope
[INFO] [stdout]   --> examples/intersection.rs:91:34
[INFO] [stdout]    |
[INFO] [stdout] 91 |     let right_intersection_arm = IntersectionArm {
[INFO] [stdout]    |                                  ^^^^^^^^^^^^^^^ not found in this scope
[INFO] [stdout] 
[INFO] [stdout] 
[INFO] [stdout] error[E0422]: cannot find struct, variant or union type `IntersectionArm` in this scope
[INFO] [stdout]   --> examples/intersection.rs:98:34
[INFO] [stdout]    |
[INFO] [stdout] 98 |     let upper_intersection_arm = IntersectionArm {
[INFO] [stdout]    |                                  ^^^^^^^^^^^^^^^ not found in this scope
[INFO] [stdout] 
[INFO] [stdout] 
[INFO] [stdout] warning: unused import: `Input`
[INFO] [stdout]   --> examples/intersection.rs:30:45
[INFO] [stdout]    |
[INFO] [stdout] 30 | use arduino_hal::port::{Pin, mode::{Output, Input}};
[INFO] [stdout]    |                                             ^^^^^
[INFO] [stdout] 
[INFO] [stdout] 
[INFO] [stdout] error[E0425]: cannot find function `micros_init` in module `crate::time`
[INFO] [stdout]    --> examples/intersection.rs:118:18
[INFO] [stdout]     |
[INFO] [stdout] 118 |     crate::time::micros_init(dp.TC0);
[INFO] [stdout]     |                  ^^^^^^^^^^^ not found in `crate::time`
[INFO] [stdout] 
[INFO] [stdout] 
[INFO] [stdout] error[E0412]: cannot find type `Servo` in this scope
[INFO] [stdout]   --> examples/servo.rs:31:26
[INFO] [stdout]    |
[INFO] [stdout] 31 |     let servo_1: RefCell<Servo<Pin<Output>>> = RefCell::new(Servo::new(servo_1_pin, 30, 90));
[INFO] [stdout]    |                          ^^^^^ not found in this scope
[INFO] [stdout] 
[INFO] [stdout] 
[INFO] [stdout] error[E0425]: cannot find function `micros_init` in module `crate::time`
[INFO] [stdout]   --> examples/servo.rs:38:18
[INFO] [stdout]    |
[INFO] [stdout] 38 |     crate::time::micros_init(dp.TC0);
[INFO] [stdout]    |                  ^^^^^^^^^^^ not found in `crate::time`
[INFO] [stdout] 
[INFO] [stdout] 
[INFO] [stdout] error[E0425]: cannot find function `millis_init` in module `crate::time`
[INFO] [stdout]   --> examples/servo3.rs:51:18
[INFO] [stdout]    |
[INFO] [stdout] 51 |     crate::time::millis_init(dp.TC0);
[INFO] [stdout]    |                  ^^^^^^^^^^^ not found in `crate::time`
[INFO] [stdout] 
[INFO] [stdout] 
[INFO] [stdout] warning: crate-level attribute should be in the root module
[INFO] [stdout]  --> examples/servo.rs:1:1
[INFO] [stdout]   |
[INFO] [stdout] 1 | #![no_std]
[INFO] [stdout]   | ^^^^^^^^^^
[INFO] [stdout]   |
[INFO] [stdout]   = note: `#[warn(unused_attributes)]` on by default
[INFO] [stdout] 
[INFO] [stdout] 
[INFO] [stdout] warning: crate-level attribute should be in the root module
[INFO] [stdout]  --> examples/servo.rs:2:1
[INFO] [stdout]   |
[INFO] [stdout] 2 | #![no_main]
[INFO] [stdout]   | ^^^^^^^^^^^
[INFO] [stdout] 
[INFO] [stdout] 
[INFO] [stderr] error: could not compile `car-system` (example "single_section") due to 23 previous errors; 3 warnings emitted
[INFO] [stderr] warning: build failed, waiting for other jobs to finish...
[INFO] [stdout] warning: unused import: `crate::section::*`
[INFO] [stdout]   --> examples/intersection.rs:21:5
[INFO] [stdout]    |
[INFO] [stdout] 21 | use crate::section::*;
[INFO] [stdout]    |     ^^^^^^^^^^^^^^^^^
[INFO] [stdout]    |
[INFO] [stdout]    = note: `#[warn(unused_imports)]` on by default
[INFO] [stdout] 
[INFO] [stdout] 
[INFO] [stdout] warning: crate-level attribute should be in the root module
[INFO] [stdout]  --> examples/servo.rs:3:1
[INFO] [stdout]   |
[INFO] [stdout] 3 | #![feature(abi_avr_interrupt)]
[INFO] [stdout]   | ^^^^^^^^^^^^^^^^^^^^^^^^^^^^^^
[INFO] [stdout] 
[INFO] [stdout] 
[INFO] [stdout] warning: unused import: `crate::stopper::*`
[INFO] [stdout]   --> examples/intersection.rs:23:5
[INFO] [stdout]    |
[INFO] [stdout] 23 | use crate::stopper::*;
[INFO] [stdout]    |     ^^^^^^^^^^^^^^^^^
[INFO] [stdout] 
[INFO] [stdout] 
[INFO] [stdout] warning: unused import: `crate::sensor::*`
[INFO] [stdout]   --> examples/intersection.rs:24:5
[INFO] [stdout]    |
[INFO] [stdout] 24 | use crate::sensor::*;
[INFO] [stdout]    |     ^^^^^^^^^^^^^^^^
[INFO] [stdout] 
[INFO] [stdout] 
[INFO] [stdout] warning: unused import: `crate::servo::*`
[INFO] [stdout]   --> examples/intersection.rs:26:5
[INFO] [stdout]    |
[INFO] [stdout] 26 | use crate::servo::*;
[INFO] [stdout]    |     ^^^^^^^^^^^^^^^
[INFO] [stdout] 
[INFO] [stdout] 
[INFO] [stdout] warning: unused import: `crate::intersection::*`
[INFO] [stdout]   --> examples/intersection.rs:27:5
[INFO] [stdout]    |
[INFO] [stdout] 27 | use crate::intersection::*;
[INFO] [stdout]    |     ^^^^^^^^^^^^^^^^^^^^^^
[INFO] [stdout] 
[INFO] [stdout] 
[INFO] [stdout] warning: unused import: `Input`
[INFO] [stdout]   --> examples/intersection.rs:30:45
[INFO] [stdout]    |
[INFO] [stdout] 30 | use arduino_hal::port::{Pin, mode::{Output, Input}};
[INFO] [stdout]    |                                             ^^^^^
[INFO] [stdout] 
[INFO] [stdout] 
[INFO] [stdout] error: `#[panic_handler]` function required, but not found
[INFO] [stdout] 
[INFO] [stdout] 
[INFO] [stdout] warning: unused import: `crate::servo::*`
[INFO] [stdout]   --> examples/servo.rs:19:5
[INFO] [stdout]    |
[INFO] [stdout] 19 | use crate::servo::*;
[INFO] [stdout]    |     ^^^^^^^^^^^^^^^
[INFO] [stdout] 
[INFO] [stdout] 
[INFO] [stdout] warning: unused import: `crate::section::*`
[INFO] [stdout]   --> examples/servo3.rs:17:5
[INFO] [stdout]    |
[INFO] [stdout] 17 | use crate::section::*;
[INFO] [stdout]    |     ^^^^^^^^^^^^^^^^^
[INFO] [stdout] 
[INFO] [stdout] 
[INFO] [stdout] warning: unused import: `crate::sensor::*`
[INFO] [stdout]   --> examples/servo3.rs:19:5
[INFO] [stdout]    |
[INFO] [stdout] 19 | use crate::sensor::*;
[INFO] [stdout]    |     ^^^^^^^^^^^^^^^^
[INFO] [stdout] 
[INFO] [stdout] 
[INFO] [stdout] warning: unused import: `crate::stopper::*`
[INFO] [stdout]   --> examples/servo3.rs:20:5
[INFO] [stdout]    |
[INFO] [stdout] 20 | use crate::stopper::*;
[INFO] [stdout]    |     ^^^^^^^^^^^^^^^^^
[INFO] [stdout] 
[INFO] [stdout] 
[INFO] [stdout] warning: unused imports: `Input`, `Output`, `Pin`
[INFO] [stdout]   --> examples/servo3.rs:23:12
[INFO] [stdout]    |
[INFO] [stdout] 23 |     mode::{Input, Output},
[INFO] [stdout]    |            ^^^^^  ^^^^^^
[INFO] [stdout] 24 |     Pin,
[INFO] [stdout]    |     ^^^
[INFO] [stdout] 
[INFO] [stdout] 
[INFO] [stdout] error[E0433]: failed to resolve: use of undeclared type `Servo`
[INFO] [stdout]   --> examples/servo.rs:31:61
[INFO] [stdout]    |
[INFO] [stdout] 31 |     let servo_1: RefCell<Servo<Pin<Output>>> = RefCell::new(Servo::new(servo_1_pin, 30, 90));
[INFO] [stdout]    |                                                             ^^^^^ use of undeclared type `Servo`
[INFO] [stdout] 
[INFO] [stdout] 
[INFO] [stdout] warning: crate-level attribute should be in the root module
[INFO] [stdout]  --> examples/intersection.rs:1:1
[INFO] [stdout]   |
[INFO] [stdout] 1 | #![no_std]
[INFO] [stdout]   | ^^^^^^^^^^
[INFO] [stdout]   |
[INFO] [stdout]   = note: `#[warn(unused_attributes)]` on by default
[INFO] [stdout] 
[INFO] [stdout] 
[INFO] [stdout] warning: crate-level attribute should be in the root module
[INFO] [stdout]  --> examples/intersection.rs:2:1
[INFO] [stdout]   |
[INFO] [stdout] 2 | #![no_main]
[INFO] [stdout]   | ^^^^^^^^^^^
[INFO] [stdout] 
[INFO] [stdout] 
[INFO] [stdout] error[E0433]: failed to resolve: use of undeclared type `Stopper`
[INFO] [stdout]   --> examples/intersection.rs:40:37
[INFO] [stdout]    |
[INFO] [stdout] 40 |     let left_stopper = RefCell::new(Stopper::new(left_stopper_pin));
[INFO] [stdout]    |                                     ^^^^^^^ use of undeclared type `Stopper`
[INFO] [stdout] 
[INFO] [stdout] 
[INFO] [stdout] warning: crate-level attribute should be in the root module
[INFO] [stdout]  --> examples/intersection.rs:3:1
[INFO] [stdout]   |
[INFO] [stdout] 3 | #![feature(abi_avr_interrupt)]
[INFO] [stdout]   | ^^^^^^^^^^^^^^^^^^^^^^^^^^^^^^
[INFO] [stdout] 
[INFO] [stdout] 
[INFO] [stdout] warning: crate-level attribute should be in the root module
[INFO] [stdout]  --> examples/servo.rs:1:1
[INFO] [stdout]   |
[INFO] [stdout] 1 | #![no_std]
[INFO] [stdout]   | ^^^^^^^^^^
[INFO] [stdout] 
[INFO] [stdout] 
[INFO] [stdout] warning: crate-level attribute should be in the root module
[INFO] [stdout]  --> examples/servo.rs:2:1
[INFO] [stdout]   |
[INFO] [stdout] 2 | #![no_main]
[INFO] [stdout]   | ^^^^^^^^^^^
[INFO] [stdout] 
[INFO] [stdout] 
[INFO] [stdout] error[E0433]: failed to resolve: use of undeclared type `Stopper`
[INFO] [stdout]   --> examples/intersection.rs:44:38
[INFO] [stdout]    |
[INFO] [stdout] 44 |     let right_stopper = RefCell::new(Stopper::new(right_stopper_pin));
[INFO] [stdout]    |                                      ^^^^^^^ use of undeclared type `Stopper`
[INFO] [stdout] 
[INFO] [stdout] 
[INFO] [stdout] warning: crate-level attribute should be in the root module
[INFO] [stdout]  --> examples/servo.rs:3:1
[INFO] [stdout]   |
[INFO] [stdout] 3 | #![feature(abi_avr_interrupt)]
[INFO] [stdout]   | ^^^^^^^^^^^^^^^^^^^^^^^^^^^^^^
[INFO] [stdout] 
[INFO] [stdout] 
[INFO] [stdout] error[E0433]: failed to resolve: use of undeclared type `Stopper`
[INFO] [stdout]   --> examples/intersection.rs:48:38
[INFO] [stdout]    |
[INFO] [stdout] 48 |     let upper_stopper = RefCell::new(Stopper::new(upper_stopper_pin));
[INFO] [stdout]    |                                      ^^^^^^^ use of undeclared type `Stopper`
[INFO] [stdout] 
[INFO] [stdout] 
[INFO] [stdout] error[E0433]: failed to resolve: use of undeclared type `Servo`
[INFO] [stdout]   --> examples/intersection.rs:53:64
[INFO] [stdout]    |
[INFO] [stdout] 53 |     let left_servo: RefCell<Servo<Pin<Output>>> = RefCell::new(Servo::new(left_servo_pin, 30, 90));
[INFO] [stdout]    |                                                                ^^^^^ use of undeclared type `Servo`
[INFO] [stdout] 
[INFO] [stdout] 
[INFO] [stdout] error[E0433]: failed to resolve: use of undeclared type `Servo`
[INFO] [stdout]   --> examples/intersection.rs:57:65
[INFO] [stdout]    |
[INFO] [stdout] 57 |     let right_servo: RefCell<Servo<Pin<Output>>> = RefCell::new(Servo::new(right_servo_pin, 30, 90));
[INFO] [stdout]    |                                                                 ^^^^^ use of undeclared type `Servo`
[INFO] [stdout] 
[INFO] [stdout] 
[INFO] [stdout] error[E0433]: failed to resolve: use of undeclared type `Servo`
[INFO] [stdout]   --> examples/intersection.rs:61:65
[INFO] [stdout]    |
[INFO] [stdout] 61 |     let upper_servo: RefCell<Servo<Pin<Output>>> = RefCell::new(Servo::new(upper_servo_pin, 30, 90));
[INFO] [stdout]    |                                                                 ^^^^^ use of undeclared type `Servo`
[INFO] [stdout] 
[INFO] [stdout] 
[INFO] [stdout] error[E0433]: failed to resolve: use of undeclared type `DefaultIntersectionStates`
[INFO] [stdout]    --> examples/intersection.rs:106:31
[INFO] [stdout]     |
[INFO] [stdout] 106 |     let intersection_states = DefaultIntersectionStates::new();
[INFO] [stdout]     |                               ^^^^^^^^^^^^^^^^^^^^^^^^^ use of undeclared type `DefaultIntersectionStates`
[INFO] [stdout] 
[INFO] [stdout] 
[INFO] [stdout] error[E0433]: failed to resolve: use of undeclared type `Intersection`
[INFO] [stdout]    --> examples/intersection.rs:110:28
[INFO] [stdout]     |
[INFO] [stdout] 110 |     let mut intersection = Intersection::new(left_intersection_arm, right_intersection_arm, upper_intersection_arm, intersection_states);
[INFO] [stdout]     |                            ^^^^^^^^^^^^ use of undeclared type `Intersection`
[INFO] [stdout] 
[INFO] [stdout] 
[INFO] [stdout] error: aborting due to 47 previous errors; 10 warnings emitted
[INFO] [stdout] 
[INFO] [stdout] 
[INFO] [stdout] Some errors have detailed explanations: E0412, E0422, E0425, E0432, E0433, E0583.
[INFO] [stdout] 
[INFO] [stdout] For more information about an error, try `rustc --explain E0412`.
[INFO] [stdout] 
[INFO] [stdout] error[E0412]: cannot find type `Servo` in this scope
[INFO] [stdout]   --> examples/intersection.rs:53:29
[INFO] [stdout]    |
[INFO] [stdout] 53 |     let left_servo: RefCell<Servo<Pin<Output>>> = RefCell::new(Servo::new(left_servo_pin, 30, 90));
[INFO] [stdout]    |                             ^^^^^ not found in this scope
[INFO] [stdout] 
[INFO] [stdout] 
[INFO] [stdout] error[E0433]: failed to resolve: use of undeclared type `Stopper`
[INFO] [stdout]   --> examples/intersection.rs:40:37
[INFO] [stdout]    |
[INFO] [stdout] 40 |     let left_stopper = RefCell::new(Stopper::new(left_stopper_pin));
[INFO] [stdout]    |                                     ^^^^^^^ use of undeclared type `Stopper`
[INFO] [stdout] 
[INFO] [stdout] 
[INFO] [stdout] error[E0412]: cannot find type `Servo` in this scope
[INFO] [stdout]   --> examples/intersection.rs:57:30
[INFO] [stdout]    |
[INFO] [stdout] 57 |     let right_servo: RefCell<Servo<Pin<Output>>> = RefCell::new(Servo::new(right_servo_pin, 30, 90));
[INFO] [stdout]    |                              ^^^^^ not found in this scope
[INFO] [stdout] 
[INFO] [stdout] 
[INFO] [stdout] error[E0412]: cannot find type `Servo` in this scope
[INFO] [stdout]   --> examples/intersection.rs:61:30
[INFO] [stdout]    |
[INFO] [stdout] 61 |     let upper_servo: RefCell<Servo<Pin<Output>>> = RefCell::new(Servo::new(upper_servo_pin, 30, 90));
[INFO] [stdout]    |                              ^^^^^ not found in this scope
[INFO] [stdout] 
[INFO] [stdout] 
[INFO] [stdout] error[E0422]: cannot find struct, variant or union type `IntersectionArm` in this scope
[INFO] [stdout]   --> examples/intersection.rs:84:33
[INFO] [stdout]    |
[INFO] [stdout] 84 |     let left_intersection_arm = IntersectionArm {
[INFO] [stdout]    |                                 ^^^^^^^^^^^^^^^ not found in this scope
[INFO] [stdout] 
[INFO] [stdout] 
[INFO] [stdout] error[E0422]: cannot find struct, variant or union type `IntersectionArm` in this scope
[INFO] [stdout]   --> examples/intersection.rs:91:34
[INFO] [stdout]    |
[INFO] [stdout] 91 |     let right_intersection_arm = IntersectionArm {
[INFO] [stdout]    |                                  ^^^^^^^^^^^^^^^ not found in this scope
[INFO] [stdout] 
[INFO] [stdout] 
[INFO] [stdout] error[E0433]: failed to resolve: use of undeclared type `Stopper`
[INFO] [stdout]   --> examples/intersection.rs:44:38
[INFO] [stdout]    |
[INFO] [stdout] 44 |     let right_stopper = RefCell::new(Stopper::new(right_stopper_pin));
[INFO] [stdout]    |                                      ^^^^^^^ use of undeclared type `Stopper`
[INFO] [stdout] 
[INFO] [stdout] 
[INFO] [stdout] error[E0422]: cannot find struct, variant or union type `IntersectionArm` in this scope
[INFO] [stdout]   --> examples/intersection.rs:98:34
[INFO] [stdout]    |
[INFO] [stdout] 98 |     let upper_intersection_arm = IntersectionArm {
[INFO] [stdout]    |                                  ^^^^^^^^^^^^^^^ not found in this scope
[INFO] [stdout] 
[INFO] [stdout] 
[INFO] [stdout] error[E0425]: cannot find function `micros_init` in module `crate::time`
[INFO] [stdout]    --> examples/intersection.rs:118:18
[INFO] [stdout]     |
[INFO] [stdout] 118 |     crate::time::micros_init(dp.TC0);
[INFO] [stdout]     |                  ^^^^^^^^^^^ not found in `crate::time`
[INFO] [stdout] 
[INFO] [stdout] 
[INFO] [stdout] error[E0433]: failed to resolve: use of undeclared type `Stopper`
[INFO] [stdout]   --> examples/intersection.rs:48:38
[INFO] [stdout]    |
[INFO] [stdout] 48 |     let upper_stopper = RefCell::new(Stopper::new(upper_stopper_pin));
[INFO] [stdout]    |                                      ^^^^^^^ use of undeclared type `Stopper`
[INFO] [stdout] 
[INFO] [stdout] 
[INFO] [stdout] error[E0412]: cannot find type `Servo` in this scope
[INFO] [stdout]   --> examples/servo.rs:31:26
[INFO] [stdout]    |
[INFO] [stdout] 31 |     let servo_1: RefCell<Servo<Pin<Output>>> = RefCell::new(Servo::new(servo_1_pin, 30, 90));
[INFO] [stdout]    |                          ^^^^^ not found in this scope
[INFO] [stdout] 
[INFO] [stdout] 
[INFO] [stdout] error[E0433]: failed to resolve: use of undeclared type `Servo`
[INFO] [stdout]   --> examples/intersection.rs:53:64
[INFO] [stdout]    |
[INFO] [stdout] 53 |     let left_servo: RefCell<Servo<Pin<Output>>> = RefCell::new(Servo::new(left_servo_pin, 30, 90));
[INFO] [stdout]    |                                                                ^^^^^ use of undeclared type `Servo`
[INFO] [stdout] 
[INFO] [stdout] 
[INFO] [stdout] error[E0425]: cannot find function `micros_init` in module `crate::time`
[INFO] [stdout]   --> examples/servo.rs:38:18
[INFO] [stdout]    |
[INFO] [stdout] 38 |     crate::time::micros_init(dp.TC0);
[INFO] [stdout]    |                  ^^^^^^^^^^^ not found in `crate::time`
[INFO] [stdout] 
[INFO] [stdout] 
[INFO] [stdout] error[E0433]: failed to resolve: use of undeclared type `Servo`
[INFO] [stdout]   --> examples/intersection.rs:57:65
[INFO] [stdout]    |
[INFO] [stdout] 57 |     let right_servo: RefCell<Servo<Pin<Output>>> = RefCell::new(Servo::new(right_servo_pin, 30, 90));
[INFO] [stdout]    |                                                                 ^^^^^ use of undeclared type `Servo`
[INFO] [stdout] 
[INFO] [stdout] 
[INFO] [stdout] error[E0433]: failed to resolve: use of undeclared type `Servo`
[INFO] [stdout]   --> examples/intersection.rs:61:65
[INFO] [stdout]    |
[INFO] [stdout] 61 |     let upper_servo: RefCell<Servo<Pin<Output>>> = RefCell::new(Servo::new(upper_servo_pin, 30, 90));
[INFO] [stdout]    |                                                                 ^^^^^ use of undeclared type `Servo`
[INFO] [stdout] 
[INFO] [stdout] 
[INFO] [stdout] warning: unused import: `crate::section::*`
[INFO] [stdout]   --> examples/intersection.rs:21:5
[INFO] [stdout]    |
[INFO] [stdout] 21 | use crate::section::*;
[INFO] [stdout]    |     ^^^^^^^^^^^^^^^^^
[INFO] [stdout]    |
[INFO] [stdout]    = note: `#[warn(unused_imports)]` on by default
[INFO] [stdout] 
[INFO] [stdout] 
[INFO] [stdout] warning: unused import: `crate::stopper::*`
[INFO] [stdout]   --> examples/intersection.rs:23:5
[INFO] [stdout]    |
[INFO] [stdout] 23 | use crate::stopper::*;
[INFO] [stdout]    |     ^^^^^^^^^^^^^^^^^
[INFO] [stdout] 
[INFO] [stdout] 
[INFO] [stdout] warning: unused import: `crate::sensor::*`
[INFO] [stdout]   --> examples/intersection.rs:24:5
[INFO] [stdout]    |
[INFO] [stdout] 24 | use crate::sensor::*;
[INFO] [stdout]    |     ^^^^^^^^^^^^^^^^
[INFO] [stdout] 
[INFO] [stdout] 
[INFO] [stdout] warning: unused import: `crate::servo::*`
[INFO] [stdout]   --> examples/intersection.rs:26:5
[INFO] [stdout]    |
[INFO] [stdout] 26 | use crate::servo::*;
[INFO] [stdout]    |     ^^^^^^^^^^^^^^^
[INFO] [stdout] 
[INFO] [stdout] 
[INFO] [stdout] warning: unused import: `crate::intersection::*`
[INFO] [stdout]   --> examples/intersection.rs:27:5
[INFO] [stdout]    |
[INFO] [stdout] 27 | use crate::intersection::*;
[INFO] [stdout]    |     ^^^^^^^^^^^^^^^^^^^^^^
[INFO] [stdout] 
[INFO] [stdout] 
[INFO] [stdout] warning: unused import: `Input`
[INFO] [stdout]   --> examples/intersection.rs:30:45
[INFO] [stdout]    |
[INFO] [stdout] 30 | use arduino_hal::port::{Pin, mode::{Output, Input}};
[INFO] [stdout]    |                                             ^^^^^
[INFO] [stdout] 
[INFO] [stdout] 
[INFO] [stdout] warning: unused import: `crate::servo::*`
[INFO] [stdout]   --> examples/servo.rs:19:5
[INFO] [stdout]    |
[INFO] [stdout] 19 | use crate::servo::*;
[INFO] [stdout]    |     ^^^^^^^^^^^^^^^
[INFO] [stdout] 
[INFO] [stdout] 
[INFO] [stderr] error: could not compile `car-system` (example "intersection") due to 48 previous errors; 10 warnings emitted
[INFO] [stdout] error[E0433]: failed to resolve: use of undeclared type `DefaultIntersectionStates`
[INFO] [stdout]    --> examples/intersection.rs:106:31
[INFO] [stdout]     |
[INFO] [stdout] 106 |     let intersection_states = DefaultIntersectionStates::new();
[INFO] [stdout]     |                               ^^^^^^^^^^^^^^^^^^^^^^^^^ use of undeclared type `DefaultIntersectionStates`
[INFO] [stdout] 
[INFO] [stdout] 
[INFO] [stdout] error[E0433]: failed to resolve: use of undeclared type `Intersection`
[INFO] [stdout]    --> examples/intersection.rs:110:28
[INFO] [stdout]     |
[INFO] [stdout] 110 |     let mut intersection = Intersection::new(left_intersection_arm, right_intersection_arm, upper_intersection_arm, intersection_states);
[INFO] [stdout]     |                            ^^^^^^^^^^^^ use of undeclared type `Intersection`
[INFO] [stdout] 
[INFO] [stdout] 
[INFO] [stdout] warning: crate-level attribute should be in the root module
[INFO] [stdout]  --> examples/intersection.rs:1:1
[INFO] [stdout]   |
[INFO] [stdout] 1 | #![no_std]
[INFO] [stdout]   | ^^^^^^^^^^
[INFO] [stdout]   |
[INFO] [stdout]   = note: `#[warn(unused_attributes)]` on by default
[INFO] [stdout] 
[INFO] [stdout] 
[INFO] [stdout] warning: crate-level attribute should be in the root module
[INFO] [stdout]  --> examples/intersection.rs:2:1
[INFO] [stdout]   |
[INFO] [stdout] 2 | #![no_main]
[INFO] [stdout]   | ^^^^^^^^^^^
[INFO] [stdout] 
[INFO] [stdout] 
[INFO] [stdout] warning: crate-level attribute should be in the root module
[INFO] [stdout]  --> examples/intersection.rs:3:1
[INFO] [stdout]   |
[INFO] [stdout] 3 | #![feature(abi_avr_interrupt)]
[INFO] [stdout]   | ^^^^^^^^^^^^^^^^^^^^^^^^^^^^^^
[INFO] [stdout] 
[INFO] [stdout] 
[INFO] [stdout] error: `#[panic_handler]` function required, but not found
[INFO] [stdout] 
[INFO] [stdout] 
[INFO] [stdout] error[E0412]: cannot find type `Servo` in this scope
[INFO] [stdout]   --> examples/servo.rs:31:26
[INFO] [stdout]    |
[INFO] [stdout] 31 |     let servo_1: RefCell<Servo<Pin<Output>>> = RefCell::new(Servo::new(servo_1_pin, 30, 90));
[INFO] [stdout]    |                          ^^^^^ not found in this scope
[INFO] [stdout] 
[INFO] [stdout] 
[INFO] [stdout] error[E0425]: cannot find function `micros_init` in module `crate::time`
[INFO] [stdout]   --> examples/servo.rs:38:18
[INFO] [stdout]    |
[INFO] [stdout] 38 |     crate::time::micros_init(dp.TC0);
[INFO] [stdout]    |                  ^^^^^^^^^^^ not found in `crate::time`
[INFO] [stdout] 
[INFO] [stdout] 
[INFO] [stdout] error[E0433]: failed to resolve: use of undeclared type `Servo`
[INFO] [stdout]   --> examples/servo.rs:31:61
[INFO] [stdout]    |
[INFO] [stdout] 31 |     let servo_1: RefCell<Servo<Pin<Output>>> = RefCell::new(Servo::new(servo_1_pin, 30, 90));
[INFO] [stdout]    |                                                             ^^^^^ use of undeclared type `Servo`
[INFO] [stdout] 
[INFO] [stdout] 
[INFO] [stdout] error[E0412]: cannot find type `Servo` in this scope
[INFO] [stdout]   --> examples/intersection.rs:53:29
[INFO] [stdout]    |
[INFO] [stdout] 53 |     let left_servo: RefCell<Servo<Pin<Output>>> = RefCell::new(Servo::new(left_servo_pin, 30, 90));
[INFO] [stdout]    |                             ^^^^^ not found in this scope
[INFO] [stdout] 
[INFO] [stdout] 
[INFO] [stdout] error[E0412]: cannot find type `Servo` in this scope
[INFO] [stdout]   --> examples/intersection.rs:57:30
[INFO] [stdout]    |
[INFO] [stdout] 57 |     let right_servo: RefCell<Servo<Pin<Output>>> = RefCell::new(Servo::new(right_servo_pin, 30, 90));
[INFO] [stdout]    |                              ^^^^^ not found in this scope
[INFO] [stdout] 
[INFO] [stdout] 
[INFO] [stdout] error[E0412]: cannot find type `Servo` in this scope
[INFO] [stdout]   --> examples/intersection.rs:61:30
[INFO] [stdout]    |
[INFO] [stdout] 61 |     let upper_servo: RefCell<Servo<Pin<Output>>> = RefCell::new(Servo::new(upper_servo_pin, 30, 90));
[INFO] [stdout]    |                              ^^^^^ not found in this scope
[INFO] [stdout] 
[INFO] [stdout] 
[INFO] [stdout] error[E0433]: failed to resolve: use of undeclared type `Stopper`
[INFO] [stdout]   --> examples/intersection.rs:40:37
[INFO] [stdout]    |
[INFO] [stdout] 40 |     let left_stopper = RefCell::new(Stopper::new(left_stopper_pin));
[INFO] [stdout]    |                                     ^^^^^^^ use of undeclared type `Stopper`
[INFO] [stdout] 
[INFO] [stdout] 
[INFO] [stdout] error[E0422]: cannot find struct, variant or union type `IntersectionArm` in this scope
[INFO] [stdout]   --> examples/intersection.rs:84:33
[INFO] [stdout]    |
[INFO] [stdout] 84 |     let left_intersection_arm = IntersectionArm {
[INFO] [stdout]    |                                 ^^^^^^^^^^^^^^^ not found in this scope
[INFO] [stdout] 
[INFO] [stdout] 
[INFO] [stdout] error[E0422]: cannot find struct, variant or union type `IntersectionArm` in this scope
[INFO] [stdout]   --> examples/intersection.rs:91:34
[INFO] [stdout]    |
[INFO] [stdout] 91 |     let right_intersection_arm = IntersectionArm {
[INFO] [stdout]    |                                  ^^^^^^^^^^^^^^^ not found in this scope
[INFO] [stdout] 
[INFO] [stdout] 
[INFO] [stdout] error[E0433]: failed to resolve: use of undeclared type `Stopper`
[INFO] [stdout]   --> examples/intersection.rs:44:38
[INFO] [stdout]    |
[INFO] [stdout] 44 |     let right_stopper = RefCell::new(Stopper::new(right_stopper_pin));
[INFO] [stdout]    |                                      ^^^^^^^ use of undeclared type `Stopper`
[INFO] [stdout] 
[INFO] [stdout] 
[INFO] [stdout] error[E0422]: cannot find struct, variant or union type `IntersectionArm` in this scope
[INFO] [stdout]   --> examples/intersection.rs:98:34
[INFO] [stdout]    |
[INFO] [stdout] 98 |     let upper_intersection_arm = IntersectionArm {
[INFO] [stdout]    |                                  ^^^^^^^^^^^^^^^ not found in this scope
[INFO] [stdout] 
[INFO] [stdout] 
[INFO] [stdout] error[E0425]: cannot find function `micros_init` in module `crate::time`
[INFO] [stdout]    --> examples/intersection.rs:118:18
[INFO] [stdout]     |
[INFO] [stdout] 118 |     crate::time::micros_init(dp.TC0);
[INFO] [stdout]     |                  ^^^^^^^^^^^ not found in `crate::time`
[INFO] [stdout] 
[INFO] [stdout] 
[INFO] [stdout] error[E0433]: failed to resolve: use of undeclared type `Stopper`
[INFO] [stdout]   --> examples/intersection.rs:48:38
[INFO] [stdout]    |
[INFO] [stdout] 48 |     let upper_stopper = RefCell::new(Stopper::new(upper_stopper_pin));
[INFO] [stdout]    |                                      ^^^^^^^ use of undeclared type `Stopper`
[INFO] [stdout] 
[INFO] [stdout] 
[INFO] [stdout] error[E0412]: cannot find type `Servo` in this scope
[INFO] [stdout]   --> examples/servo2.rs:30:26
[INFO] [stdout]    |
[INFO] [stdout] 30 |     let servo_1: RefCell<Servo<Pin<Output>>> = RefCell::new(Servo::new(servo_1_pin, 80, 90));
[INFO] [stdout]    |                          ^^^^^ not found in this scope
[INFO] [stdout] 
[INFO] [stdout] 
[INFO] [stdout] error[E0425]: cannot find function `micros_init` in module `crate::time`
[INFO] [stdout]   --> examples/servo2.rs:45:18
[INFO] [stdout]    |
[INFO] [stdout] 45 |     crate::time::micros_init(dp.TC0);
[INFO] [stdout]    |                  ^^^^^^^^^^^ not found in `crate::time`
[INFO] [stdout] 
[INFO] [stdout] 
[INFO] [stdout] error[E0433]: failed to resolve: use of undeclared type `Servo`
[INFO] [stdout]   --> examples/intersection.rs:53:64
[INFO] [stdout]    |
[INFO] [stdout] 53 |     let left_servo: RefCell<Servo<Pin<Output>>> = RefCell::new(Servo::new(left_servo_pin, 30, 90));
[INFO] [stdout]    |                                                                ^^^^^ use of undeclared type `Servo`
[INFO] [stdout] 
[INFO] [stdout] 
[INFO] [stdout] error[E0433]: failed to resolve: use of undeclared type `Servo`
[INFO] [stdout]   --> examples/intersection.rs:57:65
[INFO] [stdout]    |
[INFO] [stdout] 57 |     let right_servo: RefCell<Servo<Pin<Output>>> = RefCell::new(Servo::new(right_servo_pin, 30, 90));
[INFO] [stdout]    |                                                                 ^^^^^ use of undeclared type `Servo`
[INFO] [stdout] 
[INFO] [stdout] 
[INFO] [stdout] error[E0433]: failed to resolve: use of undeclared type `Servo`
[INFO] [stdout]   --> examples/intersection.rs:61:65
[INFO] [stdout]    |
[INFO] [stdout] 61 |     let upper_servo: RefCell<Servo<Pin<Output>>> = RefCell::new(Servo::new(upper_servo_pin, 30, 90));
[INFO] [stdout]    |                                                                 ^^^^^ use of undeclared type `Servo`
[INFO] [stdout] 
[INFO] [stdout] 
[INFO] [stdout] warning: unused import: `crate::servo::*`
[INFO] [stdout]   --> examples/servo.rs:19:5
[INFO] [stdout]    |
[INFO] [stdout] 19 | use crate::servo::*;
[INFO] [stdout]    |     ^^^^^^^^^^^^^^^
[INFO] [stdout]    |
[INFO] [stdout]    = note: `#[warn(unused_imports)]` on by default
[INFO] [stdout] 
[INFO] [stdout] 
[INFO] [stdout] error[E0433]: failed to resolve: use of undeclared type `DefaultIntersectionStates`
[INFO] [stdout]    --> examples/intersection.rs:106:31
[INFO] [stdout]     |
[INFO] [stdout] 106 |     let intersection_states = DefaultIntersectionStates::new();
[INFO] [stdout]     |                               ^^^^^^^^^^^^^^^^^^^^^^^^^ use of undeclared type `DefaultIntersectionStates`
[INFO] [stdout] 
[INFO] [stdout] 
[INFO] [stdout] warning: unused import: `crate::section::*`
[INFO] [stdout]   --> examples/intersection.rs:21:5
[INFO] [stdout]    |
[INFO] [stdout] 21 | use crate::section::*;
[INFO] [stdout]    |     ^^^^^^^^^^^^^^^^^
[INFO] [stdout] 
[INFO] [stdout] 
[INFO] [stdout] warning: unused import: `crate::stopper::*`
[INFO] [stdout]   --> examples/intersection.rs:23:5
[INFO] [stdout]    |
[INFO] [stdout] 23 | use crate::stopper::*;
[INFO] [stdout]    |     ^^^^^^^^^^^^^^^^^
[INFO] [stdout] 
[INFO] [stdout] 
[INFO] [stdout] error[E0433]: failed to resolve: use of undeclared type `Intersection`
[INFO] [stdout]    --> examples/intersection.rs:110:28
[INFO] [stdout]     |
[INFO] [stdout] 110 |     let mut intersection = Intersection::new(left_intersection_arm, right_intersection_arm, upper_intersection_arm, intersection_states);
[INFO] [stdout]     |                            ^^^^^^^^^^^^ use of undeclared type `Intersection`
[INFO] [stdout] 
[INFO] [stdout] 
[INFO] [stdout] warning: unused import: `crate::sensor::*`
[INFO] [stdout]   --> examples/intersection.rs:24:5
[INFO] [stdout]    |
[INFO] [stdout] 24 | use crate::sensor::*;
[INFO] [stdout]    |     ^^^^^^^^^^^^^^^^
[INFO] [stdout] 
[INFO] [stdout] 
[INFO] [stdout] warning: unused import: `crate::servo::*`
[INFO] [stdout]   --> examples/intersection.rs:26:5
[INFO] [stdout]    |
[INFO] [stdout] 26 | use crate::servo::*;
[INFO] [stdout]    |     ^^^^^^^^^^^^^^^
[INFO] [stdout] 
[INFO] [stdout] 
[INFO] [stdout] error[E0433]: failed to resolve: use of undeclared type `Servo`
[INFO] [stdout]   --> examples/servo.rs:31:61
[INFO] [stdout]    |
[INFO] [stdout] 31 |     let servo_1: RefCell<Servo<Pin<Output>>> = RefCell::new(Servo::new(servo_1_pin, 30, 90));
[INFO] [stdout]    |                                                             ^^^^^ use of undeclared type `Servo`
[INFO] [stdout] 
[INFO] [stdout] 
[INFO] [stdout] warning: unused import: `crate::intersection::*`
[INFO] [stdout]   --> examples/intersection.rs:27:5
[INFO] [stdout]    |
[INFO] [stdout] 27 | use crate::intersection::*;
[INFO] [stdout]    |     ^^^^^^^^^^^^^^^^^^^^^^
[INFO] [stdout] 
[INFO] [stdout] 
[INFO] [stdout] error: aborting due to 47 previous errors; 10 warnings emitted
[INFO] [stdout] 
[INFO] [stdout] 
[INFO] [stdout] warning: unused import: `Input`
[INFO] [stdout]   --> examples/intersection.rs:30:45
[INFO] [stdout]    |
[INFO] [stdout] 30 | use arduino_hal::port::{Pin, mode::{Output, Input}};
[INFO] [stdout]    |                                             ^^^^^
[INFO] [stdout] 
[INFO] [stdout] 
[INFO] [stdout] Some errors have detailed explanations: E0412, E0422, E0425, E0432, E0433, E0583.
[INFO] [stdout] 
[INFO] [stdout] warning: unused import: `crate::servo::*`
[INFO] [stdout]   --> examples/servo2.rs:17:5
[INFO] [stdout]    |
[INFO] [stdout] 17 | use crate::servo::*;
[INFO] [stdout]    |     ^^^^^^^^^^^^^^^
[INFO] [stdout] 
[INFO] [stdout] 
[INFO] [stdout] For more information about an error, try `rustc --explain E0412`.
[INFO] [stdout] 
[INFO] [stdout] warning: unused import: `ufmt::derive::uDebug`
[INFO] [stdout]   --> examples/servo2.rs:19:5
[INFO] [stdout]    |
[INFO] [stdout] 19 | use ufmt::derive::uDebug;
[INFO] [stdout]    |     ^^^^^^^^^^^^^^^^^^^^
[INFO] [stdout] 
[INFO] [stdout] 
[INFO] [stdout] warning: crate-level attribute should be in the root module
[INFO] [stdout]  --> examples/servo.rs:1:1
[INFO] [stdout]   |
[INFO] [stdout] 1 | #![no_std]
[INFO] [stdout]   | ^^^^^^^^^^
[INFO] [stdout]   |
[INFO] [stdout]   = note: `#[warn(unused_attributes)]` on by default
[INFO] [stdout] 
[INFO] [stdout] 
[INFO] [stdout] warning: crate-level attribute should be in the root module
[INFO] [stdout]  --> examples/servo.rs:2:1
[INFO] [stdout]   |
[INFO] [stdout] 2 | #![no_main]
[INFO] [stdout]   | ^^^^^^^^^^^
[INFO] [stdout] 
[INFO] [stdout] 
[INFO] [stdout] warning: crate-level attribute should be in the root module
[INFO] [stdout]  --> examples/servo.rs:3:1
[INFO] [stdout]   |
[INFO] [stdout] 3 | #![feature(abi_avr_interrupt)]
[INFO] [stdout]   | ^^^^^^^^^^^^^^^^^^^^^^^^^^^^^^
[INFO] [stdout] 
[INFO] [stdout] 
[INFO] [stdout] warning: crate-level attribute should be in the root module
[INFO] [stdout]  --> examples/intersection.rs:1:1
[INFO] [stdout]   |
[INFO] [stdout] 1 | #![no_std]
[INFO] [stdout]   | ^^^^^^^^^^
[INFO] [stdout] 
[INFO] [stdout] 
[INFO] [stdout] warning: crate-level attribute should be in the root module
[INFO] [stdout]  --> examples/intersection.rs:2:1
[INFO] [stdout]   |
[INFO] [stdout] 2 | #![no_main]
[INFO] [stdout]   | ^^^^^^^^^^^
[INFO] [stdout] 
[INFO] [stdout] 
[INFO] [stdout] warning: crate-level attribute should be in the root module
[INFO] [stdout]  --> examples/intersection.rs:3:1
[INFO] [stdout]   |
[INFO] [stdout] 3 | #![feature(abi_avr_interrupt)]
[INFO] [stdout]   | ^^^^^^^^^^^^^^^^^^^^^^^^^^^^^^
[INFO] [stdout] 
[INFO] [stdout] 
[INFO] [stdout] error: aborting due to 2 previous errors; 1 warning emitted
[INFO] [stdout] 
[INFO] [stdout] 
[INFO] [stdout] For more information about this error, try `rustc --explain E0570`.
[INFO] [stdout] 
[INFO] [stdout] error: aborting due to 59 previous errors; 17 warnings emitted
[INFO] [stdout] 
[INFO] [stdout] 
[INFO] [stdout] Some errors have detailed explanations: E0412, E0422, E0425, E0432, E0433, E0583.
[INFO] [stdout] 
[INFO] [stdout] For more information about an error, try `rustc --explain E0412`.
[INFO] [stdout] 
[INFO] [stdout] error[E0433]: failed to resolve: use of undeclared type `Servo`
[INFO] [stdout]   --> examples/servo.rs:31:61
[INFO] [stdout]    |
[INFO] [stdout] 31 |     let servo_1: RefCell<Servo<Pin<Output>>> = RefCell::new(Servo::new(servo_1_pin, 30, 90));
[INFO] [stdout]    |                                                             ^^^^^ use of undeclared type `Servo`
[INFO] [stdout] 
[INFO] [stdout] 
[INFO] [stderr] error: could not compile `car-system` (example "servo") due to 48 previous errors; 10 warnings emitted
[INFO] [stderr] error: could not compile `car-system` (bin "car-system") due to 3 previous errors; 1 warning emitted
[INFO] [stdout] error[E0433]: failed to resolve: use of undeclared type `Stopper`
[INFO] [stdout]   --> examples/intersection.rs:40:37
[INFO] [stdout]    |
[INFO] [stdout] 40 |     let left_stopper = RefCell::new(Stopper::new(left_stopper_pin));
[INFO] [stdout]    |                                     ^^^^^^^ use of undeclared type `Stopper`
[INFO] [stdout] 
[INFO] [stdout] 
[INFO] [stdout] error[E0433]: failed to resolve: use of undeclared type `Stopper`
[INFO] [stdout]   --> examples/intersection.rs:44:38
[INFO] [stdout]    |
[INFO] [stdout] 44 |     let right_stopper = RefCell::new(Stopper::new(right_stopper_pin));
[INFO] [stdout]    |                                      ^^^^^^^ use of undeclared type `Stopper`
[INFO] [stdout] 
[INFO] [stdout] 
[INFO] [stdout] error[E0433]: failed to resolve: use of undeclared type `Stopper`
[INFO] [stdout]   --> examples/intersection.rs:48:38
[INFO] [stdout]    |
[INFO] [stdout] 48 |     let upper_stopper = RefCell::new(Stopper::new(upper_stopper_pin));
[INFO] [stdout]    |                                      ^^^^^^^ use of undeclared type `Stopper`
[INFO] [stdout] 
[INFO] [stdout] 
[INFO] [stdout] error[E0433]: failed to resolve: use of undeclared type `Servo`
[INFO] [stdout]   --> examples/intersection.rs:53:64
[INFO] [stdout]    |
[INFO] [stdout] 53 |     let left_servo: RefCell<Servo<Pin<Output>>> = RefCell::new(Servo::new(left_servo_pin, 30, 90));
[INFO] [stdout]    |                                                                ^^^^^ use of undeclared type `Servo`
[INFO] [stdout] 
[INFO] [stdout] 
[INFO] [stdout] error[E0433]: failed to resolve: use of undeclared type `Servo`
[INFO] [stdout]   --> examples/intersection.rs:57:65
[INFO] [stdout]    |
[INFO] [stdout] 57 |     let right_servo: RefCell<Servo<Pin<Output>>> = RefCell::new(Servo::new(right_servo_pin, 30, 90));
[INFO] [stdout]    |                                                                 ^^^^^ use of undeclared type `Servo`
[INFO] [stdout] 
[INFO] [stdout] 
[INFO] [stdout] error[E0433]: failed to resolve: use of undeclared type `Servo`
[INFO] [stdout]   --> examples/intersection.rs:61:65
[INFO] [stdout]    |
[INFO] [stdout] 61 |     let upper_servo: RefCell<Servo<Pin<Output>>> = RefCell::new(Servo::new(upper_servo_pin, 30, 90));
[INFO] [stdout]    |                                                                 ^^^^^ use of undeclared type `Servo`
[INFO] [stdout] 
[INFO] [stdout] 
[INFO] [stderr] error: could not compile `car-system` (example "servo3") due to 60 previous errors; 17 warnings emitted
[INFO] [stdout] error[E0433]: failed to resolve: use of undeclared type `DefaultIntersectionStates`
[INFO] [stdout]    --> examples/intersection.rs:106:31
[INFO] [stdout]     |
[INFO] [stdout] 106 |     let intersection_states = DefaultIntersectionStates::new();
[INFO] [stdout]     |                               ^^^^^^^^^^^^^^^^^^^^^^^^^ use of undeclared type `DefaultIntersectionStates`
[INFO] [stdout] 
[INFO] [stdout] 
[INFO] [stdout] error[E0433]: failed to resolve: use of undeclared type `Intersection`
[INFO] [stdout]    --> examples/intersection.rs:110:28
[INFO] [stdout]     |
[INFO] [stdout] 110 |     let mut intersection = Intersection::new(left_intersection_arm, right_intersection_arm, upper_intersection_arm, intersection_states);
[INFO] [stdout]     |                            ^^^^^^^^^^^^ use of undeclared type `Intersection`
[INFO] [stdout] 
[INFO] [stdout] 
[INFO] [stdout] error[E0433]: failed to resolve: use of undeclared type `Servo`
[INFO] [stdout]   --> examples/servo2.rs:30:61
[INFO] [stdout]    |
[INFO] [stdout] 30 |     let servo_1: RefCell<Servo<Pin<Output>>> = RefCell::new(Servo::new(servo_1_pin, 80, 90));
[INFO] [stdout]    |                                                             ^^^^^ use of undeclared type `Servo`
[INFO] [stdout] 
[INFO] [stdout] 
[INFO] [stdout] warning: unreachable statement
[INFO] [stdout]   --> examples/servo2.rs:45:5
[INFO] [stdout]    |
[INFO] [stdout] 36 | /     loop {
[INFO] [stdout] 37 | |         servo_pin.set_low();
[INFO] [stdout] 38 | |         arduino_hal::delay_us(1_000);
[INFO] [stdout] 39 | |         servo_pin.set_high();
[INFO] [stdout] 40 | |         arduino_hal::delay_us(19_000);
[INFO] [stdout] 41 | |     }
[INFO] [stdout]    | |_____- any code following this expression is unreachable
[INFO] [stdout] ...
[INFO] [stdout] 45 |       crate::time::micros_init(dp.TC0);
[INFO] [stdout]    |       ^^^^^^^^^^^^^^^^^^^^^^^^^^^^^^^^^ unreachable statement
[INFO] [stdout]    |
[INFO] [stdout]    = note: `#[warn(unreachable_code)]` on by default
[INFO] [stdout] 
[INFO] [stdout] 
[INFO] [stdout] error: aborting due to 60 previous errors; 16 warnings emitted
[INFO] [stdout] 
[INFO] [stdout] 
[INFO] [stdout] Some errors have detailed explanations: E0412, E0422, E0425, E0432, E0433, E0583.
[INFO] [stdout] 
[INFO] [stdout] For more information about an error, try `rustc --explain E0412`.
[INFO] [stdout] 
[INFO] [stderr] error: could not compile `car-system` (example "servo2") due to 61 previous errors; 16 warnings emitted
[INFO] [stdout] error[E0412]: cannot find type `Servo` in this scope
[INFO] [stdout]   --> examples/intersection.rs:53:29
[INFO] [stdout]    |
[INFO] [stdout] 53 |     let left_servo: RefCell<Servo<Pin<Output>>> = RefCell::new(Servo::new(left_servo_pin, 30, 90));
[INFO] [stdout]    |                             ^^^^^ not found in this scope
[INFO] [stdout] 
[INFO] [stdout] 
[INFO] [stdout] error[E0412]: cannot find type `Servo` in this scope
[INFO] [stdout]   --> examples/intersection.rs:57:30
[INFO] [stdout]    |
[INFO] [stdout] 57 |     let right_servo: RefCell<Servo<Pin<Output>>> = RefCell::new(Servo::new(right_servo_pin, 30, 90));
[INFO] [stdout]    |                              ^^^^^ not found in this scope
[INFO] [stdout] 
[INFO] [stdout] 
[INFO] [stdout] error[E0412]: cannot find type `Servo` in this scope
[INFO] [stdout]   --> examples/intersection.rs:61:30
[INFO] [stdout]    |
[INFO] [stdout] 61 |     let upper_servo: RefCell<Servo<Pin<Output>>> = RefCell::new(Servo::new(upper_servo_pin, 30, 90));
[INFO] [stdout]    |                              ^^^^^ not found in this scope
[INFO] [stdout] 
[INFO] [stdout] 
[INFO] [stdout] error[E0422]: cannot find struct, variant or union type `IntersectionArm` in this scope
[INFO] [stdout]   --> examples/intersection.rs:84:33
[INFO] [stdout]    |
[INFO] [stdout] 84 |     let left_intersection_arm = IntersectionArm {
[INFO] [stdout]    |                                 ^^^^^^^^^^^^^^^ not found in this scope
[INFO] [stdout] 
[INFO] [stdout] 
[INFO] [stdout] error[E0422]: cannot find struct, variant or union type `IntersectionArm` in this scope
[INFO] [stdout]   --> examples/intersection.rs:91:34
[INFO] [stdout]    |
[INFO] [stdout] 91 |     let right_intersection_arm = IntersectionArm {
[INFO] [stdout]    |                                  ^^^^^^^^^^^^^^^ not found in this scope
[INFO] [stdout] 
[INFO] [stdout] 
[INFO] [stdout] error[E0422]: cannot find struct, variant or union type `IntersectionArm` in this scope
[INFO] [stdout]   --> examples/intersection.rs:98:34
[INFO] [stdout]    |
[INFO] [stdout] 98 |     let upper_intersection_arm = IntersectionArm {
[INFO] [stdout]    |                                  ^^^^^^^^^^^^^^^ not found in this scope
[INFO] [stdout] 
[INFO] [stdout] 
[INFO] [stdout] error[E0425]: cannot find function `micros_init` in module `crate::time`
[INFO] [stdout]    --> examples/intersection.rs:118:18
[INFO] [stdout]     |
[INFO] [stdout] 118 |     crate::time::micros_init(dp.TC0);
[INFO] [stdout]     |                  ^^^^^^^^^^^ not found in `crate::time`
[INFO] [stdout] 
[INFO] [stdout] 
[INFO] [stdout] error[E0412]: cannot find type `Servo` in this scope
[INFO] [stdout]   --> examples/servo.rs:31:26
[INFO] [stdout]    |
[INFO] [stdout] 31 |     let servo_1: RefCell<Servo<Pin<Output>>> = RefCell::new(Servo::new(servo_1_pin, 30, 90));
[INFO] [stdout]    |                          ^^^^^ not found in this scope
[INFO] [stdout] 
[INFO] [stdout] 
[INFO] [stdout] error[E0425]: cannot find function `micros_init` in module `crate::time`
[INFO] [stdout]   --> examples/servo.rs:38:18
[INFO] [stdout]    |
[INFO] [stdout] 38 |     crate::time::micros_init(dp.TC0);
[INFO] [stdout]    |                  ^^^^^^^^^^^ not found in `crate::time`
[INFO] [stdout] 
[INFO] [stdout] 
[INFO] [stdout] error[E0412]: cannot find type `Servo` in this scope
[INFO] [stdout]   --> examples/main.rs:85:29
[INFO] [stdout]    |
[INFO] [stdout] 85 |     let left_servo: RefCell<Servo<Pin<Output>>> = RefCell::new(Servo::new(left_servo_pin, 30, 90));
[INFO] [stdout]    |                             ^^^^^ not found in this scope
[INFO] [stdout] 
[INFO] [stdout] 
[INFO] [stdout] error[E0412]: cannot find type `Servo` in this scope
[INFO] [stdout]   --> examples/main.rs:89:30
[INFO] [stdout]    |
[INFO] [stdout] 89 |     let right_servo: RefCell<Servo<Pin<Output>>> =
[INFO] [stdout]    |                              ^^^^^ not found in this scope
[INFO] [stdout] 
[INFO] [stdout] 
[INFO] [stdout] error[E0412]: cannot find type `Servo` in this scope
[INFO] [stdout]   --> examples/main.rs:94:30
[INFO] [stdout]    |
[INFO] [stdout] 94 |     let upper_servo: RefCell<Servo<Pin<Output>>> =
[INFO] [stdout]    |                              ^^^^^ not found in this scope
[INFO] [stdout] 
[INFO] [stdout] 
[INFO] [stdout] error[E0422]: cannot find struct, variant or union type `IntersectionArm` in this scope
[INFO] [stdout]    --> examples/main.rs:130:33
[INFO] [stdout]     |
[INFO] [stdout] 130 |     let left_intersection_arm = IntersectionArm {
[INFO] [stdout]     |                                 ^^^^^^^^^^^^^^^ not found in this scope
[INFO] [stdout] 
[INFO] [stdout] 
[INFO] [stdout] error[E0422]: cannot find struct, variant or union type `IntersectionArm` in this scope
[INFO] [stdout]    --> examples/main.rs:137:34
[INFO] [stdout]     |
[INFO] [stdout] 137 |     let right_intersection_arm = IntersectionArm {
[INFO] [stdout]     |                                  ^^^^^^^^^^^^^^^ not found in this scope
[INFO] [stdout] 
[INFO] [stdout] 
[INFO] [stdout] error[E0422]: cannot find struct, variant or union type `IntersectionArm` in this scope
[INFO] [stdout]    --> examples/main.rs:144:34
[INFO] [stdout]     |
[INFO] [stdout] 144 |     let upper_intersection_arm = IntersectionArm {
[INFO] [stdout]     |                                  ^^^^^^^^^^^^^^^ not found in this scope
[INFO] [stdout] 
[INFO] [stdout] 
[INFO] [stdout] error[E0412]: cannot find type `Sensor` in this scope
[INFO] [stdout]    --> examples/main.rs:164:27
[INFO] [stdout]     |
[INFO] [stdout] 164 |     let sensor_1: RefCell<Sensor<Pin<Output>, Pin<Input>>> =
[INFO] [stdout]     |                           ^^^^^^ not found in this scope
[INFO] [stdout] 
[INFO] [stdout] 
[INFO] [stdout] error[E0412]: cannot find type `Sensor` in this scope
[INFO] [stdout]    --> examples/main.rs:169:27
[INFO] [stdout]     |
[INFO] [stdout] 169 |     let sensor_2: RefCell<Sensor<Pin<Output>, Pin<Input>>> =
[INFO] [stdout]     |                           ^^^^^^ not found in this scope
[INFO] [stdout] 
[INFO] [stdout] 
[INFO] [stdout] error[E0412]: cannot find type `Sensor` in this scope
[INFO] [stdout]    --> examples/main.rs:174:27
[INFO] [stdout]     |
[INFO] [stdout] 174 |     let sensor_3: RefCell<Sensor<Pin<Output>, Pin<Input>>> =
[INFO] [stdout]     |                           ^^^^^^ not found in this scope
[INFO] [stdout] 
[INFO] [stdout] 
[INFO] [stdout] error[E0412]: cannot find type `Sensor` in this scope
[INFO] [stdout]    --> examples/main.rs:179:27
[INFO] [stdout]     |
[INFO] [stdout] 179 |     let sensor_4: RefCell<Sensor<Pin<Output>, Pin<Input>>> =
[INFO] [stdout]     |                           ^^^^^^ not found in this scope
[INFO] [stdout] 
[INFO] [stdout] 
[INFO] [stdout] error[E0412]: cannot find type `Sensor` in this scope
[INFO] [stdout]    --> examples/main.rs:184:27
[INFO] [stdout]     |
[INFO] [stdout] 184 |     let sensor_5: RefCell<Sensor<Pin<Output>, Pin<Input>>> =
[INFO] [stdout]     |                           ^^^^^^ not found in this scope
[INFO] [stdout] 
[INFO] [stdout] 
[INFO] [stdout] error[E0412]: cannot find type `Sensor` in this scope
[INFO] [stdout]    --> examples/main.rs:189:27
[INFO] [stdout]     |
[INFO] [stdout] 189 |     let sensor_6: RefCell<Sensor<Pin<Output>, Pin<Input>>> =
[INFO] [stdout]     |                           ^^^^^^ not found in this scope
[INFO] [stdout] 
[INFO] [stdout] 
[INFO] [stdout] error[E0412]: cannot find type `Sensor` in this scope
[INFO] [stdout]    --> examples/main.rs:194:27
[INFO] [stdout]     |
[INFO] [stdout] 194 |     let sensor_7: RefCell<Sensor<Pin<Output>, Pin<Input>>> =
[INFO] [stdout]     |                           ^^^^^^ not found in this scope
[INFO] [stdout] 
[INFO] [stdout] 
[INFO] [stdout] error[E0412]: cannot find type `Section` in this scope
[INFO] [stdout]    --> examples/main.rs:199:28
[INFO] [stdout]     |
[INFO] [stdout] 199 |     let section_1: RefCell<Section<Pin<Output>, Pin<Input>>> = RefCell::new(Section::new());
[INFO] [stdout]     |                            ^^^^^^^ not found in this scope
[INFO] [stdout] 
[INFO] [stdout] 
[INFO] [stdout] error[E0412]: cannot find type `Section` in this scope
[INFO] [stdout]    --> examples/main.rs:207:28
[INFO] [stdout]     |
[INFO] [stdout] 207 |     let section_2: RefCell<Section<Pin<Output>, Pin<Input>>> = RefCell::new(Section::new());
[INFO] [stdout]     |                            ^^^^^^^ not found in this scope
[INFO] [stdout] 
[INFO] [stdout] 
[INFO] [stdout] error[E0412]: cannot find type `Section` in this scope
[INFO] [stdout]    --> examples/main.rs:214:28
[INFO] [stdout]     |
[INFO] [stdout] 214 |     let section_3: RefCell<Section<Pin<Output>, Pin<Input>>> = RefCell::new(Section::new());
[INFO] [stdout]     |                            ^^^^^^^ not found in this scope
[INFO] [stdout] 
[INFO] [stdout] 
[INFO] [stdout] error[E0412]: cannot find type `Section` in this scope
[INFO] [stdout]    --> examples/main.rs:222:28
[INFO] [stdout]     |
[INFO] [stdout] 222 |     let section_4: RefCell<Section<Pin<Output>, Pin<Input>>> = RefCell::new(Section::new());
[INFO] [stdout]     |                            ^^^^^^^ not found in this scope
[INFO] [stdout] 
[INFO] [stdout] 
[INFO] [stdout] error[E0412]: cannot find type `Section` in this scope
[INFO] [stdout]    --> examples/main.rs:229:28
[INFO] [stdout]     |
[INFO] [stdout] 229 |     let section_5: RefCell<Section<Pin<Output>, Pin<Input>>> = RefCell::new(Section::new());
[INFO] [stdout]     |                            ^^^^^^^ not found in this scope
[INFO] [stdout] 
[INFO] [stdout] 
[INFO] [stdout] error[E0412]: cannot find type `Section` in this scope
[INFO] [stdout]    --> examples/main.rs:236:28
[INFO] [stdout]     |
[INFO] [stdout] 236 |     let section_6: RefCell<Section<Pin<Output>, Pin<Input>>> = RefCell::new(Section::new());
[INFO] [stdout]     |                            ^^^^^^^ not found in this scope
[INFO] [stdout] 
[INFO] [stdout] 
[INFO] [stdout] error[E0412]: cannot find type `Section` in this scope
[INFO] [stdout]    --> examples/main.rs:243:28
[INFO] [stdout]     |
[INFO] [stdout] 243 |     let section_7: RefCell<Section<Pin<Output>, Pin<Input>>> = RefCell::new(Section::new());
[INFO] [stdout]     |                            ^^^^^^^ not found in this scope
[INFO] [stdout] 
[INFO] [stdout] 
[INFO] [stdout] error[E0425]: cannot find function `micros_init` in module `crate::time`
[INFO] [stdout]    --> examples/main.rs:264:18
[INFO] [stdout]     |
[INFO] [stdout] 264 |     crate::time::micros_init(dp.TC0);
[INFO] [stdout]     |                  ^^^^^^^^^^^ not found in `crate::time`
[INFO] [stdout] 
[INFO] [stdout] 
[INFO] [stdout] warning: unused import: `crate::section::*`
[INFO] [stdout]   --> examples/intersection.rs:21:5
[INFO] [stdout]    |
[INFO] [stdout] 21 | use crate::section::*;
[INFO] [stdout]    |     ^^^^^^^^^^^^^^^^^
[INFO] [stdout]    |
[INFO] [stdout]    = note: `#[warn(unused_imports)]` on by default
[INFO] [stdout] 
[INFO] [stdout] 
[INFO] [stdout] warning: unused import: `crate::stopper::*`
[INFO] [stdout]   --> examples/intersection.rs:23:5
[INFO] [stdout]    |
[INFO] [stdout] 23 | use crate::stopper::*;
[INFO] [stdout]    |     ^^^^^^^^^^^^^^^^^
[INFO] [stdout] 
[INFO] [stdout] 
[INFO] [stdout] warning: unused import: `crate::sensor::*`
[INFO] [stdout]   --> examples/intersection.rs:24:5
[INFO] [stdout]    |
[INFO] [stdout] 24 | use crate::sensor::*;
[INFO] [stdout]    |     ^^^^^^^^^^^^^^^^
[INFO] [stdout] 
[INFO] [stdout] 
[INFO] [stdout] warning: unused import: `crate::servo::*`
[INFO] [stdout]   --> examples/intersection.rs:26:5
[INFO] [stdout]    |
[INFO] [stdout] 26 | use crate::servo::*;
[INFO] [stdout]    |     ^^^^^^^^^^^^^^^
[INFO] [stdout] 
[INFO] [stdout] 
[INFO] [stdout] warning: unused import: `crate::intersection::*`
[INFO] [stdout]   --> examples/intersection.rs:27:5
[INFO] [stdout]    |
[INFO] [stdout] 27 | use crate::intersection::*;
[INFO] [stdout]    |     ^^^^^^^^^^^^^^^^^^^^^^
[INFO] [stdout] 
[INFO] [stdout] 
[INFO] [stdout] warning: unused import: `Input`
[INFO] [stdout]   --> examples/intersection.rs:30:45
[INFO] [stdout]    |
[INFO] [stdout] 30 | use arduino_hal::port::{Pin, mode::{Output, Input}};
[INFO] [stdout]    |                                             ^^^^^
[INFO] [stdout] 
[INFO] [stdout] 
[INFO] [stdout] warning: unused import: `crate::servo::*`
[INFO] [stdout]   --> examples/servo.rs:19:5
[INFO] [stdout]    |
[INFO] [stdout] 19 | use crate::servo::*;
[INFO] [stdout]    |     ^^^^^^^^^^^^^^^
[INFO] [stdout] 
[INFO] [stdout] 
[INFO] [stdout] warning: unused import: `crate::intersection::*`
[INFO] [stdout]   --> examples/main.rs:38:5
[INFO] [stdout]    |
[INFO] [stdout] 38 | use crate::intersection::*;
[INFO] [stdout]    |     ^^^^^^^^^^^^^^^^^^^^^^
[INFO] [stdout] 
[INFO] [stdout] 
[INFO] [stdout] warning: unused import: `crate::section::*`
[INFO] [stdout]   --> examples/main.rs:39:5
[INFO] [stdout]    |
[INFO] [stdout] 39 | use crate::section::*;
[INFO] [stdout]    |     ^^^^^^^^^^^^^^^^^
[INFO] [stdout] 
[INFO] [stdout] 
[INFO] [stdout] warning: unused import: `crate::sensor::*`
[INFO] [stdout]   --> examples/main.rs:41:5
[INFO] [stdout]    |
[INFO] [stdout] 41 | use crate::sensor::*;
[INFO] [stdout]    |     ^^^^^^^^^^^^^^^^
[INFO] [stdout] 
[INFO] [stdout] 
[INFO] [stdout] warning: unused import: `crate::servo::*`
[INFO] [stdout]   --> examples/main.rs:42:5
[INFO] [stdout]    |
[INFO] [stdout] 42 | use crate::servo::*;
[INFO] [stdout]    |     ^^^^^^^^^^^^^^^
[INFO] [stdout] 
[INFO] [stdout] 
[INFO] [stdout] warning: unused import: `crate::stopper::*`
[INFO] [stdout]   --> examples/main.rs:44:5
[INFO] [stdout]    |
[INFO] [stdout] 44 | use crate::stopper::*;
[INFO] [stdout]    |     ^^^^^^^^^^^^^^^^^
[INFO] [stdout] 
[INFO] [stdout] 
[INFO] [stdout] warning: crate-level attribute should be in the root module
[INFO] [stdout]  --> examples/intersection.rs:1:1
[INFO] [stdout]   |
[INFO] [stdout] 1 | #![no_std]
[INFO] [stdout]   | ^^^^^^^^^^
[INFO] [stdout]   |
[INFO] [stdout]   = note: `#[warn(unused_attributes)]` on by default
[INFO] [stdout] 
[INFO] [stdout] 
[INFO] [stdout] warning: crate-level attribute should be in the root module
[INFO] [stdout]  --> examples/intersection.rs:2:1
[INFO] [stdout]   |
[INFO] [stdout] 2 | #![no_main]
[INFO] [stdout]   | ^^^^^^^^^^^
[INFO] [stdout] 
[INFO] [stdout] 
[INFO] [stdout] warning: crate-level attribute should be in the root module
[INFO] [stdout]  --> examples/intersection.rs:3:1
[INFO] [stdout]   |
[INFO] [stdout] 3 | #![feature(abi_avr_interrupt)]
[INFO] [stdout]   | ^^^^^^^^^^^^^^^^^^^^^^^^^^^^^^
[INFO] [stdout] 
[INFO] [stdout] 
[INFO] [stdout] warning: crate-level attribute should be in the root module
[INFO] [stdout]  --> examples/servo.rs:1:1
[INFO] [stdout]   |
[INFO] [stdout] 1 | #![no_std]
[INFO] [stdout]   | ^^^^^^^^^^
[INFO] [stdout] 
[INFO] [stdout] 
[INFO] [stdout] warning: crate-level attribute should be in the root module
[INFO] [stdout]  --> examples/servo.rs:2:1
[INFO] [stdout]   |
[INFO] [stdout] 2 | #![no_main]
[INFO] [stdout]   | ^^^^^^^^^^^
[INFO] [stdout] 
[INFO] [stdout] 
[INFO] [stdout] warning: crate-level attribute should be in the root module
[INFO] [stdout]  --> examples/servo.rs:3:1
[INFO] [stdout]   |
[INFO] [stdout] 3 | #![feature(abi_avr_interrupt)]
[INFO] [stdout]   | ^^^^^^^^^^^^^^^^^^^^^^^^^^^^^^
[INFO] [stdout] 
[INFO] [stdout] 
[INFO] [stdout] error[E0433]: failed to resolve: use of undeclared type `Stopper`
[INFO] [stdout]   --> examples/intersection.rs:40:37
[INFO] [stdout]    |
[INFO] [stdout] 40 |     let left_stopper = RefCell::new(Stopper::new(left_stopper_pin));
[INFO] [stdout]    |                                     ^^^^^^^ use of undeclared type `Stopper`
[INFO] [stdout] 
[INFO] [stdout] 
[INFO] [stdout] error[E0433]: failed to resolve: use of undeclared type `Stopper`
[INFO] [stdout]   --> examples/intersection.rs:44:38
[INFO] [stdout]    |
[INFO] [stdout] 44 |     let right_stopper = RefCell::new(Stopper::new(right_stopper_pin));
[INFO] [stdout]    |                                      ^^^^^^^ use of undeclared type `Stopper`
[INFO] [stdout] 
[INFO] [stdout] 
[INFO] [stdout] error[E0433]: failed to resolve: use of undeclared type `Stopper`
[INFO] [stdout]   --> examples/intersection.rs:48:38
[INFO] [stdout]    |
[INFO] [stdout] 48 |     let upper_stopper = RefCell::new(Stopper::new(upper_stopper_pin));
[INFO] [stdout]    |                                      ^^^^^^^ use of undeclared type `Stopper`
[INFO] [stdout] 
[INFO] [stdout] 
[INFO] [stdout] error[E0433]: failed to resolve: use of undeclared type `Servo`
[INFO] [stdout]   --> examples/intersection.rs:53:64
[INFO] [stdout]    |
[INFO] [stdout] 53 |     let left_servo: RefCell<Servo<Pin<Output>>> = RefCell::new(Servo::new(left_servo_pin, 30, 90));
[INFO] [stdout]    |                                                                ^^^^^ use of undeclared type `Servo`
[INFO] [stdout] 
[INFO] [stdout] 
[INFO] [stdout] error[E0433]: failed to resolve: use of undeclared type `Servo`
[INFO] [stdout]   --> examples/intersection.rs:57:65
[INFO] [stdout]    |
[INFO] [stdout] 57 |     let right_servo: RefCell<Servo<Pin<Output>>> = RefCell::new(Servo::new(right_servo_pin, 30, 90));
[INFO] [stdout]    |                                                                 ^^^^^ use of undeclared type `Servo`
[INFO] [stdout] 
[INFO] [stdout] 
[INFO] [stdout] error[E0433]: failed to resolve: use of undeclared type `Servo`
[INFO] [stdout]   --> examples/intersection.rs:61:65
[INFO] [stdout]    |
[INFO] [stdout] 61 |     let upper_servo: RefCell<Servo<Pin<Output>>> = RefCell::new(Servo::new(upper_servo_pin, 30, 90));
[INFO] [stdout]    |                                                                 ^^^^^ use of undeclared type `Servo`
[INFO] [stdout] 
[INFO] [stdout] 
[INFO] [stdout] error[E0433]: failed to resolve: use of undeclared type `DefaultIntersectionStates`
[INFO] [stdout]    --> examples/intersection.rs:106:31
[INFO] [stdout]     |
[INFO] [stdout] 106 |     let intersection_states = DefaultIntersectionStates::new();
[INFO] [stdout]     |                               ^^^^^^^^^^^^^^^^^^^^^^^^^ use of undeclared type `DefaultIntersectionStates`
[INFO] [stdout] 
[INFO] [stdout] 
[INFO] [stdout] error[E0433]: failed to resolve: use of undeclared type `Intersection`
[INFO] [stdout]    --> examples/intersection.rs:110:28
[INFO] [stdout]     |
[INFO] [stdout] 110 |     let mut intersection = Intersection::new(left_intersection_arm, right_intersection_arm, upper_intersection_arm, intersection_states);
[INFO] [stdout]     |                            ^^^^^^^^^^^^ use of undeclared type `Intersection`
[INFO] [stdout] 
[INFO] [stdout] 
[INFO] [stdout] error[E0433]: failed to resolve: use of undeclared type `Servo`
[INFO] [stdout]   --> examples/servo.rs:31:61
[INFO] [stdout]    |
[INFO] [stdout] 31 |     let servo_1: RefCell<Servo<Pin<Output>>> = RefCell::new(Servo::new(servo_1_pin, 30, 90));
[INFO] [stdout]    |                                                             ^^^^^ use of undeclared type `Servo`
[INFO] [stdout] 
[INFO] [stdout] 
[INFO] [stdout] error[E0433]: failed to resolve: use of undeclared type `Stopper`
[INFO] [stdout]   --> examples/main.rs:56:34
[INFO] [stdout]    |
[INFO] [stdout] 56 |     let stopper_1 = RefCell::new(Stopper::new(stopper_1_pin));
[INFO] [stdout]    |                                  ^^^^^^^ use of undeclared type `Stopper`
[INFO] [stdout] 
[INFO] [stdout] 
[INFO] [stdout] error[E0433]: failed to resolve: use of undeclared type `Stopper`
[INFO] [stdout]   --> examples/main.rs:60:34
[INFO] [stdout]    |
[INFO] [stdout] 60 |     let stopper_2 = RefCell::new(Stopper::new(stopper_2_pin));
[INFO] [stdout]    |                                  ^^^^^^^ use of undeclared type `Stopper`
[INFO] [stdout] 
[INFO] [stdout] 
[INFO] [stdout] error[E0433]: failed to resolve: use of undeclared type `Stopper`
[INFO] [stdout]   --> examples/main.rs:64:34
[INFO] [stdout]    |
[INFO] [stdout] 64 |     let stopper_3 = RefCell::new(Stopper::new(stopper_3_pin));
[INFO] [stdout]    |                                  ^^^^^^^ use of undeclared type `Stopper`
[INFO] [stdout] 
[INFO] [stdout] 
[INFO] [stdout] error[E0433]: failed to resolve: use of undeclared type `Stopper`
[INFO] [stdout]   --> examples/main.rs:68:34
[INFO] [stdout]    |
[INFO] [stdout] 68 |     let stopper_4 = RefCell::new(Stopper::new(stopper_4_pin));
[INFO] [stdout]    |                                  ^^^^^^^ use of undeclared type `Stopper`
[INFO] [stdout] 
[INFO] [stdout] 
[INFO] [stdout] error[E0433]: failed to resolve: use of undeclared type `Stopper`
[INFO] [stdout]   --> examples/main.rs:72:34
[INFO] [stdout]    |
[INFO] [stdout] 72 |     let stopper_5 = RefCell::new(Stopper::new(stopper_5_pin));
[INFO] [stdout]    |                                  ^^^^^^^ use of undeclared type `Stopper`
[INFO] [stdout] 
[INFO] [stdout] 
[INFO] [stdout] error[E0433]: failed to resolve: use of undeclared type `Stopper`
[INFO] [stdout]   --> examples/main.rs:76:34
[INFO] [stdout]    |
[INFO] [stdout] 76 |     let stopper_6 = RefCell::new(Stopper::new(stopper_6_pin));
[INFO] [stdout]    |                                  ^^^^^^^ use of undeclared type `Stopper`
[INFO] [stdout] 
[INFO] [stdout] 
[INFO] [stdout] error[E0433]: failed to resolve: use of undeclared type `Stopper`
[INFO] [stdout]   --> examples/main.rs:80:34
[INFO] [stdout]    |
[INFO] [stdout] 80 |     let stopper_7 = RefCell::new(Stopper::new(stopper_7_pin));
[INFO] [stdout]    |                                  ^^^^^^^ use of undeclared type `Stopper`
[INFO] [stdout] 
[INFO] [stdout] 
[INFO] [stdout] error[E0433]: failed to resolve: use of undeclared type `Servo`
[INFO] [stdout]   --> examples/main.rs:85:64
[INFO] [stdout]    |
[INFO] [stdout] 85 |     let left_servo: RefCell<Servo<Pin<Output>>> = RefCell::new(Servo::new(left_servo_pin, 30, 90));
[INFO] [stdout]    |                                                                ^^^^^ use of undeclared type `Servo`
[INFO] [stdout] 
[INFO] [stdout] 
[INFO] [stdout] error[E0433]: failed to resolve: use of undeclared type `Servo`
[INFO] [stdout]   --> examples/main.rs:90:22
[INFO] [stdout]    |
[INFO] [stdout] 90 |         RefCell::new(Servo::new(right_servo_pin, 30, 90));
[INFO] [stdout]    |                      ^^^^^ use of undeclared type `Servo`
[INFO] [stdout] 
[INFO] [stdout] 
[INFO] [stdout] error[E0433]: failed to resolve: use of undeclared type `Servo`
[INFO] [stdout]   --> examples/main.rs:95:22
[INFO] [stdout]    |
[INFO] [stdout] 95 |         RefCell::new(Servo::new(upper_servo_pin, 30, 90));
[INFO] [stdout]    |                      ^^^^^ use of undeclared type `Servo`
[INFO] [stdout] 
[INFO] [stdout] 
[INFO] [stdout] error[E0433]: failed to resolve: use of undeclared type `DefaultIntersectionStates`
[INFO] [stdout]    --> examples/main.rs:151:31
[INFO] [stdout]     |
[INFO] [stdout] 151 |     let intersection_states = DefaultIntersectionStates::new();
[INFO] [stdout]     |                               ^^^^^^^^^^^^^^^^^^^^^^^^^ use of undeclared type `DefaultIntersectionStates`
[INFO] [stdout] 
[INFO] [stdout] 
[INFO] [stdout] error[E0433]: failed to resolve: use of undeclared type `Intersection`
[INFO] [stdout]    --> examples/main.rs:154:28
[INFO] [stdout]     |
[INFO] [stdout] 154 |     let mut intersection = Intersection::new(
[INFO] [stdout]     |                            ^^^^^^^^^^^^ use of undeclared type `Intersection`
[INFO] [stdout] 
[INFO] [stdout] 
[INFO] [stdout] error[E0433]: failed to resolve: use of undeclared type `Sensor`
[INFO] [stdout]    --> examples/main.rs:165:22
[INFO] [stdout]     |
[INFO] [stdout] 165 |         RefCell::new(Sensor::new(sensor_1_pin));
[INFO] [stdout]     |                      ^^^^^^ use of undeclared type `Sensor`
[INFO] [stdout] 
[INFO] [stdout] 
[INFO] [stdout] error[E0433]: failed to resolve: use of undeclared type `Sensor`
[INFO] [stdout]    --> examples/main.rs:170:22
[INFO] [stdout]     |
[INFO] [stdout] 170 |         RefCell::new(Sensor::new(sensor_2_pin));
[INFO] [stdout]     |                      ^^^^^^ use of undeclared type `Sensor`
[INFO] [stdout] 
[INFO] [stdout] 
[INFO] [stdout] error[E0433]: failed to resolve: use of undeclared type `Sensor`
[INFO] [stdout]    --> examples/main.rs:175:22
[INFO] [stdout]     |
[INFO] [stdout] 175 |         RefCell::new(Sensor::new(sensor_3_pin));
[INFO] [stdout]     |                      ^^^^^^ use of undeclared type `Sensor`
[INFO] [stdout] 
[INFO] [stdout] 
[INFO] [stdout] error[E0433]: failed to resolve: use of undeclared type `Sensor`
[INFO] [stdout]    --> examples/main.rs:180:22
[INFO] [stdout]     |
[INFO] [stdout] 180 |         RefCell::new(Sensor::new(sensor_4_pin));
[INFO] [stdout]     |                      ^^^^^^ use of undeclared type `Sensor`
[INFO] [stdout] 
[INFO] [stdout] 
[INFO] [stdout] error[E0433]: failed to resolve: use of undeclared type `Sensor`
[INFO] [stdout]    --> examples/main.rs:185:22
[INFO] [stdout]     |
[INFO] [stdout] 185 |         RefCell::new(Sensor::new(sensor_5_pin));
[INFO] [stdout]     |                      ^^^^^^ use of undeclared type `Sensor`
[INFO] [stdout] 
[INFO] [stdout] 
[INFO] [stdout] error[E0433]: failed to resolve: use of undeclared type `Sensor`
[INFO] [stdout]    --> examples/main.rs:190:22
[INFO] [stdout]     |
[INFO] [stdout] 190 |         RefCell::new(Sensor::new(sensor_6_pin));
[INFO] [stdout]     |                      ^^^^^^ use of undeclared type `Sensor`
[INFO] [stdout] 
[INFO] [stdout] 
[INFO] [stdout] error[E0433]: failed to resolve: use of undeclared type `Sensor`
[INFO] [stdout]    --> examples/main.rs:195:22
[INFO] [stdout]     |
[INFO] [stdout] 195 |         RefCell::new(Sensor::new(sensor_7_pin));
[INFO] [stdout]     |                      ^^^^^^ use of undeclared type `Sensor`
[INFO] [stdout] 
[INFO] [stdout] 
[INFO] [stdout] error[E0433]: failed to resolve: use of undeclared type `Section`
[INFO] [stdout]    --> examples/main.rs:199:77
[INFO] [stdout]     |
[INFO] [stdout] 199 |     let section_1: RefCell<Section<Pin<Output>, Pin<Input>>> = RefCell::new(Section::new());
[INFO] [stdout]     |                                                                             ^^^^^^^ use of undeclared type `Section`
[INFO] [stdout] 
[INFO] [stdout] 
[INFO] [stdout] error[E0425]: cannot find function, tuple struct or tuple variant `StartSensor` in this scope
[INFO] [stdout]    --> examples/main.rs:201:39
[INFO] [stdout]     |
[INFO] [stdout] 201 |     section_1.borrow_mut().add_sensor(StartSensor(&sensor_6));
[INFO] [stdout]     |                                       ^^^^^^^^^^^ not found in this scope
[INFO] [stdout] 
[INFO] [stdout] 
[INFO] [stdout] error[E0425]: cannot find function, tuple struct or tuple variant `EndSensor` in this scope
[INFO] [stdout]    --> examples/main.rs:203:39
[INFO] [stdout]     |
[INFO] [stdout] 203 |     section_1.borrow_mut().add_sensor(EndSensor(&sensor_3));
[INFO] [stdout]     |                                       ^^^^^^^^^ not found in this scope
[INFO] [stdout] 
[INFO] [stdout] 
[INFO] [stdout] error[E0425]: cannot find function, tuple struct or tuple variant `EndSensor` in this scope
[INFO] [stdout]    --> examples/main.rs:204:39
[INFO] [stdout]     |
[INFO] [stdout] 204 |     section_1.borrow_mut().add_sensor(EndSensor(&sensor_2));
[INFO] [stdout]     |                                       ^^^^^^^^^ not found in this scope
[INFO] [stdout] 
[INFO] [stdout] 
[INFO] [stdout] error[E0433]: failed to resolve: use of undeclared type `Section`
[INFO] [stdout]    --> examples/main.rs:207:77
[INFO] [stdout]     |
[INFO] [stdout] 207 |     let section_2: RefCell<Section<Pin<Output>, Pin<Input>>> = RefCell::new(Section::new());
[INFO] [stdout]     |                                                                             ^^^^^^^ use of undeclared type `Section`
[INFO] [stdout] 
[INFO] [stdout] 
[INFO] [stdout] error[E0425]: cannot find function, tuple struct or tuple variant `StartSensor` in this scope
[INFO] [stdout]    --> examples/main.rs:209:39
[INFO] [stdout]     |
[INFO] [stdout] 209 |     section_2.borrow_mut().add_sensor(StartSensor(&sensor_3));
[INFO] [stdout]     |                                       ^^^^^^^^^^^ not found in this scope
[INFO] [stdout] 
[INFO] [stdout] 
[INFO] [stdout] error[E0425]: cannot find function, tuple struct or tuple variant `EndSensor` in this scope
[INFO] [stdout]    --> examples/main.rs:211:39
[INFO] [stdout]     |
[INFO] [stdout] 211 |     section_2.borrow_mut().add_sensor(EndSensor(&sensor_6));
[INFO] [stdout]     |                                       ^^^^^^^^^ not found in this scope
[INFO] [stdout] 
[INFO] [stdout] 
[INFO] [stdout] error[E0433]: failed to resolve: use of undeclared type `Section`
[INFO] [stdout]    --> examples/main.rs:214:77
[INFO] [stdout]     |
[INFO] [stdout] 214 |     let section_3: RefCell<Section<Pin<Output>, Pin<Input>>> = RefCell::new(Section::new());
[INFO] [stdout]     |                                                                             ^^^^^^^ use of undeclared type `Section`
[INFO] [stdout] 
[INFO] [stdout] 
[INFO] [stdout] error[E0425]: cannot find function, tuple struct or tuple variant `StartSensor` in this scope
[INFO] [stdout]    --> examples/main.rs:216:39
[INFO] [stdout]     |
[INFO] [stdout] 216 |     section_3.borrow_mut().add_sensor(StartSensor(&sensor_4));
[INFO] [stdout]     |                                       ^^^^^^^^^^^ not found in this scope
[INFO] [stdout] 
[INFO] [stdout] 
[INFO] [stdout] error[E0425]: cannot find function, tuple struct or tuple variant `EndSensor` in this scope
[INFO] [stdout]    --> examples/main.rs:218:39
[INFO] [stdout]     |
[INFO] [stdout] 218 |     section_3.borrow_mut().add_sensor(EndSensor(&sensor_3));
[INFO] [stdout]     |                                       ^^^^^^^^^ not found in this scope
[INFO] [stdout] 
[INFO] [stdout] 
[INFO] [stdout] error[E0425]: cannot find function, tuple struct or tuple variant `EndSensor` in this scope
[INFO] [stdout]    --> examples/main.rs:219:39
[INFO] [stdout]     |
[INFO] [stdout] 219 |     section_3.borrow_mut().add_sensor(EndSensor(&sensor_1));
[INFO] [stdout]     |                                       ^^^^^^^^^ not found in this scope
[INFO] [stdout] 
[INFO] [stdout] 
[INFO] [stdout] error[E0433]: failed to resolve: use of undeclared type `Section`
[INFO] [stdout]    --> examples/main.rs:222:77
[INFO] [stdout]     |
[INFO] [stdout] 222 |     let section_4: RefCell<Section<Pin<Output>, Pin<Input>>> = RefCell::new(Section::new());
[INFO] [stdout]     |                                                                             ^^^^^^^ use of undeclared type `Section`
[INFO] [stdout] 
[INFO] [stdout] 
[INFO] [stdout] error[E0425]: cannot find function, tuple struct or tuple variant `StartSensor` in this scope
[INFO] [stdout]    --> examples/main.rs:224:39
[INFO] [stdout]     |
[INFO] [stdout] 224 |     section_4.borrow_mut().add_sensor(StartSensor(&sensor_5));
[INFO] [stdout]     |                                       ^^^^^^^^^^^ not found in this scope
[INFO] [stdout] 
[INFO] [stdout] 
[INFO] [stdout] error[E0425]: cannot find function, tuple struct or tuple variant `EndSensor` in this scope
[INFO] [stdout]    --> examples/main.rs:226:39
[INFO] [stdout]     |
[INFO] [stdout] 226 |     section_4.borrow_mut().add_sensor(EndSensor(&sensor_4));
[INFO] [stdout]     |                                       ^^^^^^^^^ not found in this scope
[INFO] [stdout] 
[INFO] [stdout] 
[INFO] [stdout] error[E0433]: failed to resolve: use of undeclared type `Section`
[INFO] [stdout]    --> examples/main.rs:229:77
[INFO] [stdout]     |
[INFO] [stdout] 229 |     let section_5: RefCell<Section<Pin<Output>, Pin<Input>>> = RefCell::new(Section::new());
[INFO] [stdout]     |                                                                             ^^^^^^^ use of undeclared type `Section`
[INFO] [stdout] 
[INFO] [stdout] 
[INFO] [stdout] error[E0425]: cannot find function, tuple struct or tuple variant `StartSensor` in this scope
[INFO] [stdout]    --> examples/main.rs:231:39
[INFO] [stdout]     |
[INFO] [stdout] 231 |     section_5.borrow_mut().add_sensor(StartSensor(&sensor_2));
[INFO] [stdout]     |                                       ^^^^^^^^^^^ not found in this scope
[INFO] [stdout] 
[INFO] [stdout] 
[INFO] [stdout] error[E0425]: cannot find function, tuple struct or tuple variant `EndSensor` in this scope
[INFO] [stdout]    --> examples/main.rs:233:39
[INFO] [stdout]     |
[INFO] [stdout] 233 |     section_5.borrow_mut().add_sensor(EndSensor(&sensor_5));
[INFO] [stdout]     |                                       ^^^^^^^^^ not found in this scope
[INFO] [stdout] 
[INFO] [stdout] 
[INFO] [stdout] error[E0433]: failed to resolve: use of undeclared type `Section`
[INFO] [stdout]    --> examples/main.rs:236:77
[INFO] [stdout]     |
[INFO] [stdout] 236 |     let section_6: RefCell<Section<Pin<Output>, Pin<Input>>> = RefCell::new(Section::new());
[INFO] [stdout]     |                                                                             ^^^^^^^ use of undeclared type `Section`
[INFO] [stdout] 
[INFO] [stdout] 
[INFO] [stdout] error[E0425]: cannot find function, tuple struct or tuple variant `StartSensor` in this scope
[INFO] [stdout]    --> examples/main.rs:238:39
[INFO] [stdout]     |
[INFO] [stdout] 238 |     section_6.borrow_mut().add_sensor(StartSensor(&sensor_1));
[INFO] [stdout]     |                                       ^^^^^^^^^^^ not found in this scope
[INFO] [stdout] 
[INFO] [stdout] 
[INFO] [stdout] error[E0425]: cannot find function, tuple struct or tuple variant `EndSensor` in this scope
[INFO] [stdout]    --> examples/main.rs:240:39
[INFO] [stdout]     |
[INFO] [stdout] 240 |     section_6.borrow_mut().add_sensor(EndSensor(&sensor_7));
[INFO] [stdout]     |                                       ^^^^^^^^^ not found in this scope
[INFO] [stdout] 
[INFO] [stdout] 
[INFO] [stdout] error[E0433]: failed to resolve: use of undeclared type `Section`
[INFO] [stdout]    --> examples/main.rs:243:77
[INFO] [stdout]     |
[INFO] [stdout] 243 |     let section_7: RefCell<Section<Pin<Output>, Pin<Input>>> = RefCell::new(Section::new());
[INFO] [stdout]     |                                                                             ^^^^^^^ use of undeclared type `Section`
[INFO] [stdout] 
[INFO] [stdout] 
[INFO] [stdout] error[E0425]: cannot find function, tuple struct or tuple variant `StartSensor` in this scope
[INFO] [stdout]    --> examples/main.rs:245:39
[INFO] [stdout]     |
[INFO] [stdout] 245 |     section_7.borrow_mut().add_sensor(StartSensor(&sensor_7));
[INFO] [stdout]     |                                       ^^^^^^^^^^^ not found in this scope
[INFO] [stdout] 
[INFO] [stdout] 
[INFO] [stdout] error[E0425]: cannot find function, tuple struct or tuple variant `EndSensor` in this scope
[INFO] [stdout]    --> examples/main.rs:247:39
[INFO] [stdout]     |
[INFO] [stdout] 247 |     section_7.borrow_mut().add_sensor(EndSensor(&sensor_1));
[INFO] [stdout]     |                                       ^^^^^^^^^ not found in this scope
[INFO] [stdout] 
[INFO] [stdout] 
[INFO] [stdout] error[E0425]: cannot find function, tuple struct or tuple variant `EndSensor` in this scope
[INFO] [stdout]    --> examples/main.rs:248:39
[INFO] [stdout]     |
[INFO] [stdout] 248 |     section_7.borrow_mut().add_sensor(EndSensor(&sensor_2));
[INFO] [stdout]     |                                       ^^^^^^^^^ not found in this scope
[INFO] [stdout] 
[INFO] [stdout] 
[INFO] [stdout] error: aborting due to 125 previous errors; 18 warnings emitted
[INFO] [stdout] 
[INFO] [stdout] 
[INFO] [stdout] Some errors have detailed explanations: E0412, E0422, E0425, E0432, E0433, E0583.
[INFO] [stdout] 
[INFO] [stdout] For more information about an error, try `rustc --explain E0412`.
[INFO] [stdout] 
[INFO] [stderr] error: could not compile `car-system` (example "main") due to 126 previous errors; 18 warnings emitted
[INFO] running `Command { std: "docker" "inspect" "738e87ed7b27d9955ea692fa3d2cb49165ca1f10159e104c313166a5e3756023", kill_on_drop: false }`
[INFO] running `Command { std: "docker" "rm" "-f" "738e87ed7b27d9955ea692fa3d2cb49165ca1f10159e104c313166a5e3756023", kill_on_drop: false }`
[INFO] [stdout] 738e87ed7b27d9955ea692fa3d2cb49165ca1f10159e104c313166a5e3756023
